{"id":81607,"date":"2026-03-19T18:51:38","date_gmt":"2026-03-19T18:51:38","guid":{"rendered":"https:\/\/soydeaqui.ddns.net\/pachuca\/index.php\/producto\/backhaul-radio-conecterizado-4-9-6-05-ghz-ptp-hcmp-450-mbps-reales-incluye-fuente-avanzada-ac-dc-5067cjh-4867cjh\/"},"modified":"2026-03-19T18:51:40","modified_gmt":"2026-03-19T18:51:40","slug":"backhaul-radio-conecterizado-4-9-6-05-ghz-ptp-hcmp-450-mbps-reales-incluye-fuente-avanzada-ac-dc-5067cjh-4867cjh","status":"publish","type":"product","link":"https:\/\/soydeaqui.ddns.net\/pachuca\/index.php\/producto\/backhaul-radio-conecterizado-4-9-6-05-ghz-ptp-hcmp-450-mbps-reales-incluye-fuente-avanzada-ac-dc-5067cjh-4867cjh\/","title":{"rendered":"Backhaul radio conecterizado, 4.9-6.05 GHz PTP\/HCMP\/ 450 Mbps Reales, incluye fuente avanzada AC\/DC &#8211; (5067CJH, 4867CJH)"},"content":{"rendered":"<div style='width: 100%; max-width: 1200px; margin: 0 auto; font-family: sans-serif; line-height: 1.6; color: inherit; background-color: transparent;'> <!-- Imagen y t\u00edtulo --> <\/p>\n<div style='display: flex; flex-direction: column; align-items: center; margin-bottom: 30px;'> <img style='width: 100%; max-width: 300px; height: auto; border: 1px solid rgba(150&comma;150&comma;150&comma;0.3); border-radius: 8px;' src='http:\/\/ftp3.syscom.mx\/usuarios\/hortega\/Cambium\/cambium-networks-logo.png' alt='Logo Cambium Networks'> <\/p>\n<hr style='width: 100%; border: 0; border-top: 1px solid rgba(150&comma;150&comma;150&comma;0.3); margin: 20px 0;'>\n<h2 style='font-size: 32px; color: inherit; margin: 0; padding: 0; text-align: center;'>PTP670 Conecterizado AC + DC<\/h2>\n<\/p><\/div>\n<p> <!-- Caracter\u00edsticas destacadas --> <\/p>\n<div style='display: flex; flex-wrap: wrap; gap: 15px; margin-bottom: 30px; justify-content: center;'>\n<div style='background: rgba(235&comma;235&comma;235&comma;0.3); border: 1px solid rgba(150&comma;150&comma;150&comma;0.4); border-radius: 8px; padding: 10px 15px; text-align: center; flex: 1 1 120px; min-width: 100px;'> <strong style='font-size: 18px; color: inherit; display: block;'>4.9-6.05<\/strong> <span style='font-size: 14px; color: inherit;'>GHz<\/span> <\/div>\n<div style='background: rgba(235&comma;235&comma;235&comma;0.3); border: 1px solid rgba(150&comma;150&comma;150&comma;0.4); border-radius: 8px; padding: 10px 15px; text-align: center; flex: 1 1 120px; min-width: 100px;'> <strong style='font-size: 18px; color: inherit; display: block;'>450<\/strong> <span style='font-size: 14px; color: inherit;'>Mbps<\/span> <\/div>\n<div style='background: rgba(235&comma;235&comma;235&comma;0.3); border: 1px solid rgba(150&comma;150&comma;150&comma;0.4); border-radius: 8px; padding: 10px 15px; text-align: center; flex: 1 1 120px; min-width: 100px;'> <strong style='font-size: 18px; color: inherit; display: block;'>HCMP<\/strong> <span style='font-size: 12px; color: inherit; display: block;'>High-capacity multipoint<\/span> <\/div>\n<\/p><\/div>\n<p> <!-- Descripci\u00f3n general --> <\/p>\n<div style='margin-bottom: 30px;'>\n<ul style='padding-left: 20px; color: inherit; font-size: 15px;'>\n<li style='margin-bottom: 10px;'><strong style='color: inherit;'>Modo PTP y HCMP<\/strong><\/li>\n<li style='margin-bottom: 10px;'><strong style='color: inherit;'>Alta capacidad<\/strong> &#8211; 450 Mbps de velocidad de transmisi\u00f3n con 10bps\/Hz&comma; <strong style='color: inherit;'>sin necesidad de licencia para llegar a 450 Mbps<\/strong><\/li>\n<li style='margin-bottom: 10px;'><strong style='color: inherit;'>Banda ancha<\/strong> &#8211; banda de frecuencia de entre 4&comma;9 y 6&comma;05 GHz<\/li>\n<li style='margin-bottom: 10px;'><strong style='color: inherit;'>Seguridad<\/strong> &#8211; encriptaci\u00f3n AES 128\/256-bit&comma; modificaci\u00f3n remota de las claves de encriptaci\u00f3n (over-the-air rekeying&comma; OTAR)&comma; HTTPS\/TLS y gesti\u00f3n SNMPv3&comma; autenticaci\u00f3n RADIUS y configuraci\u00f3n de normas para las contrase\u00f1as.<\/li>\n<li style='margin-bottom: 10px;'><strong style='color: inherit;'>Interfaces<\/strong> &#8211; Dos puertos Gigabit Ethernet y un puerto SFP para la interfaz de fibra opcional. Admite el puerto de salida PoE de la norma 802.3at.<\/li>\n<li style='margin-bottom: 10px;'><strong style='color: inherit;'>Versatilidad<\/strong> &#8211; La implementaci\u00f3n f\u00e1cil de integrar layer 2 bridge es compatible con el funcionamiento sim\u00e9trico y asim\u00e9trico de la duplexaci\u00f3n por divisi\u00f3n de tiempo (TDD)&comma; 1588v2 y la frecuencia y sincronizaci\u00f3n de precisi\u00f3n de Ethernet simult\u00e1nea.<\/li>\n<li style='margin-bottom: 10px;'><strong style='color: inherit;'>Cada equipo incluye Montaje y fuente avanzada AC+DC<\/strong> <span style='color: #c0392b;'>(para aplicaciones con celdas solares)<\/span><\/li>\n<\/ul><\/div>\n<p> <!-- Especificaciones principales --> <\/p>\n<div style='display: flex; flex-wrap: wrap; gap: 20px; margin-bottom: 30px;'>\n<div style='flex: 1 1 300px; min-width: 280px; border: 1px solid rgba(150&comma;150&comma;150&comma;0.4); border-radius: 8px; overflow: hidden;'>\n<div style='padding: 15px; border-bottom: 1px solid rgba(150&comma;150&comma;150&comma;0.2); font-weight: bold; font-size: 18px; color: inherit;'>Especificaciones Generales<\/div>\n<div style='padding: 15px; color: inherit;'>\n<ul style='padding-left: 20px; margin: 0; font-size: 14px; list-style-type: disc;'>\n<li style='margin-bottom: 8px;'><strong style='color: inherit;'>Banda de operaci\u00f3n:<\/strong> 4.9 &#8211; 6.05 GHz<\/li>\n<li style='margin-bottom: 8px;'><strong style='color: inherit;'>Ancho de Canal:<\/strong> 5&comma; 10&comma; 15&comma; 20&comma; 30&comma; 40&comma; y 45 MHz<\/li>\n<li style='margin-bottom: 8px;'><strong style='color: inherit;'>Eficiencia Espectral:<\/strong> 10 bps\/Hz<\/li>\n<li style='margin-bottom: 8px;'><strong style='color: inherit;'>Selecci\u00f3n de Canal:<\/strong> Autom\u00e1tico&comma; a trav\u00e9s de DSO (Dynamic Spectrum Optimization) o modo manual<\/li>\n<li style='margin-bottom: 8px;'><strong style='color: inherit;'>Potencia m\u00e1xima:<\/strong> Hasta 27 dBm<\/li>\n<li style='margin-bottom: 8px;'><strong style='color: inherit;'>Protecci\u00f3n exterior:<\/strong> IP66 &#8211; IP67<\/li>\n<li style='margin-bottom: 8px;'><strong style='color: inherit;'>Protocolo:<\/strong> IEEE 802.3<\/li>\n<li style='margin-bottom: 8px;'><strong style='color: inherit;'>Latencia:<\/strong> 1-3 ms<\/li>\n<\/ul><\/div>\n<\/p><\/div>\n<div style='flex: 1 1 300px; min-width: 280px; border: 1px solid rgba(150&comma;150&comma;150&comma;0.4); border-radius: 8px; overflow: hidden;'>\n<div style='padding: 15px; border-bottom: 1px solid rgba(150&comma;150&comma;150&comma;0.2); font-weight: bold; font-size: 18px; color: inherit;'>Interfaces y Alimentaci\u00f3n<\/div>\n<div style='padding: 15px; color: inherit;'>\n<ul style='padding-left: 20px; margin: 0; font-size: 14px; list-style-type: disc;'>\n<li style='margin-bottom: 8px;'><strong style='color: inherit;'>Soporte Frame:<\/strong> Paquetes Jumbo hasta 9600 bytes<\/li>\n<li style='margin-bottom: 8px;'><strong style='color: inherit;'>Puertos:<\/strong> 2 x Gigabit Ethernet: Gigabit Port 1: Data + PoE power (Entrada)&comma; Gigabit Port 2: 802.3at PoE (Salida)&comma; 1 x SFP: mono-modo \/ multi-modo<\/li>\n<li style='margin-bottom: 8px;'><strong style='color: inherit;'>T1\/E1 TDM:<\/strong> 8 x T1\/E1 TDM (Network Indoor Unit (NIDU))<\/li>\n<li style='margin-bottom: 8px;'><strong style='color: inherit;'>Dimensiones:<\/strong> Ancho: 204mm (8.0\u201d)&comma; Altura: 318mm (12.5\u201d)&comma; Profundidad: 90mm (3.5\u201d)<\/li>\n<li style='margin-bottom: 8px;'><strong style='color: inherit;'>Peso:<\/strong> 3.1 kg (6.8 lbs) incluido soporte<\/li>\n<li style='margin-bottom: 8px;'><strong style='color: inherit;'>Alimentaci\u00f3n:<\/strong> AC + DC power injector: -40\u00b0 to 140\u00b0 F (-40\u00b0 to +60\u00b0 C); 70 W; 90-240 VAC&comma; 50\/60 Hz<\/li>\n<li style='margin-bottom: 8px;'><strong style='color: inherit;'>Consumo:<\/strong> 30 W m\u00e1ximo (hasta 70 W utilizando el puerto auxiliar con 802.3at)<\/li>\n<\/ul><\/div>\n<\/p><\/div>\n<\/p><\/div>\n<p> <!-- Especificaciones HCMP --> <\/p>\n<div style='display: flex; flex-wrap: wrap; gap: 20px; margin-bottom: 30px;'>\n<div style='flex: 1 1 300px; min-width: 280px; border: 1px solid rgba(150&comma;150&comma;150&comma;0.4); border-radius: 8px; overflow: hidden;'>\n<div style='padding: 15px; border-bottom: 1px solid rgba(150&comma;150&comma;150&comma;0.2); font-weight: bold; font-size: 18px; color: inherit;'>Especificaciones HCMP<\/div>\n<div style='padding: 15px; color: inherit;'>\n<ul style='padding-left: 20px; margin: 0; font-size: 14px; list-style-type: disc;'>\n<li style='margin-bottom: 8px;'><strong style='color: inherit;'>M\u00f3dulos Remotos:<\/strong> Hasta 8 Nodos<\/li>\n<li style='margin-bottom: 8px;'><strong style='color: inherit;'>Ancho de Canal:<\/strong> 20 y 40 MHz<\/li>\n<li style='margin-bottom: 8px;'><strong style='color: inherit;'>Eficiencia Espectral:<\/strong> 8 bps\/Hz<\/li>\n<li style='margin-bottom: 8px;'><strong style='color: inherit;'>Latencia:<\/strong> 2 &#8211; 4 ms<\/li>\n<\/ul><\/div>\n<\/p><\/div>\n<div style='flex: 1 1 300px; min-width: 280px; border: 1px solid rgba(150&comma;150&comma;150&comma;0.4); border-radius: 8px; overflow: hidden;'>\n<div style='padding: 15px; border-bottom: 1px solid rgba(150&comma;150&comma;150&comma;0.2); font-weight: bold; font-size: 18px; color: inherit;'>Capacidad de datos en suscriptores con simetr\u00eda 1:1<\/div>\n<div style='padding: 15px; color: inherit;'>\n<table style='width: 100%; border-collapse: collapse; font-size: 14px;'>\n<thead>\n<tr style='background-color: rgba(235&comma;235&comma;235&comma;0.2);'>\n<th style='padding: 8px; border: 1px solid rgba(150&comma;150&comma;150&comma;0.3);'>N\u00famero de Nodos @40 MHz<\/th>\n<th style='padding: 8px; border: 1px solid rgba(150&comma;150&comma;150&comma;0.3);'>2<\/th>\n<th style='padding: 8px; border: 1px solid rgba(150&comma;150&comma;150&comma;0.3);'>3<\/th>\n<th style='padding: 8px; border: 1px solid rgba(150&comma;150&comma;150&comma;0.3);'>4<\/th>\n<th style='padding: 8px; border: 1px solid rgba(150&comma;150&comma;150&comma;0.3);'>5<\/th>\n<th style='padding: 8px; border: 1px solid rgba(150&comma;150&comma;150&comma;0.3);'>4<\/th>\n<th style='padding: 8px; border: 1px solid rgba(150&comma;150&comma;150&comma;0.3);'>7<\/th>\n<th style='padding: 8px; border: 1px solid rgba(150&comma;150&comma;150&comma;0.3);'>8<\/th>\n<\/tr>\n<\/thead>\n<tbody>\n<tr style='background-color: rgba(235&comma;235&comma;235&comma;0.1);'>\n<td style='padding: 8px; border: 1px solid rgba(150&comma;150&comma;150&comma;0.3);'><strong style='color: inherit;'>Mbps<\/strong><\/td>\n<td style='padding: 8px; border: 1px solid rgba(150&comma;150&comma;150&comma;0.3);'>162<\/td>\n<td style='padding: 8px; border: 1px solid rgba(150&comma;150&comma;150&comma;0.3);'>106<\/td>\n<td style='padding: 8px; border: 1px solid rgba(150&comma;150&comma;150&comma;0.3);'>80<\/td>\n<td style='padding: 8px; border: 1px solid rgba(150&comma;150&comma;150&comma;0.3);'>66<\/td>\n<td style='padding: 8px; border: 1px solid rgba(150&comma;150&comma;150&comma;0.3);'>56<\/td>\n<td style='padding: 8px; border: 1px solid rgba(150&comma;150&comma;150&comma;0.3);'>45<\/td>\n<td style='padding: 8px; border: 1px solid rgba(150&comma;150&comma;150&comma;0.3);'>42<\/td>\n<\/tr>\n<\/tbody>\n<\/table><\/div>\n<\/p><\/div>\n<\/p><\/div>\n<p> <!-- HCMP destacado --> <\/p>\n<div style='margin: 30px 0; padding: 20px; background-color: rgba(235&comma;235&comma;235&comma;0.1); border: 1px solid rgba(150&comma;150&comma;150&comma;0.2); border-left: 4px solid rgba(150&comma;150&comma;150&comma;0.4); border-radius: 8px;'>\n<h3 style='margin: 0 0 15px 0; font-size: 18px; color: inherit; opacity: 0.9;'>HCMP<\/h3>\n<p style='margin: 0; color: inherit; font-style: italic;'>High-capacity multipoint<\/p>\n<\/p><\/div>\n<\/p><\/div>\n","protected":false},"excerpt":{"rendered":"<p>Backhaul radio conecterizado, 4.9-6.05 GHz PTP\/HCMP\/ 450 Mbps Reales, incluye fuente avanzada AC\/DC &#8211; (5067CJH, 4867CJH)<\/p>\n","protected":false},"featured_media":32,"comment_status":"open","ping_status":"closed","template":"","meta":[],"product_brand":[],"product_cat":[1998],"product_tag":[1999,1316,1980],"class_list":{"0":"post-81607","1":"product","2":"type-product","3":"status-publish","4":"has-post-thumbnail","6":"product_cat-5-y-6-ghz","7":"product_tag-5-y-6-ghz","8":"product_tag-cambium-networks","9":"product_tag-enlaces-ptp-y-ptmp","11":"first","12":"outofstock","13":"sale","14":"shipping-taxable","15":"purchasable","16":"product-type-simple"},"_links":{"self":[{"href":"https:\/\/soydeaqui.ddns.net\/pachuca\/index.php\/wp-json\/wp\/v2\/product\/81607","targetHints":{"allow":["GET"]}}],"collection":[{"href":"https:\/\/soydeaqui.ddns.net\/pachuca\/index.php\/wp-json\/wp\/v2\/product"}],"about":[{"href":"https:\/\/soydeaqui.ddns.net\/pachuca\/index.php\/wp-json\/wp\/v2\/types\/product"}],"replies":[{"embeddable":true,"href":"https:\/\/soydeaqui.ddns.net\/pachuca\/index.php\/wp-json\/wp\/v2\/comments?post=81607"}],"wp:featuredmedia":[{"embeddable":true,"href":"https:\/\/soydeaqui.ddns.net\/pachuca\/index.php\/wp-json\/wp\/v2\/media\/32"}],"wp:attachment":[{"href":"https:\/\/soydeaqui.ddns.net\/pachuca\/index.php\/wp-json\/wp\/v2\/media?parent=81607"}],"wp:term":[{"taxonomy":"product_brand","embeddable":true,"href":"https:\/\/soydeaqui.ddns.net\/pachuca\/index.php\/wp-json\/wp\/v2\/product_brand?post=81607"},{"taxonomy":"product_cat","embeddable":true,"href":"https:\/\/soydeaqui.ddns.net\/pachuca\/index.php\/wp-json\/wp\/v2\/product_cat?post=81607"},{"taxonomy":"product_tag","embeddable":true,"href":"https:\/\/soydeaqui.ddns.net\/pachuca\/index.php\/wp-json\/wp\/v2\/product_tag?post=81607"}],"curies":[{"name":"wp","href":"https:\/\/api.w.org\/{rel}","templated":true}]}}