{"id":8146,"date":"2026-03-18T07:05:13","date_gmt":"2026-03-18T07:05:13","guid":{"rendered":"https:\/\/soydeaqui.ddns.net\/pachuca\/index.php\/producto\/sensor-de-nivel-de-agua\/"},"modified":"2026-03-18T07:05:13","modified_gmt":"2026-03-18T07:05:13","slug":"sensor-de-nivel-de-agua","status":"publish","type":"product","link":"https:\/\/soydeaqui.ddns.net\/pachuca\/index.php\/producto\/sensor-de-nivel-de-agua\/","title":{"rendered":"Sensor de nivel de agua"},"content":{"rendered":"<div style='width: 100%; max-width: 1200px; margin: 0 auto; font-family: sans-serif; line-height: 1.6; color: inherit; background-color: transparent;'>\n<div style='display: flex; flex-wrap: wrap; gap: 30px; margin-bottom: 30px;'>\n<div style='flex: 1 1 300px; min-width: 280px;'>\n<h3 style='font-size: 22px; border-bottom: 2px solid currentColor; padding-bottom: 5px; margin-top: 0; color: inherit; opacity: 0.8;'>Sistema<\/h3>\n<ul style='padding-left: 20px; font-size: 15px; color: inherit;'>\n<li style='margin-bottom: 5px;'>Dise\u00f1ado para detectar fugas de agua&comma; soluciones acuosas y otros l\u00edquidos no corrosivos<\/li>\n<li style='margin-bottom: 5px;'>Transmite a trav\u00e9s de un canal de comunicaci\u00f3n bidireccional en el rango de frecuencia 433.05-434.79 MHz<\/li>\n<li style='margin-bottom: 5px;'>Consta de una unidad de procesamiento de se\u00f1ales y sensores de inundaci\u00f3n. La unidad de procesamiento de se\u00f1ales tiene dos conectores para conectar sensores de inundaci\u00f3n: \u201cL\u00ednea 1\u201d y \u201cL\u00ednea 2\u201d<\/li>\n<li style='margin-bottom: 5px;'>Se pueden conectar hasta dos sensores de inundaci\u00f3n en paralelo a un conector<\/li>\n<li style='margin-bottom: 5px;'>El estado del dispositivo se muestra con LED de dos colores e indicadores de sonido<\/li>\n<li style='margin-bottom: 5px;'>Tiene una fuente de alimentaci\u00f3n de respaldo incorporada. Env\u00eda un mensaje sobre la carga baja de las bater\u00edas al panel de alarma<\/li>\n<li style='margin-bottom: 5px;'>El grado de protecci\u00f3n de la unidad de procesamiento de se\u00f1ales IP30<\/li>\n<li style='margin-bottom: 5px;'>Grado de protecci\u00f3n de la c\u00e1scara del sensor de inundaci\u00f3n IP67<\/li>\n<\/ul>\n<\/div>\n<div style='flex: 1 1 300px; min-width: 280px;'>\n<h3 style='font-size: 22px; border-bottom: 2px solid currentColor; padding-bottom: 5px; margin-top: 0; color: inherit; opacity: 0.8;'>Caracter\u00edsticas principales<\/h3>\n<ul style='padding-left: 20px; font-size: 15px; color: inherit;'>\n<li style='margin-bottom: 5px;'>Detecci\u00f3n de agua y l\u00edquidos no corrosivos<\/li>\n<li style='margin-bottom: 5px;'>Comunicaci\u00f3n bidireccional en 433.05-434.79 MHz<\/li>\n<li style='margin-bottom: 5px;'>Indicadores LED bicolor y sonido<\/li>\n<li style='margin-bottom: 5px;'>Protecci\u00f3n IP67 para sensores de inundaci\u00f3n<\/li>\n<li style='margin-bottom: 5px;'>Fuente de alimentaci\u00f3n de respaldo integrada<\/li>\n<\/ul>\n<\/div>\n<\/div>\n<\/div>\n","protected":false},"excerpt":{"rendered":"<p>Sensor de nivel de agua<\/p>\n","protected":false},"featured_media":8145,"comment_status":"open","ping_status":"closed","template":"","meta":[],"product_brand":[],"product_cat":[32],"product_tag":[568,19,33],"class_list":{"0":"post-8146","1":"product","2":"type-product","3":"status-publish","4":"has-post-thumbnail","6":"product_cat-temperatura","7":"product_tag-c-nord","8":"product_tag-detectores-sensores","9":"product_tag-temperatura","11":"first","12":"instock","13":"sale","14":"shipping-taxable","15":"purchasable","16":"product-type-simple"},"_links":{"self":[{"href":"https:\/\/soydeaqui.ddns.net\/pachuca\/index.php\/wp-json\/wp\/v2\/product\/8146","targetHints":{"allow":["GET"]}}],"collection":[{"href":"https:\/\/soydeaqui.ddns.net\/pachuca\/index.php\/wp-json\/wp\/v2\/product"}],"about":[{"href":"https:\/\/soydeaqui.ddns.net\/pachuca\/index.php\/wp-json\/wp\/v2\/types\/product"}],"replies":[{"embeddable":true,"href":"https:\/\/soydeaqui.ddns.net\/pachuca\/index.php\/wp-json\/wp\/v2\/comments?post=8146"}],"wp:featuredmedia":[{"embeddable":true,"href":"https:\/\/soydeaqui.ddns.net\/pachuca\/index.php\/wp-json\/wp\/v2\/media\/8145"}],"wp:attachment":[{"href":"https:\/\/soydeaqui.ddns.net\/pachuca\/index.php\/wp-json\/wp\/v2\/media?parent=8146"}],"wp:term":[{"taxonomy":"product_brand","embeddable":true,"href":"https:\/\/soydeaqui.ddns.net\/pachuca\/index.php\/wp-json\/wp\/v2\/product_brand?post=8146"},{"taxonomy":"product_cat","embeddable":true,"href":"https:\/\/soydeaqui.ddns.net\/pachuca\/index.php\/wp-json\/wp\/v2\/product_cat?post=8146"},{"taxonomy":"product_tag","embeddable":true,"href":"https:\/\/soydeaqui.ddns.net\/pachuca\/index.php\/wp-json\/wp\/v2\/product_tag?post=8146"}],"curies":[{"name":"wp","href":"https:\/\/api.w.org\/{rel}","templated":true}]}}