{"id":81240,"date":"2026-03-19T18:36:36","date_gmt":"2026-03-19T18:36:36","guid":{"rendered":"https:\/\/soydeaqui.ddns.net\/pachuca\/index.php\/producto\/subwoofer-amplificado-de-18in-potencia-1020w-frecuencia-32hz-120hz-136-db-spl-dsp\/"},"modified":"2026-03-19T18:36:44","modified_gmt":"2026-03-19T18:36:44","slug":"subwoofer-amplificado-de-18in-potencia-1020w-frecuencia-32hz-120hz-136-db-spl-dsp","status":"publish","type":"product","link":"https:\/\/soydeaqui.ddns.net\/pachuca\/index.php\/producto\/subwoofer-amplificado-de-18in-potencia-1020w-frecuencia-32hz-120hz-136-db-spl-dsp\/","title":{"rendered":"Subwoofer Amplificado de 18in | Potencia: 1020W | Frecuencia: 32Hz-120Hz | 136 dB SPL | DSP"},"content":{"rendered":"<div style='width: 100%; max-width: 1200px; margin: 0 auto; font-family: sans-serif; line-height: 1.6; color: inherit; background-color: transparent;'> <!-- Imagen 1 --> <\/p>\n<div style='width: 100%; margin-bottom: 30px;'> <img style='width: 100%; height: auto; border: 1px solid rgba(150&comma;150&comma;150&comma;0.3); border-radius: 8px;' src='https:\/\/ftp3.syscom.mx\/usuarios\/luis.vargas\/YAMAHA\/DXS12MKII\/DXS12MKII.jpg' alt=''> <\/div>\n<p> <!-- Imagen 2 con texto --> <\/p>\n<div style='display: flex; flex-wrap: wrap; gap: 30px; margin-bottom: 30px;'>\n<div style='flex: 1 1 300px; min-width: 280px;'> <img style='width: 100%; height: auto; border: 1px solid rgba(150&comma;150&comma;150&comma;0.3); border-radius: 8px;' src='https:\/\/ftp3.syscom.mx\/usuarios\/luis.vargas\/YAMAHA\/DXS12MKII\/DXS12MKII_2.jpg' alt=''> <\/div>\n<div style='flex: 1 1 300px; min-width: 280px;'>\n<div style='font-size: 24px; margin-bottom: 15px; font-weight: bold; color: inherit; opacity: 0.8;'>Potencia que se siente<\/div>\n<p style='font-size: 15px; color: inherit; text-align: justify;'>La serie DXS fue hecha para los ingenieros de audio y los fan\u00e1ticos de los graves que demandan un sonido consistente y de alta calidad para sus actuaciones en directo o sus eventos DJ&comma; incluso con valores m\u00e1ximos de SPL.<\/p>\n<\/p><\/div>\n<\/p><\/div>\n<p> <!-- Imagen 3 con texto --> <\/p>\n<div style='display: flex; flex-wrap: wrap; gap: 30px; margin-bottom: 30px;'>\n<div style='flex: 1 1 300px; min-width: 280px;'>\n<p style='font-size: 15px; color: inherit; text-align: justify;'>Todas las cajas de la serie DXS cuentan con dise\u00f1o de paso de banda para reducir vibraciones y ruidos no deseados que podr\u00edan sabotear el sonido. Tambi\u00e9n hemos dise\u00f1ado una caja de madera laminada muy duradera que&comma; combinada con la configuraci\u00f3n de paso de banda&comma; ha demostrado ser mejor que el dise\u00f1o tradicional de bass reflex y reduce la distorsi\u00f3n considerablemente&comma; lo que posibilita conseguir un nivel de SPL superior.<\/p>\n<\/p><\/div>\n<div style='flex: 1 1 300px; min-width: 280px;'> <img style='width: 100%; height: auto; border: 1px solid rgba(150&comma;150&comma;150&comma;0.3); border-radius: 8px;' src='https:\/\/ftp3.syscom.mx\/usuarios\/luis.vargas\/YAMAHA\/DXS12MKII\/DXS12MKII_4.png' alt=''> <\/div>\n<\/p><\/div>\n<p> <!-- Caracter\u00edsticas --> <\/p>\n<div style='display: flex; flex-wrap: wrap; gap: 30px; margin-bottom: 30px;'>\n<div style='flex: 1 1 400px; min-width: 280px;'>\n<h3 style='font-size: 22px; border-bottom: 2px solid currentColor; padding-bottom: 5px; margin-top: 0; color: inherit; opacity: 0.8;'>Caracter\u00edsticas Generales<\/h3>\n<ul style='padding-left: 20px; font-size: 15px; color: inherit;'>\n<li style='margin-bottom: 5px;'><strong>Tipo de Altavoz:<\/strong> Subwoofer autoamplificado de 18&#8217;&comma; tipo paso de banda.<\/li>\n<li style='margin-bottom: 5px;'><strong>Rango de frecuencia (-10dB):<\/strong> 32Hz &#8211; 120Hz.<\/li>\n<li style='margin-bottom: 5px;'><strong>Componentes:<\/strong> Cono de 18&#8217;&comma; bobina m\u00f3vil de 4&#8242;.<\/li>\n<li style='margin-bottom: 5px;'><strong>Potencia de salida:<\/strong> Din\u00e1mica: 1020W \/ Continua: 800W.<\/li>\n<li style='margin-bottom: 5px;'><strong>Nivel m\u00e1ximo de salida:<\/strong> SPL de 136 dB.<\/li>\n<li style='margin-bottom: 5px;'><strong>Conectores I\/O:<\/strong> ENTRADA: XLR x2&comma; THRU: XLR x 2 (Full o HPF)<\/li>\n<li style='margin-bottom: 5px;'><strong>Procesadores:<\/strong> D-XSUB: BOOST&comma; XTD LF&comma; NORMAL.<\/li>\n<li style='margin-bottom: 5px;'><strong>Enfriamiento:<\/strong> Convecci\u00f3n natural.<\/li>\n<\/ul><\/div>\n<div style='flex: 1 1 400px; min-width: 280px;'>\n<h3 style='font-size: 22px; border-bottom: 2px solid currentColor; padding-bottom: 5px; margin-top: 0; color: inherit; opacity: 0.8;'>Especificaciones<\/h3>\n<ul style='padding-left: 20px; font-size: 15px; color: inherit;'>\n<li style='margin-bottom: 5px;'><strong>Alimentaci\u00f3n:<\/strong> 100V \u2013 240V&comma; 50Hz\/60Hz.<\/li>\n<li style='margin-bottom: 5px;'><strong>Consumo de energ\u00eda:<\/strong> 100W.<\/li>\n<li style='margin-bottom: 5px;'><strong>Toma de poste:<\/strong> 35 mm (profundidad 80 mm) y M20 (profundidad roscada 25 mm).<\/li>\n<li style='margin-bottom: 5px;'><strong>Medidas:<\/strong><\/li>\n<ul style='padding-left: 30px; margin-top: 5px; margin-bottom: 5px;'>\n<li style='margin-bottom: 5px;'><strong>W:<\/strong> 563 mm (22.2&#8242;)<\/li>\n<li style='margin-bottom: 5px;'><strong>H:<\/strong> 683 mm (26.8&#8242;)<\/li>\n<li style='margin-bottom: 5px;'><strong>D:<\/strong> 721 mm (28.4&#8242;)<\/li>\n<\/ul>\n<li style='margin-bottom: 5px;'><strong>Peso neto:<\/strong> 49.7 kg (110lbs).<\/li>\n<li style='margin-bottom: 5px;'><strong>Otros:<\/strong> Material&comma; acabado&comma; color: madera contrachapada Meranti&comma; revestimiento duradero de poliurea&comma; negro.<\/li>\n<\/ul><\/div>\n<\/p><\/div>\n<p> <!-- Videos --> <\/p>\n<div style='margin-bottom: 30px;'>\n<h3 style='font-size: 22px; border-bottom: 2px solid currentColor; padding-bottom: 5px; margin-top: 0; color: inherit; opacity: 0.8; margin-bottom: 15px;'>VIDEOS<\/h3>\n<div style='position: relative; padding-bottom: 56.25%; height: 0; overflow: hidden; margin-bottom: 30px;'>   <\/div>\n<\/p><\/div>\n<\/p><\/div>\n","protected":false},"excerpt":{"rendered":"<p>Subwoofer Amplificado de 18in | Potencia: 1020W | Frecuencia: 32Hz-120Hz | 136 dB SPL | DSP<\/p>\n","protected":false},"featured_media":81239,"comment_status":"open","ping_status":"closed","template":"","meta":[],"product_brand":[],"product_cat":[2134],"product_tag":[2126,2135,2128],"class_list":{"0":"post-81240","1":"product","2":"type-product","3":"status-publish","4":"has-post-thumbnail","6":"product_cat-bocinas-activas","7":"product_tag-audio-profesional","8":"product_tag-bocinas-activas","9":"product_tag-yamaha","11":"first","12":"instock","13":"sale","14":"shipping-taxable","15":"purchasable","16":"product-type-simple"},"_links":{"self":[{"href":"https:\/\/soydeaqui.ddns.net\/pachuca\/index.php\/wp-json\/wp\/v2\/product\/81240","targetHints":{"allow":["GET"]}}],"collection":[{"href":"https:\/\/soydeaqui.ddns.net\/pachuca\/index.php\/wp-json\/wp\/v2\/product"}],"about":[{"href":"https:\/\/soydeaqui.ddns.net\/pachuca\/index.php\/wp-json\/wp\/v2\/types\/product"}],"replies":[{"embeddable":true,"href":"https:\/\/soydeaqui.ddns.net\/pachuca\/index.php\/wp-json\/wp\/v2\/comments?post=81240"}],"wp:featuredmedia":[{"embeddable":true,"href":"https:\/\/soydeaqui.ddns.net\/pachuca\/index.php\/wp-json\/wp\/v2\/media\/81239"}],"wp:attachment":[{"href":"https:\/\/soydeaqui.ddns.net\/pachuca\/index.php\/wp-json\/wp\/v2\/media?parent=81240"}],"wp:term":[{"taxonomy":"product_brand","embeddable":true,"href":"https:\/\/soydeaqui.ddns.net\/pachuca\/index.php\/wp-json\/wp\/v2\/product_brand?post=81240"},{"taxonomy":"product_cat","embeddable":true,"href":"https:\/\/soydeaqui.ddns.net\/pachuca\/index.php\/wp-json\/wp\/v2\/product_cat?post=81240"},{"taxonomy":"product_tag","embeddable":true,"href":"https:\/\/soydeaqui.ddns.net\/pachuca\/index.php\/wp-json\/wp\/v2\/product_tag?post=81240"}],"curies":[{"name":"wp","href":"https:\/\/api.w.org\/{rel}","templated":true}]}}