{"id":81192,"date":"2026-03-19T18:34:33","date_gmt":"2026-03-19T18:34:33","guid":{"rendered":"https:\/\/soydeaqui.ddns.net\/pachuca\/index.php\/producto\/olt-dual-de-2-puertos-xgspon-gpon-4-puertos-uplink-2-puerto-gigabit-rj45-2-puertos-sfp-sfp-hasta-512-onus\/"},"modified":"2026-03-19T18:34:45","modified_gmt":"2026-03-19T18:34:45","slug":"olt-dual-de-2-puertos-xgspon-gpon-4-puertos-uplink-2-puerto-gigabit-rj45-2-puertos-sfp-sfp-hasta-512-onus","status":"publish","type":"product","link":"https:\/\/soydeaqui.ddns.net\/pachuca\/index.php\/producto\/olt-dual-de-2-puertos-xgspon-gpon-4-puertos-uplink-2-puerto-gigabit-rj45-2-puertos-sfp-sfp-hasta-512-onus\/","title":{"rendered":"OLT Dual de 2 Puertos XGSPON\/GPON \/ 4 Puertos Uplink (2 Puerto Gigabit RJ45 + 2 Puertos SFP\/SFP+) \/ Hasta 512 ONUs"},"content":{"rendered":"<div style='width: 100%; max-width: 1200px; margin: 0 auto; font-family: sans-serif; line-height: 1.6; color: inherit; background-color: transparent;'> <!-- Secci\u00f3n de caracter\u00edsticas principales --> <\/p>\n<div style='display: flex; flex-wrap: wrap; gap: 30px; margin-bottom: 30px;'>\n<div style='flex: 1 1 300px; min-width: 280px;'>\n<h3 style='font-size: 22px; border-bottom: 2px solid currentColor; padding-bottom: 5px; margin-top: 0; color: inherit; opacity: 0.8;'>Caracter\u00edsticas principales<\/h3>\n<ul style='padding-left: 20px; font-size: 15px; color: inherit;'>\n<li style='margin-bottom: 5px;'><strong style='color: inherit;'>Dimensiones:<\/strong> 442 \u00d7 200 \u00d7 43.6 mm (largo \u00d7 ancho \u00d7 alto)<\/li>\n<li style='margin-bottom: 5px;'><strong style='color: inherit;'>Aplicaciones:<\/strong> Datos (Residenciales\/Empresariales)&comma; Videovigilancia&comma; Telefon\u00eda IP&comma; CATV<\/li>\n<li style='margin-bottom: 5px;'>Configuraci\u00f3n y gesti\u00f3n de ONU en l\u00ednea<\/li>\n<li style='margin-bottom: 5px;'>Montaje en rack<\/li>\n<li style='margin-bottom: 5px;'><strong style='color: inherit;'>Ancho de banda por puerto PON:<\/strong> Upstream 9.953 Gbps&comma; Downstream 9.953 Gbps<\/li>\n<li style='margin-bottom: 5px;'><strong style='color: inherit;'>Gesti\u00f3n amigable desde:<\/strong> EMS \/ Web \/ Telnet \/ CLI \/ SSH<\/li>\n<\/ul><\/div>\n<p> <!-- Secci\u00f3n de caracter\u00edsticas f\u00edsicas y el\u00e9ctricas --> <\/p>\n<div style='flex: 1 1 300px; min-width: 280px;'>\n<h3 style='font-size: 22px; border-bottom: 2px solid currentColor; padding-bottom: 5px; margin-top: 0; color: inherit; opacity: 0.8;'>Caracter\u00edsticas F\u00edsicas y El\u00e9ctricas<\/h3>\n<ul style='padding-left: 20px; font-size: 15px; color: inherit;'>\n<li style='margin-bottom: 5px;'>Incluye una fuente CA<\/li>\n<li style='margin-bottom: 5px;'><strong style='color: inherit;'>Consumo m\u00e1ximo:<\/strong> 40W<\/li>\n<li style='margin-bottom: 5px;'><strong style='color: inherit;'>Peso:<\/strong> 2.485 Kg<\/li>\n<li style='margin-bottom: 5px;'><strong style='color: inherit;'>Temperatura de operaci\u00f3n:<\/strong> 0 a 55\u00b0 C<\/li>\n<\/ul>\n<h4 style='font-size: 18px; margin-top: 20px; margin-bottom: 10px; color: inherit; opacity: 0.8;'>Accesorios<\/h4>\n<ul style='padding-left: 20px; font-size: 15px; color: inherit;'>\n<li style='margin-bottom: 5px;'>Montaje en rack<\/li>\n<li style='margin-bottom: 5px;'>Cable de consola (No incluye adaptador USB)<\/li>\n<li style='margin-bottom: 5px;'>Gomas antiderrape<\/li>\n<li style='margin-bottom: 5px;'>No incluye m\u00f3dulos PON (Agregar el modelo: <br \/> <a href='https:\/\/www.syscom.mx\/producto\/V-XGSPON-SFP-V-SOL-226719.html' style='color: #0066cc; text-decoration: none;'>V-XGSPON-SFP<\/a> o <br \/> <a href='https:\/\/www.syscom.mx\/producto\/GPON-SFP-C4+-V-SOL-225541.html' style='color: #0066cc; text-decoration: none;'>GPON-SFP-C4+<\/a>)<\/li>\n<li style='margin-bottom: 5px;'>Cable para aterrizar la OLT<\/li>\n<li style='margin-bottom: 5px;'>1 A\u00f1o de garant\u00eda<\/li>\n<\/ul><\/div>\n<p> <!-- Secci\u00f3n de caracter\u00edsticas de red --> <\/p>\n<div style='flex: 1 1 300px; min-width: 280px;'>\n<h3 style='font-size: 22px; border-bottom: 2px solid currentColor; padding-bottom: 5px; margin-top: 0; color: inherit; opacity: 0.8;'>Caracter\u00edsticas de Red<\/h3>\n<ul style='padding-left: 20px; font-size: 15px; color: inherit;'>\n<li style='margin-bottom: 5px;'><strong style='color: inherit;'>Capacidad:<\/strong> Hasta 256 ONUs<\/li>\n<li style='margin-bottom: 5px;'><strong style='color: inherit;'>Uplink:<\/strong> 2 puertos Gigabit RJ45<\/li>\n<li style='margin-bottom: 5px;'><strong style='color: inherit;'>Uplink:<\/strong> 2 puertos SFP\/SFP+ 1\/10 Gigabit<\/li>\n<li style='margin-bottom: 5px;'><strong style='color: inherit;'>Distancia m\u00e1xima:<\/strong> 20 Km en cada puerto PON<\/li>\n<li style='margin-bottom: 5px;'><strong style='color: inherit;'>Funciones:<\/strong> Capa 3 b\u00e1sica y Capa 2<\/li>\n<li style='margin-bottom: 5px;'><strong style='color: inherit;'>Puerto Auxiliar:<\/strong> Gesti\u00f3n Out-Band<\/li>\n<li style='margin-bottom: 5px;'><strong style='color: inherit;'>Puerto de Consola:<\/strong> L\u00ednea de comando<\/li>\n<li style='margin-bottom: 5px;'><strong style='color: inherit;'>Puertos XGSPON:<\/strong> 2<\/li>\n<li style='margin-bottom: 5px;'><strong style='color: inherit;'>Relaci\u00f3n de splitteo:<\/strong> 1:256 por puerto PON<\/li>\n<\/ul><\/div>\n<\/p><\/div>\n<p> <!-- Separador --> <\/p>\n<hr style='border: 0; border-top: 1px solid rgba(150&comma; 150&comma; 150&comma; 0.3); margin: 30px 0;'> <!-- Secci\u00f3n de im\u00e1genes --> <\/p>\n<div style='display: flex; flex-direction: column; gap: 30px; margin-bottom: 30px;'>\n<h2 style='font-size: 24px; text-align: center; margin: 0 0 20px 0; color: inherit; opacity: 0.9;'>El Siguiente Nivel en Redes FTTx<\/h2>\n<p> <img style='width: 100%; height: auto; border: 1px solid rgba(150&comma;150&comma;150&comma;0.3); border-radius: 8px;' src='https:\/\/es.vsolcn.com\/wp-content\/uploads\/2023\/12\/V1600XG02_OLT_EN-1.jpg' alt=''> <\/div>\n<div style='display: flex; flex-direction: column; gap: 30px; margin-bottom: 30px;'>\n<h2 style='font-size: 24px; text-align: center; margin: 0 0 20px 0; color: inherit; opacity: 0.9;'>T\u00e9cnolog\u00eda Innovadora de Ultima Generaci\u00f3n<\/h2>\n<p> <img style='width: 100%; height: auto; border: 1px solid rgba(150&comma;150&comma;150&comma;0.3); border-radius: 8px;' src='https:\/\/es.vsolcn.com\/wp-content\/uploads\/2023\/12\/V1600XG02_OLT_EN-2.jpg' alt=''> <\/div>\n<div style='display: flex; flex-direction: column; gap: 30px; margin-bottom: 30px;'>\n<h2 style='font-size: 24px; text-align: center; margin: 0 0 20px 0; color: inherit; opacity: 0.9;'>Puertos PON de Alta Capacidad<\/h2>\n<p> <img style='width: 100%; height: auto; border: 1px solid rgba(150&comma;150&comma;150&comma;0.3); border-radius: 8px;' src='https:\/\/es.vsolcn.com\/wp-content\/uploads\/2023\/12\/V1600XG02_OLT_EN-3-2.jpg' alt=''> <\/div>\n<div style='display: flex; flex-direction: column; gap: 30px; margin-bottom: 30px;'>\n<h2 style='font-size: 24px; text-align: center; margin: 0 0 20px 0; color: inherit; opacity: 0.9;'>Optimizaci\u00f3n Para La Mejor Relaci\u00f3n Costo\/Beneficio<\/h2>\n<p> <img style='width: 100%; height: auto; border: 1px solid rgba(150&comma;150&comma;150&comma;0.3); border-radius: 8px;' src='https:\/\/es.vsolcn.com\/wp-content\/uploads\/2023\/12\/V1600XG02_OLT_EN-4-1.jpg' alt=''> <\/div>\n<div style='display: flex; flex-direction: column; gap: 30px; margin-bottom: 30px;'>\n<h2 style='font-size: 24px; text-align: center; margin: 0 0 20px 0; color: inherit; opacity: 0.9;'>Protecci\u00f3n de Seguridad<\/h2>\n<p> <img style='width: 100%; height: auto; border: 1px solid rgba(150&comma;150&comma;150&comma;0.3); border-radius: 8px;' src='https:\/\/es.vsolcn.com\/wp-content\/uploads\/2023\/12\/V1600XG02_OLT_EN-5.jpg' alt=''> <\/div>\n<div style='display: flex; flex-direction: column; gap: 30px; margin-bottom: 30px;'>\n<h2 style='font-size: 24px; text-align: center; margin: 0 0 20px 0; color: inherit; opacity: 0.9;'>Amplia Gama de Aplicaciones<\/h2>\n<p> <img style='width: 100%; height: auto; border: 1px solid rgba(150&comma;150&comma;150&comma;0.3); border-radius: 8px;' src='https:\/\/es.vsolcn.com\/wp-content\/uploads\/2023\/12\/V1600XG02_OLT_EN-6.jpg' alt=''> <\/div>\n<div style='display: flex; flex-direction: column; gap: 30px;'>\n<h2 style='font-size: 24px; text-align: center; margin: 0 0 20px 0; color: inherit; opacity: 0.9;'>Aplicaci\u00f3n FTTH V-SOL<\/h2>\n<p> <img style='width: 100%; height: auto; border: 1px solid rgba(150&comma;150&comma;150&comma;0.3); border-radius: 8px;' src='https:\/\/es.vsolcn.com\/wp-content\/uploads\/2023\/06\/V-SOL-GPON-OLT-7-1.jpg' alt=''> <\/div>\n<\/p><\/div>\n","protected":false},"excerpt":{"rendered":"<p>OLT Dual de 2 Puertos XGSPON\/GPON \/ 4 Puertos Uplink (2 Puerto Gigabit RJ45 + 2 Puertos SFP\/SFP+) \/ Hasta 512 ONUs<\/p>\n","protected":false},"featured_media":81191,"comment_status":"open","ping_status":"closed","template":"","meta":[],"product_brand":[],"product_cat":[2018],"product_tag":[2019,2011,2013],"class_list":{"0":"post-81192","1":"product","2":"type-product","3":"status-publish","4":"has-post-thumbnail","6":"product_cat-olts","7":"product_tag-olts","8":"product_tag-redes-ftth-pon","9":"product_tag-v-sol","11":"first","12":"outofstock","13":"sale","14":"shipping-taxable","15":"purchasable","16":"product-type-simple"},"_links":{"self":[{"href":"https:\/\/soydeaqui.ddns.net\/pachuca\/index.php\/wp-json\/wp\/v2\/product\/81192","targetHints":{"allow":["GET"]}}],"collection":[{"href":"https:\/\/soydeaqui.ddns.net\/pachuca\/index.php\/wp-json\/wp\/v2\/product"}],"about":[{"href":"https:\/\/soydeaqui.ddns.net\/pachuca\/index.php\/wp-json\/wp\/v2\/types\/product"}],"replies":[{"embeddable":true,"href":"https:\/\/soydeaqui.ddns.net\/pachuca\/index.php\/wp-json\/wp\/v2\/comments?post=81192"}],"wp:featuredmedia":[{"embeddable":true,"href":"https:\/\/soydeaqui.ddns.net\/pachuca\/index.php\/wp-json\/wp\/v2\/media\/81191"}],"wp:attachment":[{"href":"https:\/\/soydeaqui.ddns.net\/pachuca\/index.php\/wp-json\/wp\/v2\/media?parent=81192"}],"wp:term":[{"taxonomy":"product_brand","embeddable":true,"href":"https:\/\/soydeaqui.ddns.net\/pachuca\/index.php\/wp-json\/wp\/v2\/product_brand?post=81192"},{"taxonomy":"product_cat","embeddable":true,"href":"https:\/\/soydeaqui.ddns.net\/pachuca\/index.php\/wp-json\/wp\/v2\/product_cat?post=81192"},{"taxonomy":"product_tag","embeddable":true,"href":"https:\/\/soydeaqui.ddns.net\/pachuca\/index.php\/wp-json\/wp\/v2\/product_tag?post=81192"}],"curies":[{"name":"wp","href":"https:\/\/api.w.org\/{rel}","templated":true}]}}