{"id":81089,"date":"2026-03-19T18:30:30","date_gmt":"2026-03-19T18:30:30","guid":{"rendered":"https:\/\/soydeaqui.ddns.net\/pachuca\/index.php\/producto\/punto-de-acceso-wi-fi-6-802-11ax-de-pared-tecnologia-mu-mimo-2x22-de-doble-banda-4-puertos-gigabit-alambricos\/"},"modified":"2026-03-19T18:30:42","modified_gmt":"2026-03-19T18:30:42","slug":"punto-de-acceso-wi-fi-6-802-11ax-de-pared-tecnologia-mu-mimo-2x22-de-doble-banda-4-puertos-gigabit-alambricos","status":"publish","type":"product","link":"https:\/\/soydeaqui.ddns.net\/pachuca\/index.php\/producto\/punto-de-acceso-wi-fi-6-802-11ax-de-pared-tecnologia-mu-mimo-2x22-de-doble-banda-4-puertos-gigabit-alambricos\/","title":{"rendered":"Punto de acceso Wi-Fi 6 802.11ax de pared, tecnolog\u00eda MU-MIMO 2&#215;2:2 de doble banda, 4 puertos Gigabit al\u00e1mbricos"},"content":{"rendered":"<div style='width: 100%; max-width: 1200px; margin: 0 auto; font-family: sans-serif; line-height: 1.6; color: inherit; background-color: transparent;'>\n<div style='width: 100%;'>\n<div style='flex: 1 1 300px; min-width: 280px;'>\n<h3 style='font-size: 22px; border-bottom: 2px solid currentColor; padding-bottom: 5px; margin-top: 0; color: inherit; opacity: 0.8;'>Acerca del GWN7661<\/h3>\n<p style='text-align: justify; font-size: 15px; color: inherit;'>El GWN7661 es un punto de acceso Wi-Fi 6 802.11ax de pared dise\u00f1ado para peque\u00f1as y medianas empresas&comma; oficinas&comma; edificios residenciales&comma; comerciales&comma; hoteles y m\u00e1s. Ofrece tecnolog\u00eda MU-MIMO 2&#215;2:2 de doble banda&comma; as\u00ed como un dise\u00f1o de antena sofisticado para un rendimiento m\u00e1ximo de la red y un rango de cobertura Wi-Fi ampliado. La tecnolog\u00eda Wi-Fi 6 es compatible con la generaci\u00f3n moderna de entornos densos donde muchos usuarios y muchos dispositivos requieren conexiones Wi-Fi consistentes y confiables a velocidades m\u00e1s altas. El GWN7661 proporciona tres puertos de red Gigabit para proveer red a tel\u00e9fonos IP&comma; IPTV&comma; computadoras y dispositivos similares con Ethernet&comma; al mismo tiempo que proporciona un puerto de red Gigabit de enlace ascendente con PoE\/PoE+. Permite el acceso de terminales con cable y tambi\u00e9n cumple con los requisitos de cobertura inal\u00e1mbrica. Como punto de acceso en la pared&comma; proporciona una instalaci\u00f3n limpia y profesional que se integra en el entorno circundante. Para garantizar una f\u00e1cil instalaci\u00f3n y administraci\u00f3n&comma; el GWN7661 utiliza un dise\u00f1o de administraci\u00f3n de red distribuida sin controlador en el que el controlador est\u00e1 integrado en la interfaz de usuario web del producto. El GWN7661 tambi\u00e9n es compatible con GWN.Cloud y GWN Manager&comma; la nube gratuita de Grandstream y en sitio. Este punto de acceso Wi-Fi es ideal para implementaciones de voz sobre Wi-Fi y ofrece una conexi\u00f3n perfecta con los tel\u00e9fonos IP con capacidad WiFi de Grandstream. Con soporte para QoS avanzado&comma; aplicaciones en tiempo real de baja latencia&comma; redes mesh&comma; portales cautivos y m\u00e1s de 500 clientes simult\u00e1neos por AP&comma; el GWN7661 es un punto de acceso Wi-Fi ideal para implementaciones de redes inal\u00e1mbricas medianas con densidad de usuarios mediana.<\/p>\n<\/p><\/div>\n<\/p><\/div>\n<hr style='border: 0; border-top: 1px solid rgba(150&comma; 150&comma; 150&comma; 0.3); margin: 30px 0;'>\n<div style='display: flex; flex-wrap: wrap; gap: 30px; margin-bottom: 30px;'>\n<div style='flex: 1 1 300px; min-width: 280px;'>\n<h3 style='font-size: 22px; border-bottom: 2px solid currentColor; padding-bottom: 5px; margin-top: 0; color: inherit; opacity: 0.8;'>Caracter\u00edsticas Competitivas<\/h3>\n<ul style='padding-left: 20px; font-size: 15px; color: inherit;'>\n<li style='margin-bottom: 5px;'>Throughput inal\u00e1mbrico de 1.77 Gbps y 4 puertos Gigabit al\u00e1mbricos<\/li>\n<li style='margin-bottom: 5px;'>MU-MIMO 2\u00d72:2 de doble banda con tecnolog\u00eda DL\/UL OFDMA<\/li>\n<li style='margin-bottom: 5px;'>Permite hasta m\u00e1s de 500 dispositivos cliente Wi-Fi simult\u00e1neos<\/li>\n<li style='margin-bottom: 5px;'>Adaptaci\u00f3n de alimentaci\u00f3n propia tras la detecci\u00f3n autom\u00e1tica de PoE o PoE+<\/li>\n<li style='margin-bottom: 5px;'>QoS avanzado para garantizar el rendimiento en tiempo real de aplicaciones de baja latencia<\/li>\n<li style='margin-bottom: 5px;'>Arranque seguro anti-hacking y bloqueo de control\/datos cr\u00edticos a trav\u00e9s de firmas digitales&comma; certificado de seguridad \u00fanico\/contrase\u00f1a predeterminada aleatoria por dispositivo<\/li>\n<li style='margin-bottom: 5px;'>Autoadaptaci\u00f3n de energ\u00eda tras la detecci\u00f3n autom\u00e1tica de PoE o PoE+<\/li>\n<li style='margin-bottom: 5px;'>El controlador integrado administra hasta 50 puntos de acceso GWN locales; GWN.Nube ofrece gesti\u00f3n AP ilimitada y GWN Manager ofrece en las instalaciones software de gesti\u00f3n de puntos de acceso<\/li>\n<\/ul><\/div>\n<\/p><\/div>\n<hr style='border: 0; border-top: 1px solid rgba(150&comma; 150&comma; 150&comma; 0.3); margin: 30px 0;'>\n<div style='display: flex; flex-wrap: wrap; gap: 30px; margin-bottom: 30px;'>\n<div style='flex: 1 1 300px; min-width: 280px;'>\n<div style='margin-bottom: 20px;'> <a style='box-sizing: border-box; background-color: #ffffff; color: #005cb9; text-decoration-line: none; font-size: 12px; font-weight: 600; font-family: 'Open Sans'&comma; Helvetica&comma; Arial&comma; sans-serif;' href='https:\/\/www.syscom.mx\/principal\/searchcont?route=G0720-480-050-GRANDSTREAM-207158&#038;autodetect=poe_gwn'>PoE recomendado: G0720-480-050<\/a> <\/div>\n<div style='width: 100%;'> <img style='width: 100%; height: auto; border: 1px solid rgba(150&comma;150&comma;150&comma;0.3); border-radius: 8px;' src='https:\/\/ftp3.syscom.mx\/usuarios\/fotos\/GWN7630LR\/183557-captura_de_pantalla_2021-08-05_a_la(s)_15.57.14.png' alt=''> <\/div>\n<\/p><\/div>\n<\/p><\/div>\n<\/p><\/div>\n","protected":false},"excerpt":{"rendered":"<p>Punto de acceso Wi-Fi 6 802.11ax de pared, tecnolog\u00eda MU-MIMO 2&#215;2:2 de doble banda, 4 puertos Gigabit al\u00e1mbricos<\/p>\n","protected":false},"featured_media":81088,"comment_status":"open","ping_status":"closed","template":"","meta":[],"product_brand":[],"product_cat":[1794],"product_tag":[909,1795,1479],"class_list":{"0":"post-81089","1":"product","2":"type-product","3":"status-publish","4":"has-post-thumbnail","6":"product_cat-puntos-de-acceso","7":"product_tag-grandstream","8":"product_tag-puntos-de-acceso","9":"product_tag-redes-wifi","11":"first","12":"outofstock","13":"sale","14":"shipping-taxable","15":"purchasable","16":"product-type-simple"},"_links":{"self":[{"href":"https:\/\/soydeaqui.ddns.net\/pachuca\/index.php\/wp-json\/wp\/v2\/product\/81089","targetHints":{"allow":["GET"]}}],"collection":[{"href":"https:\/\/soydeaqui.ddns.net\/pachuca\/index.php\/wp-json\/wp\/v2\/product"}],"about":[{"href":"https:\/\/soydeaqui.ddns.net\/pachuca\/index.php\/wp-json\/wp\/v2\/types\/product"}],"replies":[{"embeddable":true,"href":"https:\/\/soydeaqui.ddns.net\/pachuca\/index.php\/wp-json\/wp\/v2\/comments?post=81089"}],"wp:featuredmedia":[{"embeddable":true,"href":"https:\/\/soydeaqui.ddns.net\/pachuca\/index.php\/wp-json\/wp\/v2\/media\/81088"}],"wp:attachment":[{"href":"https:\/\/soydeaqui.ddns.net\/pachuca\/index.php\/wp-json\/wp\/v2\/media?parent=81089"}],"wp:term":[{"taxonomy":"product_brand","embeddable":true,"href":"https:\/\/soydeaqui.ddns.net\/pachuca\/index.php\/wp-json\/wp\/v2\/product_brand?post=81089"},{"taxonomy":"product_cat","embeddable":true,"href":"https:\/\/soydeaqui.ddns.net\/pachuca\/index.php\/wp-json\/wp\/v2\/product_cat?post=81089"},{"taxonomy":"product_tag","embeddable":true,"href":"https:\/\/soydeaqui.ddns.net\/pachuca\/index.php\/wp-json\/wp\/v2\/product_tag?post=81089"}],"curies":[{"name":"wp","href":"https:\/\/api.w.org\/{rel}","templated":true}]}}