{"id":80969,"date":"2026-03-19T18:25:30","date_gmt":"2026-03-19T18:25:30","guid":{"rendered":"https:\/\/soydeaqui.ddns.net\/pachuca\/index.php\/producto\/onu-xgsgpon-wi-fi-6-2-4-5-ghz-1-puerto-10ge-4-puertos-ge-2-puertos-pots\/"},"modified":"2026-03-19T18:25:31","modified_gmt":"2026-03-19T18:25:31","slug":"onu-xgsgpon-wi-fi-6-2-4-5-ghz-1-puerto-10ge-4-puertos-ge-2-puertos-pots","status":"publish","type":"product","link":"https:\/\/soydeaqui.ddns.net\/pachuca\/index.php\/producto\/onu-xgsgpon-wi-fi-6-2-4-5-ghz-1-puerto-10ge-4-puertos-ge-2-puertos-pots\/","title":{"rendered":"ONU XGSGPON WI-FI 6 2.4\/5 GHz 1 Puerto 10GE + 4 Puertos GE + 2 puertos POTS"},"content":{"rendered":"<div style='width: 100%; max-width: 1200px; margin: 0 auto; font-family: sans-serif; line-height: 1.6; color: inherit; background-color: transparent;'> <!-- Imagen principal --> <img style='width: 100%; height: auto; border: 1px solid rgba(150&comma;150&comma;150&comma;0.3); border-radius: 8px;' src='https:\/\/ftp3.syscom.mx\/usuarios\/fotos\/HG6543C\/187432-fiberjom.jpg' alt=''> <!-- Descripci\u00f3n principal --> <\/p>\n<div style='margin: 30px 0;'>\n<p style='text-align: justify; font-size: 16px; color: inherit;'> La terminal HG5853SF de FiberHome es una ONT <strong style='color: inherit;'>XGSPON<\/strong> para arquitecturas FTTx. Brinda a los usuarios servicios de comunicaci\u00f3n y entretenimiento en forma de datos&comma; voz&comma; video&comma; etc.&comma; para satisfacer la demanda de acceso integrado de familias y peque\u00f1as empresas. <\/p>\n<\/p><\/div>\n<p> <!-- Secci\u00f3n de caracter\u00edsticas --> <\/p>\n<div style='display: flex; flex-wrap: wrap; gap: 30px; margin-bottom: 30px;'>\n<div style='flex: 1 1 300px; min-width: 280px;'>\n<h3 style='font-size: 20px; border-bottom: 2px solid currentColor; padding-bottom: 5px; margin-top: 0; color: inherit; opacity: 0.8;'>Caracter\u00edsticas Generales<\/h3>\n<ul style='padding-left: 20px; font-size: 15px; color: inherit;'>\n<li style='margin-bottom: 8px;'> <strong style='color: inherit;'>Interfaz XGSPON:<\/strong>\n<ul style='padding-left: 20px; margin-top: 5px;'>\n<li style='margin-bottom: 5px;'>Est\u00e1ndar: ITU-T G.9807.1&comma; Clase C+<\/li>\n<li style='margin-bottom: 5px;'>Tipo de Interfaz: SC\/UPC<\/li>\n<\/ul>\n<\/li>\n<li style='margin-bottom: 8px;'> <strong style='color: inherit;'>Interfaz Ethernet:<\/strong>\n<ul style='padding-left: 20px; margin-top: 5px;'>\n<li style='margin-bottom: 5px;'>1 Puerto 10 Gigabit Ethernet + 4 Puertos Gigabit Ethernet<\/li>\n<\/ul>\n<\/li>\n<li style='margin-bottom: 8px;'> <strong style='color: inherit;'>Interfaz POTS:<\/strong>\n<ul style='padding-left: 20px; margin-top: 5px;'>\n<li style='margin-bottom: 5px;'>2 puertos POTS (RJ11) para telefon\u00eda an\u00e1loga<\/li>\n<\/ul>\n<\/li>\n<li style='margin-bottom: 8px;'> <strong style='color: inherit;'>WiFi:<\/strong>\n<ul style='padding-left: 20px; margin-top: 5px;'>\n<li style='margin-bottom: 5px;'>Est\u00e1ndar: IEEE 802.11 a\/b\/g\/n\/ac\/ax<\/li>\n<li style='margin-bottom: 5px;'>Doble Banda 2.4 (2*2 MIMO) y 5 GHz (2&#215;2 MIMO)<\/li>\n<li style='margin-bottom: 5px;'>M\u00faltiples SSIDs<\/li>\n<\/ul>\n<\/li>\n<\/ul><\/div>\n<div style='flex: 1 1 300px; min-width: 280px;'>\n<h3 style='font-size: 20px; border-bottom: 2px solid currentColor; padding-bottom: 5px; margin-top: 0; color: inherit; opacity: 0.8;'>Caracter\u00edsticas f\u00edsicas y el\u00e9ctricas<\/h3>\n<ul style='padding-left: 20px; font-size: 15px; color: inherit;'>\n<li style='margin-bottom: 5px;'>Dimensiones: Por definir<\/li>\n<li style='margin-bottom: 5px;'>Fuente de alimentaci\u00f3n: 12Vcc\/2A (Adaptador Incluido)<\/li>\n<li style='margin-bottom: 5px;'>Temperatura de Operaci\u00f3n: 0\u00baC ~ 40\u00baC<\/li>\n<li style='margin-bottom: 5px;'>Consumo M\u00e1ximo: 20 Watts<\/li>\n<li style='margin-bottom: 5px;'>Cantidad de Antenas: 2<\/li>\n<li style='margin-bottom: 5px;'>Peso: Por definir<\/li>\n<\/ul><\/div>\n<div style='flex: 1 1 300px; min-width: 280px;'>\n<h3 style='font-size: 20px; border-bottom: 2px solid currentColor; padding-bottom: 5px; margin-top: 0; color: inherit; opacity: 0.8;'>Credenciales de acceso<\/h3>\n<ul style='padding-left: 20px; font-size: 15px; color: inherit;'>\n<li style='margin-bottom: 5px;'>Usuario: <strong style='color: inherit;'>admin<\/strong><\/li>\n<li style='margin-bottom: 5px;'>Contrase\u00f1a: <strong style='color: inherit;'>%0|F?H@f!berhO3e<\/strong><\/li>\n<\/ul><\/div>\n<\/p><\/div>\n<p> <!-- Secci\u00f3n de software --> <\/p>\n<div style='display: flex; flex-wrap: wrap; gap: 30px; align-items: center; margin-top: 30px;'>\n<div style='flex: 1 1 300px; min-width: 280px;'> <img style='width: 100%; height: auto; border: 1px solid rgba(150&comma;150&comma;150&comma;0.3); border-radius: 8px;' src='https:\/\/ftp3.syscom.mx\/usuarios\/fotos\/HG6543C\/187432-interfaz_unm2000-2_.png' alt='Interfaz UNM2000'> <\/div>\n<div style='flex: 1 1 300px; min-width: 280px;'>\n<h3 style='font-size: 20px; border-bottom: 2px solid currentColor; padding-bottom: 5px; margin-top: 0; color: inherit; opacity: 0.8;'>Software de administraci\u00f3n Fiberhome UNM2000<\/h3>\n<ul style='padding-left: 20px; font-size: 15px; color: inherit;'>\n<li style='margin-bottom: 5px;'>Licencia sin costo<\/li>\n<li style='margin-bottom: 5px;'>Mejora la eficiencia en la gesti\u00f3n<\/li>\n<li style='margin-bottom: 5px;'>Configuraci\u00f3n de ONU&#8217;s\/ONT&#8217;s Fiberhome directamente desde la OLT<\/li>\n<li style='margin-bottom: 5px;'>Reduce costos de mantenimiento<\/li>\n<li style='margin-bottom: 5px;'>Perfil de autoaprovisionamiento con ONUs Fiberhome<\/li>\n<li style='margin-top: 15px;'> <a href='https:\/\/drive.google.com\/drive\/folders\/17-if5U0Fwp6xX6BKXh4kcp7XbTkzXJKH' target='_blank' rel='noopener' style='color: #f74902; text-decoration: none; font-weight: bold;'>Descargue el software aqu\u00ed<\/a> <\/li>\n<\/ul><\/div>\n<\/p><\/div>\n<p> <!-- Separador --> <\/p>\n<hr style='border: 0; border-top: 1px solid rgba(150&comma; 150&comma; 150&comma; 0.3); margin: 30px 0;'> <\/div>\n","protected":false},"excerpt":{"rendered":"<p>ONU XGSGPON WI-FI 6 2.4\/5 GHz 1 Puerto 10GE + 4 Puertos GE + 2 puertos POTS<\/p>\n","protected":false},"featured_media":80968,"comment_status":"open","ping_status":"closed","template":"","meta":[],"product_brand":[],"product_cat":[2010],"product_tag":[639,2012,2011],"class_list":{"0":"post-80969","1":"product","2":"type-product","3":"status-publish","4":"has-post-thumbnail","6":"product_cat-onus-onts","7":"product_tag-fiberhome","8":"product_tag-onus-onts","9":"product_tag-redes-ftth-pon","11":"first","12":"instock","13":"sale","14":"shipping-taxable","15":"purchasable","16":"product-type-simple"},"_links":{"self":[{"href":"https:\/\/soydeaqui.ddns.net\/pachuca\/index.php\/wp-json\/wp\/v2\/product\/80969","targetHints":{"allow":["GET"]}}],"collection":[{"href":"https:\/\/soydeaqui.ddns.net\/pachuca\/index.php\/wp-json\/wp\/v2\/product"}],"about":[{"href":"https:\/\/soydeaqui.ddns.net\/pachuca\/index.php\/wp-json\/wp\/v2\/types\/product"}],"replies":[{"embeddable":true,"href":"https:\/\/soydeaqui.ddns.net\/pachuca\/index.php\/wp-json\/wp\/v2\/comments?post=80969"}],"wp:featuredmedia":[{"embeddable":true,"href":"https:\/\/soydeaqui.ddns.net\/pachuca\/index.php\/wp-json\/wp\/v2\/media\/80968"}],"wp:attachment":[{"href":"https:\/\/soydeaqui.ddns.net\/pachuca\/index.php\/wp-json\/wp\/v2\/media?parent=80969"}],"wp:term":[{"taxonomy":"product_brand","embeddable":true,"href":"https:\/\/soydeaqui.ddns.net\/pachuca\/index.php\/wp-json\/wp\/v2\/product_brand?post=80969"},{"taxonomy":"product_cat","embeddable":true,"href":"https:\/\/soydeaqui.ddns.net\/pachuca\/index.php\/wp-json\/wp\/v2\/product_cat?post=80969"},{"taxonomy":"product_tag","embeddable":true,"href":"https:\/\/soydeaqui.ddns.net\/pachuca\/index.php\/wp-json\/wp\/v2\/product_tag?post=80969"}],"curies":[{"name":"wp","href":"https:\/\/api.w.org\/{rel}","templated":true}]}}