{"id":80713,"date":"2026-03-19T18:15:09","date_gmt":"2026-03-19T18:15:09","guid":{"rendered":"https:\/\/soydeaqui.ddns.net\/pachuca\/index.php\/producto\/switch-l3-stackable-switch-20x-10-100-1000-t-poe-4x-100m-1g-2-5g-5g-t-poe-4x-sfp-puertos-con-doble-fuente-hotswap\/"},"modified":"2026-03-19T18:15:11","modified_gmt":"2026-03-19T18:15:11","slug":"switch-l3-stackable-switch-20x-10-100-1000-t-poe-4x-100m-1g-2-5g-5g-t-poe-4x-sfp-puertos-con-doble-fuente-hotswap","status":"publish","type":"product","link":"https:\/\/soydeaqui.ddns.net\/pachuca\/index.php\/producto\/switch-l3-stackable-switch-20x-10-100-1000-t-poe-4x-100m-1g-2-5g-5g-t-poe-4x-sfp-puertos-con-doble-fuente-hotswap\/","title":{"rendered":"Switch L3 Stackable Switch, 20x 10\/100\/1000-T PoE++, 4x 100M\/1G\/2.5G\/5G-T PoE++, 4x SFP+ Puertos con doble fuente hotswap"},"content":{"rendered":"<div style='width: 100%; max-width: 1200px; margin: 0 auto; font-family: sans-serif; line-height: 1.6; color: inherit; background-color: transparent;'> <!-- T\u00edtulo principal --> <\/p>\n<h1 style='font-size: 2.5rem; margin-top: 0; margin-bottom: 1rem; color: inherit; font-weight: 400; line-height: 1.2em;'> Serie x530 <\/h1>\n<p> <!-- Subt\u00edtulo --> <\/p>\n<h2 style='font-size: 1.25rem; margin-top: 0; margin-bottom: 1.5rem; color: inherit; font-weight: 500; line-height: 1.3em;'> Switches apilables de fuente de alimentaci\u00f3n dual de capa 3 multigigabit <\/h2>\n<p> <!-- Descripci\u00f3n --> <\/p>\n<div style='margin-bottom: 2rem; font-size: 15px; color: inherit;'>\n<p style='margin-bottom: 1rem;'> Potentes conmutadores Multi-Gigabit con alta capacidad y f\u00e1cil administraci\u00f3n&comma; lo que los convierte en la opci\u00f3n ideal para aplicaciones exigentes de distribuci\u00f3n y conectividad de alta velocidad. <\/p>\n<p style='margin-bottom: 0;'> Los modelos de PSU duales de intercambio en caliente maximizan la resiliencia&comma; mientras que los modelos PoE permiten un soporte flexible para terminales. <\/p>\n<\/p><\/div>\n<\/p><\/div>\n","protected":false},"excerpt":{"rendered":"<p>Switch L3 Stackable Switch, 20x 10\/100\/1000-T PoE++, 4x 100M\/1G\/2.5G\/5G-T PoE++, 4x SFP+ Puertos con doble fuente hotswap<\/p>\n","protected":false},"featured_media":80712,"comment_status":"open","ping_status":"closed","template":"","meta":[],"product_brand":[],"product_cat":[1986],"product_tag":[1995,664,1987],"class_list":{"0":"post-80713","1":"product","2":"type-product","3":"status-publish","4":"has-post-thumbnail","6":"product_cat-switches-poe","7":"product_tag-allied-telesis","8":"product_tag-networking","9":"product_tag-switches-poe","11":"first","12":"outofstock","13":"sale","14":"shipping-taxable","15":"purchasable","16":"product-type-simple"},"_links":{"self":[{"href":"https:\/\/soydeaqui.ddns.net\/pachuca\/index.php\/wp-json\/wp\/v2\/product\/80713","targetHints":{"allow":["GET"]}}],"collection":[{"href":"https:\/\/soydeaqui.ddns.net\/pachuca\/index.php\/wp-json\/wp\/v2\/product"}],"about":[{"href":"https:\/\/soydeaqui.ddns.net\/pachuca\/index.php\/wp-json\/wp\/v2\/types\/product"}],"replies":[{"embeddable":true,"href":"https:\/\/soydeaqui.ddns.net\/pachuca\/index.php\/wp-json\/wp\/v2\/comments?post=80713"}],"wp:featuredmedia":[{"embeddable":true,"href":"https:\/\/soydeaqui.ddns.net\/pachuca\/index.php\/wp-json\/wp\/v2\/media\/80712"}],"wp:attachment":[{"href":"https:\/\/soydeaqui.ddns.net\/pachuca\/index.php\/wp-json\/wp\/v2\/media?parent=80713"}],"wp:term":[{"taxonomy":"product_brand","embeddable":true,"href":"https:\/\/soydeaqui.ddns.net\/pachuca\/index.php\/wp-json\/wp\/v2\/product_brand?post=80713"},{"taxonomy":"product_cat","embeddable":true,"href":"https:\/\/soydeaqui.ddns.net\/pachuca\/index.php\/wp-json\/wp\/v2\/product_cat?post=80713"},{"taxonomy":"product_tag","embeddable":true,"href":"https:\/\/soydeaqui.ddns.net\/pachuca\/index.php\/wp-json\/wp\/v2\/product_tag?post=80713"}],"curies":[{"name":"wp","href":"https:\/\/api.w.org\/{rel}","templated":true}]}}