{"id":80701,"date":"2026-03-19T18:14:39","date_gmt":"2026-03-19T18:14:39","guid":{"rendered":"https:\/\/soydeaqui.ddns.net\/pachuca\/index.php\/producto\/router-inalambrico-wifi-6-hasta-1500-mbps-mesh-doble-banda-ac-2-4-ghz-y-5-ghz-4-puertos-1000-mbps-4-antenas-omnidireccional-interior-beamforming-optimizado-administracion-gratuita\/"},"modified":"2026-03-19T18:14:40","modified_gmt":"2026-03-19T18:14:40","slug":"router-inalambrico-wifi-6-hasta-1500-mbps-mesh-doble-banda-ac-2-4-ghz-y-5-ghz-4-puertos-1000-mbps-4-antenas-omnidireccional-interior-beamforming-optimizado-administracion-gratuita","status":"publish","type":"product","link":"https:\/\/soydeaqui.ddns.net\/pachuca\/index.php\/producto\/router-inalambrico-wifi-6-hasta-1500-mbps-mesh-doble-banda-ac-2-4-ghz-y-5-ghz-4-puertos-1000-mbps-4-antenas-omnidireccional-interior-beamforming-optimizado-administracion-gratuita\/","title":{"rendered":"Router Inal\u00e1mbrico \/ Wifi 6 \/ Hasta 1500 Mbps \/ MESH \/ Doble Banda AC (2.4 GHz y 5 GHz) \/ 4 Puertos 1000 Mbps \/  4 Antenas Omnidireccional \/ Interior \/ Beamforming Optimizado \/ Administraci\u00f3n Gratuita desde la Nube"},"content":{"rendered":"<div style='width: 100%; max-width: 1200px; margin: 0 auto; font-family: sans-serif; line-height: 1.6; color: inherit; background-color: transparent;'> <!-- Banner principal --> <\/p>\n<div style='width: 100%; margin: 0 auto; margin-bottom: 30px;'> <img style='width: 100%; max-width: 100%; height: auto; border: 1px solid rgba(150&comma;150&comma;150&comma;0.3); border-radius: 8px;' src='http:\/\/ftp3.syscom.mx\/usuarios\/roberto.espino\/Transmision\/Routers\/NetworkingBANNER.jpg' alt='Banner principal'> <\/div>\n<p> <!-- Video principal --> <\/p>\n<div style='position: relative; padding-bottom: 56.25%; height: 0; overflow: hidden; margin-bottom: 30px;'>   <\/div>\n<p> <!-- Secci\u00f3n de videos adicionales --> <\/p>\n<div style='display: grid; grid-template-columns: repeat(auto-fit&comma; minmax(280px&comma; 1fr)); gap: 30px; margin-bottom: 30px;'>\n<div style='display: flex; flex-direction: column;'>\n<h4 style='font-size: 18px; text-align: center; margin: 0 0 15px 0; color: inherit;'><strong>\u00bfQu\u00e9 es Hik-Partner Pro?<\/strong><\/h4>\n<div style='position: relative; padding-bottom: 56.25%; height: 0; overflow: hidden;'>   <\/div>\n<\/p><\/div>\n<div style='display: flex; flex-direction: column;'>\n<h4 style='font-size: 18px; text-align: center; margin: 0 0 15px 0; color: inherit;'><strong>Activa en 3 Pasos<\/strong><\/h4>\n<div style='position: relative; padding-bottom: 56.25%; height: 0; overflow: hidden;'>   <\/div>\n<\/p><\/div>\n<div style='display: flex; flex-direction: column;'>\n<h4 style='font-size: 18px; text-align: center; margin: 0 0 15px 0; color: inherit;'><strong>\u00a1Vincula tus dispositivos!<\/strong><\/h4>\n<div style='position: relative; padding-bottom: 56.25%; height: 0; overflow: hidden;'>   <\/div>\n<\/p><\/div>\n<\/p><\/div>\n<p> <!-- Separador --> <\/p>\n<hr style='border: 0; border-top: 1px solid rgba(150&comma; 150&comma; 150&comma; 0.3); margin: 30px 0;'> <!-- Especificaciones --> <\/p>\n<div style='margin-bottom: 30px;'>\n<h2 style='font-size: 24px; border-bottom: 2px solid currentColor; padding-bottom: 5px; margin-top: 0; color: inherit; opacity: 0.8;'>Especif\u00edcaciones<\/h2>\n<\/p><\/div>\n<p> <!-- Secci\u00f3n de cards con especificaciones --> <\/p>\n<div style='display: flex; flex-wrap: wrap; gap: 20px; margin-bottom: 30px;'> <!-- Caracter\u00edsticas Principales --> <\/p>\n<div style='flex: 1 1 250px; border: 1px solid rgba(150&comma; 150&comma; 150&comma; 0.4); border-radius: 8px; overflow: hidden; display: flex; flex-direction: column;'>\n<div style='padding: 15px; border-bottom: 1px solid rgba(150&comma; 150&comma; 150&comma; 0.2); font-weight: bold; font-size: 16px; background: #df001e; color: #ffffff;'>Caracter\u00edsticas Principales<\/div>\n<div style='padding: 15px; color: inherit;'>\n<ul style='padding-left: 20px; margin: 0; font-size: 14px; list-style-type: disc;'>\n<li style='margin-bottom: 5px;'><span style='color: inherit;'>Est\u00e1ndar Inal\u00e1mbrico IEEE 802.11\/a\/n\/ac\/ax @5GHz&comma; IEEE 802.11b\/g\/n @2.4GHz<\/span><\/li>\n<li style='margin-bottom: 5px;'><span style='color: inherit;'>Rendimiento inal\u00e1mbrico: Compatible con 4 \u00d7 4 MU-MIMO y Beamforming.<\/span><\/li>\n<li style='margin-bottom: 5px;'><span style='color: inherit;'>Velocidad: 5GHz: 1201Mbps 2.4GHz: 300Mbps<\/span><\/li>\n<li style='margin-bottom: 5px;'><span style='color: inherit;'>Antena: 4 antenas de alta ganancia<\/span><\/li>\n<li style='margin-bottom: 5px;'><span style='color: inherit;'>Configuraci\u00f3n de red de invitados admitida<\/span><\/li>\n<li style='margin-bottom: 5px;'><span style='color: inherit;'>Ajuste de se\u00f1al compatible.<\/span><\/li>\n<li style='margin-bottom: 5px;'><span style='color: inherit;'>Programa WiFi compatible.<\/span><\/li>\n<li style='margin-bottom: 5px;'><span style='color: inherit;'>Modo De Seguridad: Compatible con WPA-PSK&comma; WPA2-PSK&comma; WPA y WPA2<\/span><\/li>\n<li style='margin-bottom: 5px;'><span style='color: inherit;'>M\u00e9todo De Gesti\u00f3n: Interefaz Web&comma; HPP&comma; HC.<\/span><\/li>\n<\/ul><\/div>\n<\/p><\/div>\n<p> <!-- Caracter\u00edsticas F\u00edsicas y El\u00e9ctricas --> <\/p>\n<div style='flex: 1 1 250px; border: 1px solid rgba(150&comma; 150&comma; 150&comma; 0.4); border-radius: 8px; overflow: hidden; display: flex; flex-direction: column;'>\n<div style='padding: 15px; border-bottom: 1px solid rgba(150&comma; 150&comma; 150&comma; 0.2); font-weight: bold; font-size: 16px; background: #df001e; color: #ffffff;'>Caracter\u00edsticas F\u00edsicas y El\u00e9ctricas<\/div>\n<div style='padding: 15px; color: inherit;'>\n<ul style='padding-left: 20px; margin: 0; font-size: 14px; list-style-type: disc;'>\n<li style='margin-bottom: 5px;'><span style='color: inherit;'>3 Puertos 10\/100\/1000 Mbps LAN.<\/span><\/li>\n<li style='margin-bottom: 5px;'><span style='color: inherit;'>1 Puerto 10\/100\/1000 Mbps WAN.<\/span><\/li>\n<li style='margin-bottom: 5px;'><span style='color: inherit;'>Bot\u00f3n de reinicio.<\/span><\/li>\n<li style='margin-bottom: 5px;'><span style='color: inherit;'>Fuente de alimentaci\u00f3n de 12 Vcd&comma; 1 A. <strong style='font-weight: bold;'> (Incluida)<\/strong><\/span><\/li>\n<li style='margin-bottom: 5px;'><span style='color: inherit;'>Consumo Max De Energia: 10 W<\/span><\/li>\n<li style='margin-bottom: 5px;'><span style='color: inherit;'>Dimensi\u00f3n del producto 241.3 mm \u00d7 140.8 mm \u00d7 156.3mm.<\/span><\/li>\n<\/ul><\/div>\n<\/p><\/div>\n<p> <!-- Caracter\u00edsticas Avanzadas --> <\/p>\n<div style='flex: 1 1 250px; border: 1px solid rgba(150&comma; 150&comma; 150&comma; 0.4); border-radius: 8px; overflow: hidden; display: flex; flex-direction: column;'>\n<div style='padding: 15px; border-bottom: 1px solid rgba(150&comma; 150&comma; 150&comma; 0.2); font-weight: bold; font-size: 16px; background: #df001e; color: #ffffff;'>Caracter\u00edsticas Avanzadas<\/div>\n<div style='padding: 15px; color: inherit;'>\n<ul style='padding-left: 20px; margin: 0; font-size: 14px; list-style-type: disc;'>\n<li style='margin-bottom: 5px;'><span style='color: inherit;'>Modo de enrutador inal\u00e1mbrico.<\/span><\/li>\n<li style='margin-bottom: 5px;'><span style='color: inherit;'>Modo de repetidor inal\u00e1mbrico cliente + AP.<\/span><\/li>\n<li style='margin-bottom: 5px;'><span style='color: inherit;'>Modo AP.<\/span><\/li>\n<li style='margin-bottom: 5px;'><span style='color: inherit;'>Servidor DHCP compatible.<\/span><\/li>\n<\/ul><\/div>\n<\/p><\/div>\n<p> <!-- Consideraciones --> <\/p>\n<div style='flex: 1 1 250px; border: 1px solid rgba(150&comma; 150&comma; 150&comma; 0.4); border-radius: 8px; overflow: hidden; display: flex; flex-direction: column;'>\n<div style='padding: 15px; border-bottom: 1px solid rgba(150&comma; 150&comma; 150&comma; 0.2); font-weight: bold; font-size: 16px; background: #df001e; color: #ffffff;'>Consideraciones<\/div>\n<div style='padding: 15px; color: inherit;'>\n<ul style='padding-left: 20px; margin: 0; font-size: 14px; list-style-type: disc;'>\n<li style='margin-bottom: 5px;'><span style='color: inherit;'>Coloca tu router en un lugar central de tu hogar u oficina para obtener una cobertura Wi-Fi uniforme. Evita obst\u00e1culos como paredes gruesas o electrodom\u00e9sticos que puedan debilitar la se\u00f1al.<\/span><\/li>\n<li style='margin-bottom: 5px;'><span style='color: inherit;'>Cuenta con <strong style='font-weight: bold;'>boton de reset<\/strong> (dejar precionado por 10 segundos).<\/span><\/li>\n<\/ul><\/div>\n<\/p><\/div>\n<\/p><\/div>\n<p> <!-- Separador --> <\/p>\n<hr style='border: 0; border-top: 1px solid rgba(150&comma; 150&comma; 150&comma; 0.3); margin: 30px 0;'> <!-- Im\u00e1genes adicionales --> <\/p>\n<div style='display: flex; flex-wrap: wrap; gap: 20px; margin-bottom: 30px;'>\n<div style='flex: 1 1 100%; min-width: 280px;'> <img style='width: 100%; height: auto; border: 1px solid rgba(150&comma;150&comma;150&comma;0.3); border-radius: 8px;' src='http:\/\/ftp3.syscom.mx\/usuarios\/roberto.espino\/Transmision\/Routers\/wifi%206.PNG' alt=''> <\/div>\n<div style='flex: 1 1 100%; min-width: 280px;'> <img style='width: 100%; height: auto; border: 1px solid rgba(150&comma;150&comma;150&comma;0.3); border-radius: 8px;' src='http:\/\/ftp3.syscom.mx\/usuarios\/roberto.espino\/Transmision\/Routers\/wifi%206%205.PNG' alt=''> <\/div>\n<div style='flex: 1 1 100%; min-width: 280px;'> <img style='width: 100%; height: auto; border: 1px solid rgba(150&comma;150&comma;150&comma;0.3); border-radius: 8px;' src='http:\/\/ftp3.syscom.mx\/usuarios\/roberto.espino\/Transmision\/Routers\/wifi%206%203.PNG' alt=''> <\/div>\n<div style='flex: 1 1 100%; min-width: 280px;'> <img style='width: 100%; height: auto; border: 1px solid rgba(150&comma;150&comma;150&comma;0.3); border-radius: 8px;' src='http:\/\/ftp3.syscom.mx\/usuarios\/roberto.espino\/Transmision\/Routers\/wifi%206%204.PNG' alt=''> <\/div>\n<\/p><\/div>\n<\/p><\/div>\n","protected":false},"excerpt":{"rendered":"<p>Router Inal\u00e1mbrico \/ Wifi 6 \/ Hasta 1500 Mbps \/ MESH \/ Doble Banda AC (2.4 GHz y 5 GHz) \/ 4 Puertos 1000 Mbps \/  4 Antenas Omnidireccional \/ Interior \/ Beamforming Optimizado \/ Administraci\u00f3n Gratuita desde la Nube<\/p>\n","protected":false},"featured_media":80700,"comment_status":"open","ping_status":"closed","template":"","meta":[],"product_brand":[],"product_cat":[2036,2035,2034],"product_tag":[2039,2038,54,664,2037],"class_list":{"0":"post-80701","1":"product","2":"type-product","3":"status-publish","4":"has-post-thumbnail","6":"product_cat-balanceadores","7":"product_cat-firewalls","8":"product_cat-routers","9":"product_tag-balanceadores","10":"product_tag-firewalls","11":"product_tag-hikvision","12":"product_tag-networking","13":"product_tag-routers","15":"first","16":"instock","17":"sale","18":"shipping-taxable","19":"purchasable","20":"product-type-simple"},"_links":{"self":[{"href":"https:\/\/soydeaqui.ddns.net\/pachuca\/index.php\/wp-json\/wp\/v2\/product\/80701","targetHints":{"allow":["GET"]}}],"collection":[{"href":"https:\/\/soydeaqui.ddns.net\/pachuca\/index.php\/wp-json\/wp\/v2\/product"}],"about":[{"href":"https:\/\/soydeaqui.ddns.net\/pachuca\/index.php\/wp-json\/wp\/v2\/types\/product"}],"replies":[{"embeddable":true,"href":"https:\/\/soydeaqui.ddns.net\/pachuca\/index.php\/wp-json\/wp\/v2\/comments?post=80701"}],"wp:featuredmedia":[{"embeddable":true,"href":"https:\/\/soydeaqui.ddns.net\/pachuca\/index.php\/wp-json\/wp\/v2\/media\/80700"}],"wp:attachment":[{"href":"https:\/\/soydeaqui.ddns.net\/pachuca\/index.php\/wp-json\/wp\/v2\/media?parent=80701"}],"wp:term":[{"taxonomy":"product_brand","embeddable":true,"href":"https:\/\/soydeaqui.ddns.net\/pachuca\/index.php\/wp-json\/wp\/v2\/product_brand?post=80701"},{"taxonomy":"product_cat","embeddable":true,"href":"https:\/\/soydeaqui.ddns.net\/pachuca\/index.php\/wp-json\/wp\/v2\/product_cat?post=80701"},{"taxonomy":"product_tag","embeddable":true,"href":"https:\/\/soydeaqui.ddns.net\/pachuca\/index.php\/wp-json\/wp\/v2\/product_tag?post=80701"}],"curies":[{"name":"wp","href":"https:\/\/api.w.org\/{rel}","templated":true}]}}