{"id":80462,"date":"2026-03-19T18:05:00","date_gmt":"2026-03-19T18:05:00","guid":{"rendered":"https:\/\/soydeaqui.ddns.net\/pachuca\/index.php\/producto\/marcador-de-fibra-optica-personalizado-2500-piezas-de-4-x-2-diametro-de-aplicacion-de-6-4-a-12-5-mm\/"},"modified":"2026-03-19T18:05:04","modified_gmt":"2026-03-19T18:05:04","slug":"marcador-de-fibra-optica-personalizado-2500-piezas-de-4-x-2-diametro-de-aplicacion-de-6-4-a-12-5-mm","status":"publish","type":"product","link":"https:\/\/soydeaqui.ddns.net\/pachuca\/index.php\/producto\/marcador-de-fibra-optica-personalizado-2500-piezas-de-4-x-2-diametro-de-aplicacion-de-6-4-a-12-5-mm\/","title":{"rendered":"Marcador de Fibra \u00d3ptica Personalizado 2500 Piezas de 4&#8243; x 2&#8243;, Di\u00e1metro de Aplicaci\u00f3n de 6.4 a 12.5 mm"},"content":{"rendered":"<div style='width: 100%; max-width: 1200px; margin: 0 auto; font-family: sans-serif; line-height: 1.6; color: inherit; background-color: transparent;'> <!-- Logo --> <\/p>\n<div style='text-align: center; margin: 20px 0;'> <img style='width: 100%; max-width: 432px; height: auto; border: 1px solid rgba(150&comma;150&comma;150&comma;0.3); border-radius: 8px;' src='https:\/\/ftp3.syscom.mx\/usuarios\/orobles\/LinkedPro\/linkedpro_logo.png' alt='Logo'> <\/div>\n<p> <!-- Descripci\u00f3n --> <\/p>\n<div style='margin: 30px 0;'>\n<p style='font-size: 15px; margin: 10px 0; color: inherit; text-align: justify;'> El marcador para fibra \u00f3ptica <strong style='color: inherit;'>LP-MFO-CUSTOM<\/strong> facilita la identificaci\u00f3n del cableado en todas las direcciones&comma; el marcador puede ser completamente personalizado adem\u00e1s cuenta con una capa laminada contra rayos UV as\u00ed como la humedad y abrasi\u00f3n. <\/p>\n<p style='font-size: 15px; margin: 10px 0; color: inherit; text-align: justify;'> Paquete de 2500 piezas con el mismo dise\u00f1o (Texto&comma; imagen o informaci\u00f3n) <\/p>\n<\/p><\/div>\n<p> <!-- Caracter\u00edsticas --> <\/p>\n<div style='display: flex; flex-wrap: wrap; gap: 30px; margin: 30px 0;'>\n<div style='flex: 1 1 300px; min-width: 280px;'>\n<h3 style='font-size: 22px; border-bottom: 2px solid currentColor; padding-bottom: 5px; margin-top: 0; color: inherit; opacity: 0.8;'>Caracter\u00edsticas<\/h3>\n<ul style='padding-left: 20px; font-size: 15px; color: inherit; list-style-type: disc;'>\n<li style='margin-bottom: 5px;'><strong style='color: inherit;'>Di\u00e1metro de aplicaci\u00f3n:<\/strong> 6.4 a 12.5 mm<\/li>\n<li style='margin-bottom: 5px;'><strong style='color: inherit;'>Tama\u00f1o de etiqueta:<\/strong> 4&#8242; x 2&#8242;<\/li>\n<li style='margin-bottom: 5px;'><strong style='color: inherit;'>Material:<\/strong> Vinilo grado exterior con capa inhibidora contra rayos UV<\/li>\n<\/ul><\/div>\n<\/p><\/div>\n<p> <!-- Notas --> <\/p>\n<div style='display: flex; flex-wrap: wrap; gap: 30px; margin: 30px 0;'>\n<div style='flex: 1 1 300px; min-width: 280px;'>\n<h3 style='font-size: 22px; border-bottom: 2px solid currentColor; padding-bottom: 5px; margin-top: 0; color: inherit; opacity: 0.8;'>Notas<\/h3>\n<ul style='padding-left: 20px; font-size: 15px; color: inherit; list-style-type: disc;'>\n<li style='margin-bottom: 5px;'><strong style='color: inherit;'>Formato de dise\u00f1o:<\/strong> Debe ser proporcionado en formato editable PDF<\/li>\n<li style='margin-bottom: 5px;'><strong style='color: inherit;'>Tipo de producto:<\/strong> Bajo pedido<\/li>\n<li style='margin-bottom: 5px;'><strong style='color: inherit;'>Tiempo de entrega:<\/strong> Variable (consultar con su ejecutivo de ventas)<\/li>\n<li style='margin-bottom: 5px;'><strong style='color: inherit;'>Tama\u00f1o de etiqueta:<\/strong> 4&#8242; x 2&#8242; (confirmado)<\/li>\n<li style='margin-bottom: 5px;'><strong style='color: inherit;'>Proceso:<\/strong> Dise\u00f1o debe ser enviado a ingenier\u00eda para aprobaci\u00f3n<\/li>\n<\/ul><\/div>\n<\/p><\/div>\n<p> <!-- Ejemplo de dise\u00f1o --> <\/p>\n<div style='margin: 30px 0;'>\n<h3 style='font-size: 22px; border-bottom: 2px solid currentColor; padding-bottom: 5px; margin-top: 0; color: inherit; opacity: 0.8; margin-bottom: 20px;'>Ejemplo de dise\u00f1o personalizado<\/h3>\n<div style='text-align: center;'> <img style='width: 100%; max-width: 500px; height: auto; border: 1px solid rgba(150&comma;150&comma;150&comma;0.3); border-radius: 8px;' src='https:\/\/ftp3.syscom.mx\/usuarios\/fotos\/LPMFOCUSTOM\/222321-lp-mfo-custom.png' alt='Ejemplo de dise\u00f1o LP-MFO-CUSTOM'> <\/div>\n<\/p><\/div>\n<\/p><\/div>\n","protected":false},"excerpt":{"rendered":"<p>Marcador de Fibra \u00d3ptica Personalizado 2500 Piezas de 4&#8243; x 2&#8243;, Di\u00e1metro de Aplicaci\u00f3n de 6.4 a 12.5 mm<\/p>\n","protected":false},"featured_media":80461,"comment_status":"open","ping_status":"closed","template":"","meta":[],"product_brand":[],"product_cat":[2140],"product_tag":[25,435,2011],"class_list":{"0":"post-80462","1":"product","2":"type-product","3":"status-publish","4":"has-post-thumbnail","6":"product_cat-herramientas-redes-ftth-pon","7":"product_tag-herramientas","8":"product_tag-linkedpro-by-epcom","9":"product_tag-redes-ftth-pon","11":"first","12":"outofstock","13":"sale","14":"shipping-taxable","15":"purchasable","16":"product-type-simple"},"_links":{"self":[{"href":"https:\/\/soydeaqui.ddns.net\/pachuca\/index.php\/wp-json\/wp\/v2\/product\/80462","targetHints":{"allow":["GET"]}}],"collection":[{"href":"https:\/\/soydeaqui.ddns.net\/pachuca\/index.php\/wp-json\/wp\/v2\/product"}],"about":[{"href":"https:\/\/soydeaqui.ddns.net\/pachuca\/index.php\/wp-json\/wp\/v2\/types\/product"}],"replies":[{"embeddable":true,"href":"https:\/\/soydeaqui.ddns.net\/pachuca\/index.php\/wp-json\/wp\/v2\/comments?post=80462"}],"wp:featuredmedia":[{"embeddable":true,"href":"https:\/\/soydeaqui.ddns.net\/pachuca\/index.php\/wp-json\/wp\/v2\/media\/80461"}],"wp:attachment":[{"href":"https:\/\/soydeaqui.ddns.net\/pachuca\/index.php\/wp-json\/wp\/v2\/media?parent=80462"}],"wp:term":[{"taxonomy":"product_brand","embeddable":true,"href":"https:\/\/soydeaqui.ddns.net\/pachuca\/index.php\/wp-json\/wp\/v2\/product_brand?post=80462"},{"taxonomy":"product_cat","embeddable":true,"href":"https:\/\/soydeaqui.ddns.net\/pachuca\/index.php\/wp-json\/wp\/v2\/product_cat?post=80462"},{"taxonomy":"product_tag","embeddable":true,"href":"https:\/\/soydeaqui.ddns.net\/pachuca\/index.php\/wp-json\/wp\/v2\/product_tag?post=80462"}],"curies":[{"name":"wp","href":"https:\/\/api.w.org\/{rel}","templated":true}]}}