{"id":80456,"date":"2026-03-19T18:04:42","date_gmt":"2026-03-19T18:04:42","guid":{"rendered":"https:\/\/soydeaqui.ddns.net\/pachuca\/index.php\/producto\/switch-core-administrable-capa-3-con-24-puertos-gigabit-8-sfp-para-fibra-10gb-gestion-gratuita-desde-la-nube\/"},"modified":"2026-03-19T18:04:54","modified_gmt":"2026-03-19T18:04:54","slug":"switch-core-administrable-capa-3-con-24-puertos-gigabit-8-sfp-para-fibra-10gb-gestion-gratuita-desde-la-nube","status":"publish","type":"product","link":"https:\/\/soydeaqui.ddns.net\/pachuca\/index.php\/producto\/switch-core-administrable-capa-3-con-24-puertos-gigabit-8-sfp-para-fibra-10gb-gestion-gratuita-desde-la-nube\/","title":{"rendered":"Switch Core Administrable Capa 3 con 24 puertos Gigabit + 8 SFP+ para fibra 10Gb, gesti\u00f3n gratuita desde la nube."},"content":{"rendered":"<div style='width: 100%; max-width: 1200px; margin: 0 auto; font-family: sans-serif; line-height: 1.6; color: inherit; background-color: transparent;'> <!-- Secci\u00f3n de t\u00edtulo --> <\/p>\n<div style='margin: 0 0 30px; padding: 0; display: flex; justify-content: center; align-items: center;'>\n<h2 style='font-size: 24px; font-weight: 400; color: inherit; opacity: 0.8; margin: 0; padding: 0; border-bottom: 2px solid currentColor; padding-bottom: 5px;'> Especificaci\u00f3n clave <\/h2>\n<\/p><\/div>\n<p> <!-- Secci\u00f3n de especificaciones --> <\/p>\n<div style='display: flex; flex-wrap: wrap; gap: 20px; margin-bottom: 30px;'>\n<div style='flex: 1 1 250px; border: 1px solid rgba(150&comma; 150&comma; 150&comma; 0.4); border-radius: 8px; overflow: hidden; display: flex; flex-direction: column;'>\n<div style='padding: 15px; border-bottom: 1px solid rgba(150&comma; 150&comma; 150&comma; 0.2); font-weight: bold; font-size: 16px; color: inherit; background-color: rgba(150&comma; 150&comma; 150&comma; 0.1);'> Puerto de servicio <\/div>\n<div style='padding: 15px; color: inherit; font-size: 14px;'> 24 puertos el\u00e9ctricos de 10\/100\/1000 Mbps&comma; 8 puertos 1GE\/10GE SFP+ y 2 ranuras de alimentaci\u00f3n modulares <\/div>\n<\/p><\/div>\n<div style='flex: 1 1 250px; border: 1px solid rgba(150&comma; 150&comma; 150&comma; 0.4); border-radius: 8px; overflow: hidden; display: flex; flex-direction: column;'>\n<div style='padding: 15px; border-bottom: 1px solid rgba(150&comma; 150&comma; 150&comma; 0.2); font-weight: bold; font-size: 16px; color: inherit; background-color: rgba(150&comma; 150&comma; 150&comma; 0.1);'> Capacidad de conmutaci\u00f3n <\/div>\n<div style='padding: 15px; color: inherit; font-size: 14px;'> 688 Gbps\/880 Gbps <\/div>\n<\/p><\/div>\n<div style='flex: 1 1 250px; border: 1px solid rgba(150&comma; 150&comma; 150&comma; 0.4); border-radius: 8px; overflow: hidden; display: flex; flex-direction: column;'>\n<div style='padding: 15px; border-bottom: 1px solid rgba(150&comma; 150&comma; 150&comma; 0.2); font-weight: bold; font-size: 16px; color: inherit; background-color: rgba(150&comma; 150&comma; 150&comma; 0.1);'> Modo de enfriamiento <\/div>\n<div style='padding: 15px; color: inherit; font-size: 14px;'> Refrigeraci\u00f3n por ventilador <\/div>\n<\/p><\/div>\n<div style='flex: 1 1 250px; border: 1px solid rgba(150&comma; 150&comma; 150&comma; 0.4); border-radius: 8px; overflow: hidden; display: flex; flex-direction: column;'>\n<div style='padding: 15px; border-bottom: 1px solid rgba(150&comma; 150&comma; 150&comma; 0.2); font-weight: bold; font-size: 16px; color: inherit; background-color: rgba(150&comma; 150&comma; 150&comma; 0.1);'> Corriente continua <\/div>\n<div style='padding: 15px; color: inherit; font-size: 14px;'> 100 &#8211; 240 VCA&comma; 50\/60 Hz <\/div>\n<\/p><\/div>\n<div style='flex: 1 1 250px; border: 1px solid rgba(150&comma; 150&comma; 150&comma; 0.4); border-radius: 8px; overflow: hidden; display: flex; flex-direction: column;'>\n<div style='padding: 15px; border-bottom: 1px solid rgba(150&comma; 150&comma; 150&comma; 0.2); font-weight: bold; font-size: 16px; color: inherit; background-color: rgba(150&comma; 150&comma; 150&comma; 0.1);'> Puerto de gesti\u00f3n <\/div>\n<div style='padding: 15px; color: inherit; font-size: 14px;'> 1 x puerto de administraci\u00f3n&comma; 1 x puerto de consola y 1 x puerto USB 2.0 <\/div>\n<\/p><\/div>\n<div style='flex: 1 1 250px; border: 1px solid rgba(150&comma; 150&comma; 150&comma; 0.4); border-radius: 8px; overflow: hidden; display: flex; flex-direction: column;'>\n<div style='padding: 15px; border-bottom: 1px solid rgba(150&comma; 150&comma; 150&comma; 0.2); font-weight: bold; font-size: 16px; color: inherit; background-color: rgba(150&comma; 150&comma; 150&comma; 0.1);'> Tasa de reenv\u00edo <\/div>\n<div style='padding: 15px; color: inherit; font-size: 14px;'> 512 megas por segundo <\/div>\n<\/p><\/div>\n<div style='flex: 1 1 250px; border: 1px solid rgba(150&comma; 150&comma; 150&comma; 0.4); border-radius: 8px; overflow: hidden; display: flex; flex-direction: column;'>\n<div style='padding: 15px; border-bottom: 1px solid rgba(150&comma; 150&comma; 150&comma; 0.2); font-weight: bold; font-size: 16px; color: inherit; background-color: rgba(150&comma; 150&comma; 150&comma; 0.1);'> C.A. <\/div>\n<div style='padding: 15px; color: inherit; font-size: 14px;'> 100 &#8211; 240 VCA&comma; 50\/60 Hz <\/div>\n<\/p><\/div>\n<div style='flex: 1 1 250px; border: 1px solid rgba(150&comma; 150&comma; 150&comma; 0.4); border-radius: 8px; overflow: hidden; display: flex; flex-direction: column;'>\n<div style='padding: 15px; border-bottom: 1px solid rgba(150&comma; 150&comma; 150&comma; 0.2); font-weight: bold; font-size: 16px; color: inherit; background-color: rgba(150&comma; 150&comma; 150&comma; 0.1);'> El consumo de energ\u00eda <\/div>\n<div style='padding: 15px; color: inherit; font-size: 14px;'> < 60 W (sin m\u00f3dulo de expansi\u00f3n) o < 85 W (con m\u00f3dulo de expansi\u00f3n) <\/div>\n<\/p><\/div>\n<div style='flex: 1 1 250px; border: 1px solid rgba(150&comma; 150&comma; 150&comma; 0.4); border-radius: 8px; overflow: hidden; display: flex; flex-direction: column;'>\n<div style='padding: 15px; border-bottom: 1px solid rgba(150&comma; 150&comma; 150&comma; 0.2); font-weight: bold; font-size: 16px; color: inherit; background-color: rgba(150&comma; 150&comma; 150&comma; 0.1);'> Dimensiones (Ancho x Fondo x Alto) <\/div>\n<div style='padding: 15px; color: inherit; font-size: 14px;'> 440mm x 340mm x 44mm <\/div>\n<\/p><\/div>\n<div style='flex: 1 1 250px; border: 1px solid rgba(150&comma; 150&comma; 150&comma; 0.4); border-radius: 8px; overflow: hidden; display: flex; flex-direction: column;'>\n<div style='padding: 15px; border-bottom: 1px solid rgba(150&comma; 150&comma; 150&comma; 0.2); font-weight: bold; font-size: 16px; color: inherit; background-color: rgba(150&comma; 150&comma; 150&comma; 0.1);'> Temperatura de funcionamiento <\/div>\n<div style='padding: 15px; color: inherit; font-size: 14px;'> 0\u201345\u00b0C <\/div>\n<\/p><\/div>\n<div style='flex: 1 1 250px; border: 1px solid rgba(150&comma; 150&comma; 150&comma; 0.4); border-radius: 8px; overflow: hidden; display: flex; flex-direction: column;'>\n<div style='padding: 15px; border-bottom: 1px solid rgba(150&comma; 150&comma; 150&comma; 0.2); font-weight: bold; font-size: 16px; color: inherit; background-color: rgba(150&comma; 150&comma; 150&comma; 0.1);'> Per\u00edodo de garant\u00eda <\/div>\n<div style='padding: 15px; color: inherit; font-size: 14px;'> 3 a\u00f1os <\/div>\n<\/p><\/div>\n<div style='flex: 1 1 250px; border: 1px solid rgba(150&comma; 150&comma; 150&comma; 0.4); border-radius: 8px; overflow: hidden; display: flex; flex-direction: column;'>\n<div style='padding: 15px; border-bottom: 1px solid rgba(150&comma; 150&comma; 150&comma; 0.2); font-weight: bold; font-size: 16px; color: inherit; background-color: rgba(150&comma; 150&comma; 150&comma; 0.1);'> Agregar un link <\/div>\n<div style='padding: 15px; color: inherit; font-size: 14px;'> Soportado <\/div>\n<\/p><\/div>\n<\/p><\/div>\n<p> <!-- Secci\u00f3n de im\u00e1genes --> <\/p>\n<div style='display: flex; flex-wrap: wrap; gap: 20px; margin-bottom: 30px;'>\n<div style='flex: 1 1 300px; min-width: 280px;'> <img style='width: 100%; height: auto; border: 1px solid rgba(150&comma;150&comma;150&comma;0.3); border-radius: 8px;' src='https:\/\/ftp3.syscom.mx\/usuarios\/fotos\/RGCS8524GT8XSD\/222435-2024-02-16_09_41_40-24-port_ge_electrical_layer_3_enterprise-class_core_or_aggregation_switch&comma;8_\u00d7_10.png' alt=''> <\/div>\n<div style='flex: 1 1 300px; min-width: 280px;'> <img style='width: 100%; height: auto; border: 1px solid rgba(150&comma;150&comma;150&comma;0.3); border-radius: 8px;' src='https:\/\/ftp3.syscom.mx\/usuarios\/fotos\/RGCS8524GT8XSD\/222435-2024-02-16_09_42_46-24-port_ge_electrical_layer_3_enterprise-class_core_or_aggregation_switch&comma;8_\u00d7_10.png' alt=''> <\/div>\n<\/p><\/div>\n<p> <!-- Secci\u00f3n de enlace destacado --> <\/p>\n<div style='margin-bottom: 30px; padding: 20px; border-left: 4px solid #f1c40f; background-color: rgba(150&comma; 150&comma; 150&comma; 0.05);'>\n<p style='margin: 0; font-size: 18px; font-weight: bold; color: #f1c40f;'> Fuente modular (por separado) modelo: <a href='https:\/\/www.syscom.mx\/producto\/ruijie-rg-pa150ib-f-211093.html' target='_blank' rel='noopener' style='color: #f1c40f; text-decoration: underline;'> RG-PA150IB-F <\/a> <\/p>\n<\/p><\/div>\n<\/p><\/div>\n","protected":false},"excerpt":{"rendered":"<p>Switch Core Administrable Capa 3 con 24 puertos Gigabit + 8 SFP+ para fibra 10Gb, gesti\u00f3n gratuita desde la nube.<\/p>\n","protected":false},"featured_media":80455,"comment_status":"open","ping_status":"closed","template":"","meta":[],"product_brand":[],"product_cat":[1970],"product_tag":[664,2123,1971],"class_list":{"0":"post-80456","1":"product","2":"type-product","3":"status-publish","4":"has-post-thumbnail","6":"product_cat-switches","7":"product_tag-networking","8":"product_tag-ruijie","9":"product_tag-switches","11":"first","12":"outofstock","13":"sale","14":"shipping-taxable","15":"purchasable","16":"product-type-simple"},"_links":{"self":[{"href":"https:\/\/soydeaqui.ddns.net\/pachuca\/index.php\/wp-json\/wp\/v2\/product\/80456","targetHints":{"allow":["GET"]}}],"collection":[{"href":"https:\/\/soydeaqui.ddns.net\/pachuca\/index.php\/wp-json\/wp\/v2\/product"}],"about":[{"href":"https:\/\/soydeaqui.ddns.net\/pachuca\/index.php\/wp-json\/wp\/v2\/types\/product"}],"replies":[{"embeddable":true,"href":"https:\/\/soydeaqui.ddns.net\/pachuca\/index.php\/wp-json\/wp\/v2\/comments?post=80456"}],"wp:featuredmedia":[{"embeddable":true,"href":"https:\/\/soydeaqui.ddns.net\/pachuca\/index.php\/wp-json\/wp\/v2\/media\/80455"}],"wp:attachment":[{"href":"https:\/\/soydeaqui.ddns.net\/pachuca\/index.php\/wp-json\/wp\/v2\/media?parent=80456"}],"wp:term":[{"taxonomy":"product_brand","embeddable":true,"href":"https:\/\/soydeaqui.ddns.net\/pachuca\/index.php\/wp-json\/wp\/v2\/product_brand?post=80456"},{"taxonomy":"product_cat","embeddable":true,"href":"https:\/\/soydeaqui.ddns.net\/pachuca\/index.php\/wp-json\/wp\/v2\/product_cat?post=80456"},{"taxonomy":"product_tag","embeddable":true,"href":"https:\/\/soydeaqui.ddns.net\/pachuca\/index.php\/wp-json\/wp\/v2\/product_tag?post=80456"}],"curies":[{"name":"wp","href":"https:\/\/api.w.org\/{rel}","templated":true}]}}