{"id":80400,"date":"2026-03-19T18:02:31","date_gmt":"2026-03-19T18:02:31","guid":{"rendered":"https:\/\/soydeaqui.ddns.net\/pachuca\/index.php\/producto\/switch-de-distribucion-capa-3-con-48-puertos-sfp-1g-y-4-sfp-10gb-administracion-gratuita-desde-la-nube\/"},"modified":"2026-03-19T18:02:40","modified_gmt":"2026-03-19T18:02:40","slug":"switch-de-distribucion-capa-3-con-48-puertos-sfp-1g-y-4-sfp-10gb-administracion-gratuita-desde-la-nube","status":"publish","type":"product","link":"https:\/\/soydeaqui.ddns.net\/pachuca\/index.php\/producto\/switch-de-distribucion-capa-3-con-48-puertos-sfp-1g-y-4-sfp-10gb-administracion-gratuita-desde-la-nube\/","title":{"rendered":"Switch de Distribuci\u00f3n Capa 3 con 48 puertos SFP 1G y 4 SFP+ 10Gb, Administraci\u00f3n gratuita desde la nube."},"content":{"rendered":"<div style='width: 100%; max-width: 1200px; margin: 0 auto; font-family: sans-serif; line-height: 1.6; color: inherit; background-color: transparent;'> <!-- Secci\u00f3n de t\u00edtulo --> <\/p>\n<div style='width: 100%; margin: 0 0 30px; padding: 20px; display: flex; justify-content: center; align-items: center; background-color: transparent;'>\n<h2 style='font-size: 22px; font-weight: 400; margin: 0; padding: 0; color: inherit; opacity: 0.8; border-bottom: 2px solid currentColor; padding-bottom: 5px;'>Especificaci\u00f3n clave<\/h2>\n<\/p><\/div>\n<p> <!-- Secci\u00f3n de especificaciones --> <\/p>\n<div style='display: flex; flex-wrap: wrap; gap: 20px; margin-bottom: 30px;'>\n<div style='flex: 1 1 300px; min-width: 280px;'>\n<div style='border: 1px solid rgba(150&comma; 150&comma; 150&comma; 0.4); border-radius: 8px; overflow: hidden; margin-bottom: 20px;'>\n<div style='padding: 15px; background-color: rgba(247&comma; 249&comma; 250&comma; 0.2); border-bottom: 1px solid rgba(150&comma; 150&comma; 150&comma; 0.2); font-weight: bold; font-size: 16px; color: inherit;'>Puerto de servicio<\/div>\n<div style='padding: 15px; font-size: 14px; color: inherit;'>\n<p style='margin: 0;'>48 puertos SFP de 1000 Mbps&comma; 4 puertos SFP+ de 1G\/10G&comma; tres ranuras para ventiladores modulares y dos ranuras de alimentaci\u00f3n modulares<\/p>\n<\/p><\/div>\n<\/p><\/div>\n<div style='border: 1px solid rgba(150&comma; 150&comma; 150&comma; 0.4); border-radius: 8px; overflow: hidden; margin-bottom: 20px;'>\n<div style='padding: 15px; background-color: rgba(247&comma; 249&comma; 250&comma; 0.2); border-bottom: 1px solid rgba(150&comma; 150&comma; 150&comma; 0.2); font-weight: bold; font-size: 16px; color: inherit;'>Capacidad de conmutaci\u00f3n<\/div>\n<div style='padding: 15px; font-size: 14px; color: inherit;'>\n<p style='margin: 0;'>656 Gbps\/880 Gbps<\/p>\n<\/p><\/div>\n<\/p><\/div>\n<div style='border: 1px solid rgba(150&comma; 150&comma; 150&comma; 0.4); border-radius: 8px; overflow: hidden; margin-bottom: 20px;'>\n<div style='padding: 15px; background-color: rgba(247&comma; 249&comma; 250&comma; 0.2); border-bottom: 1px solid rgba(150&comma; 150&comma; 150&comma; 0.2); font-weight: bold; font-size: 16px; color: inherit;'>Modo de enfriamiento<\/div>\n<div style='padding: 15px; font-size: 14px; color: inherit;'>\n<p style='margin: 0;'>Refrigeraci\u00f3n por ventilador<\/p>\n<\/p><\/div>\n<\/p><\/div>\n<div style='border: 1px solid rgba(150&comma; 150&comma; 150&comma; 0.4); border-radius: 8px; overflow: hidden; margin-bottom: 20px;'>\n<div style='padding: 15px; background-color: rgba(247&comma; 249&comma; 250&comma; 0.2); border-bottom: 1px solid rgba(150&comma; 150&comma; 150&comma; 0.2); font-weight: bold; font-size: 16px; color: inherit;'>Corriente continua<\/div>\n<div style='padding: 15px; font-size: 14px; color: inherit;'>\n<p style='margin: 0;'>240 VCC<\/p>\n<\/p><\/div>\n<\/p><\/div>\n<div style='border: 1px solid rgba(150&comma; 150&comma; 150&comma; 0.4); border-radius: 8px; overflow: hidden; margin-bottom: 20px;'>\n<div style='padding: 15px; background-color: rgba(247&comma; 249&comma; 250&comma; 0.2); border-bottom: 1px solid rgba(150&comma; 150&comma; 150&comma; 0.2); font-weight: bold; font-size: 16px; color: inherit;'>Agregar un link<\/div>\n<div style='padding: 15px; font-size: 14px; color: inherit;'>\n<p style='margin: 0;'>Soportado<\/p>\n<\/p><\/div>\n<\/p><\/div>\n<\/p><\/div>\n<div style='flex: 1 1 300px; min-width: 280px;'>\n<div style='border: 1px solid rgba(150&comma; 150&comma; 150&comma; 0.4); border-radius: 8px; overflow: hidden; margin-bottom: 20px;'>\n<div style='padding: 15px; background-color: rgba(247&comma; 249&comma; 250&comma; 0.2); border-bottom: 1px solid rgba(150&comma; 150&comma; 150&comma; 0.2); font-weight: bold; font-size: 16px; color: inherit;'>Puerto de gesti\u00f3n<\/div>\n<div style='padding: 15px; font-size: 14px; color: inherit;'>\n<p style='margin: 0;'>1 x puerto de administraci\u00f3n&comma; 1 x puerto de consola y 1 x puerto USB 2.0<\/p>\n<\/p><\/div>\n<\/p><\/div>\n<div style='border: 1px solid rgba(150&comma; 150&comma; 150&comma; 0.4); border-radius: 8px; overflow: hidden; margin-bottom: 20px;'>\n<div style='padding: 15px; background-color: rgba(247&comma; 249&comma; 250&comma; 0.2); border-bottom: 1px solid rgba(150&comma; 150&comma; 150&comma; 0.2); font-weight: bold; font-size: 16px; color: inherit;'>Tasa de reenv\u00edo<\/div>\n<div style='padding: 15px; font-size: 14px; color: inherit;'>\n<p style='margin: 0;'>488 Mpp<\/p>\n<\/p><\/div>\n<\/p><\/div>\n<div style='border: 1px solid rgba(150&comma; 150&comma; 150&comma; 0.4); border-radius: 8px; overflow: hidden; margin-bottom: 20px;'>\n<div style='padding: 15px; background-color: rgba(247&comma; 249&comma; 250&comma; 0.2); border-bottom: 1px solid rgba(150&comma; 150&comma; 150&comma; 0.2); font-weight: bold; font-size: 16px; color: inherit;'>C.A.<\/div>\n<div style='padding: 15px; font-size: 14px; color: inherit;'>\n<p style='margin: 0;'>100 &#8211; 240 VCA&comma; 50\/60 Hz<\/p>\n<\/p><\/div>\n<\/p><\/div>\n<div style='border: 1px solid rgba(150&comma; 150&comma; 150&comma; 0.4); border-radius: 8px; overflow: hidden; margin-bottom: 20px;'>\n<div style='padding: 15px; background-color: rgba(247&comma; 249&comma; 250&comma; 0.2); border-bottom: 1px solid rgba(150&comma; 150&comma; 150&comma; 0.2); font-weight: bold; font-size: 16px; color: inherit;'>El consumo de energ\u00eda<\/div>\n<div style='padding: 15px; font-size: 14px; color: inherit;'>\n<p style='margin: 0;'>&lt; 105 W (sin m\u00f3dulo de expansi\u00f3n) o &lt; 125 W (con m\u00f3dulo de expansi\u00f3n)<\/p>\n<\/p><\/div>\n<\/p><\/div>\n<div style='border: 1px solid rgba(150&comma; 150&comma; 150&comma; 0.4); border-radius: 8px; overflow: hidden; margin-bottom: 20px;'>\n<div style='padding: 15px; background-color: rgba(247&comma; 249&comma; 250&comma; 0.2); border-bottom: 1px solid rgba(150&comma; 150&comma; 150&comma; 0.2); font-weight: bold; font-size: 16px; color: inherit;'>Dimensiones (Ancho x Fondo x Alto)<\/div>\n<div style='padding: 15px; font-size: 14px; color: inherit;'>\n<p style='margin: 0;'>440 mm x 340 mm x 43&comma;6 mm<\/p>\n<\/p><\/div>\n<\/p><\/div>\n<div style='border: 1px solid rgba(150&comma; 150&comma; 150&comma; 0.4); border-radius: 8px; overflow: hidden; margin-bottom: 20px;'>\n<div style='padding: 15px; background-color: rgba(247&comma; 249&comma; 250&comma; 0.2); border-bottom: 1px solid rgba(150&comma; 150&comma; 150&comma; 0.2); font-weight: bold; font-size: 16px; color: inherit;'>Per\u00edodo de garant\u00eda<\/div>\n<div style='padding: 15px; font-size: 14px; color: inherit;'>\n<p style='margin: 0;'>3 a\u00f1os<\/p>\n<\/p><\/div>\n<\/p><\/div>\n<\/p><\/div>\n<\/p><\/div>\n<p> <!-- Im\u00e1genes --> <\/p>\n<div style='display: flex; flex-direction: column; gap: 20px; margin-bottom: 30px;'> <img style='width: 100%; height: auto; border: 1px solid rgba(150&comma;150&comma;150&comma;0.3); border-radius: 8px;' src='https:\/\/ftp3.syscom.mx\/usuarios\/fotos\/RGCS8548SFP4XSD\/222438-2024-02-16_09_57_23-48-port_ge_all-optical_layer_3_enterprise-class_core_or_aggregation_switch&comma;_4_\u00d7_.png' alt=''> <img style='width: 100%; height: auto; border: 1px solid rgba(150&comma;150&comma;150&comma;0.3); border-radius: 8px;' src='https:\/\/ftp3.syscom.mx\/usuarios\/fotos\/RGCS8548SFP4XSD\/222438-2024-02-16_09_58_50-48-port_ge_all-optical_layer_3_enterprise-class_core_or_aggregation_switch&comma;_4_\u00d7_.png' alt=''> <\/div>\n<p> <!-- Separador final --> <\/p>\n<hr style='border: 0; border-top: 1px solid rgba(150&comma; 150&comma; 150&comma; 0.3); margin: 30px 0;'> <\/div>\n","protected":false},"excerpt":{"rendered":"<p>Switch de Distribuci\u00f3n Capa 3 con 48 puertos SFP 1G y 4 SFP+ 10Gb, Administraci\u00f3n gratuita desde la nube.<\/p>\n","protected":false},"featured_media":80399,"comment_status":"open","ping_status":"closed","template":"","meta":[],"product_brand":[],"product_cat":[1970],"product_tag":[664,2123,1971],"class_list":{"0":"post-80400","1":"product","2":"type-product","3":"status-publish","4":"has-post-thumbnail","6":"product_cat-switches","7":"product_tag-networking","8":"product_tag-ruijie","9":"product_tag-switches","11":"first","12":"instock","13":"sale","14":"shipping-taxable","15":"purchasable","16":"product-type-simple"},"_links":{"self":[{"href":"https:\/\/soydeaqui.ddns.net\/pachuca\/index.php\/wp-json\/wp\/v2\/product\/80400","targetHints":{"allow":["GET"]}}],"collection":[{"href":"https:\/\/soydeaqui.ddns.net\/pachuca\/index.php\/wp-json\/wp\/v2\/product"}],"about":[{"href":"https:\/\/soydeaqui.ddns.net\/pachuca\/index.php\/wp-json\/wp\/v2\/types\/product"}],"replies":[{"embeddable":true,"href":"https:\/\/soydeaqui.ddns.net\/pachuca\/index.php\/wp-json\/wp\/v2\/comments?post=80400"}],"wp:featuredmedia":[{"embeddable":true,"href":"https:\/\/soydeaqui.ddns.net\/pachuca\/index.php\/wp-json\/wp\/v2\/media\/80399"}],"wp:attachment":[{"href":"https:\/\/soydeaqui.ddns.net\/pachuca\/index.php\/wp-json\/wp\/v2\/media?parent=80400"}],"wp:term":[{"taxonomy":"product_brand","embeddable":true,"href":"https:\/\/soydeaqui.ddns.net\/pachuca\/index.php\/wp-json\/wp\/v2\/product_brand?post=80400"},{"taxonomy":"product_cat","embeddable":true,"href":"https:\/\/soydeaqui.ddns.net\/pachuca\/index.php\/wp-json\/wp\/v2\/product_cat?post=80400"},{"taxonomy":"product_tag","embeddable":true,"href":"https:\/\/soydeaqui.ddns.net\/pachuca\/index.php\/wp-json\/wp\/v2\/product_tag?post=80400"}],"curies":[{"name":"wp","href":"https:\/\/api.w.org\/{rel}","templated":true}]}}