{"id":80380,"date":"2026-03-19T18:01:45","date_gmt":"2026-03-19T18:01:45","guid":{"rendered":"https:\/\/soydeaqui.ddns.net\/pachuca\/index.php\/producto\/panel-de-distribucin-de-fibra-ptica-acepta-4-placas-fap-o-fmp-bandeja-deslizable-hasta-96-fibras-color-negro-1ur\/"},"modified":"2026-03-19T18:01:51","modified_gmt":"2026-03-19T18:01:51","slug":"panel-de-distribucin-de-fibra-ptica-acepta-4-placas-fap-o-fmp-bandeja-deslizable-hasta-96-fibras-color-negro-1ur","status":"publish","type":"product","link":"https:\/\/soydeaqui.ddns.net\/pachuca\/index.php\/producto\/panel-de-distribucin-de-fibra-ptica-acepta-4-placas-fap-o-fmp-bandeja-deslizable-hasta-96-fibras-color-negro-1ur\/","title":{"rendered":"Panel de Distribuci?n de Fibra ?ptica, Acepta 4 Placas FAP o FMP, Bandeja Deslizable, Hasta 96 Fibras, Color Negro, 1UR"},"content":{"rendered":"<div style='width: 100%; max-width: 1200px; margin: 0 auto; font-family: sans-serif; line-height: 1.6; color: inherit; background-color: transparent;'> <!-- Descripci\u00f3n principal --> <\/p>\n<div style='margin-bottom: 30px; font-size: 15px; color: inherit;'>\n<p style='margin: 0 0 15px;'>El gabinete de montaje en rack Panduit\u00ae Opticom\u00ae garantiza la confiabilidad de la red al albergar&comma; organizar&comma; administrar y proteger hasta 96 terminaciones&comma; empalmes&comma; conectores y cables de conexi\u00f3n de cables de fibra \u00f3ptica. El FRE1U es color negro&comma; est\u00e1 hecho de acero y cuenta con 4 ranuras para casetes\/FAP. Puede acomodar 4 paneles adaptadores FAP&comma; 4 casetes Opticom&comma; 8 casetes HD Flex o m\u00f3dulos de empalme FOSM en un espacio de 1 RU. Las fibras son f\u00e1cilmente accesibles a trav\u00e9s de cajones extra\u00edbles delanteros y traseros.<\/p>\n<\/p><\/div>\n<p> <!-- Secci\u00f3n de especificaciones --> <\/p>\n<div style='display: flex; flex-wrap: wrap; gap: 30px; margin-bottom: 30px;'>\n<div style='flex: 1 1 300px; min-width: 280px;'>\n<h3 style='font-size: 22px; border-bottom: 2px solid currentColor; padding-bottom: 5px; margin-top: 0; color: inherit; opacity: 0.8;'>Especificaciones t\u00e9cnicas<\/h3>\n<ul style='padding-left: 20px; font-size: 15px; color: inherit;'>\n<li style='margin-bottom: 5px;'><strong>Material:<\/strong> Acero<\/li>\n<li style='margin-bottom: 5px;'><strong>N\u00famero de unidades de rack:<\/strong> 1<\/li>\n<li style='margin-bottom: 5px;'><strong>Ancho total (pulg.):<\/strong> 17.6<\/li>\n<li style='margin-bottom: 5px;'><strong>Ancho total (mm):<\/strong> 447<\/li>\n<li style='margin-bottom: 5px;'><strong>Profundidad total (pulg.):<\/strong> 15.59<\/li>\n<li style='margin-bottom: 5px;'><strong>Profundidad total (mm):<\/strong> 396<\/li>\n<li style='margin-bottom: 5px;'><strong>Altura total (pulg.):<\/strong> 1.72<\/li>\n<li style='margin-bottom: 5px;'><strong>Altura total (mm):<\/strong> 43&comma;6<\/li>\n<li style='margin-bottom: 5px;'><strong>Est\u00e1ndares cumplidos:<\/strong> TIA<\/li>\n<\/ul><\/div>\n<\/p><\/div>\n<p> <!-- Separador --> <\/p>\n<hr style='border: 0; border-top: 1px solid rgba(150&comma; 150&comma; 150&comma; 0.3); margin: 30px 0;'> <\/div>\n","protected":false},"excerpt":{"rendered":"<p>Panel de Distribuci?n de Fibra ?ptica, Acepta 4 Placas FAP o FMP, Bandeja Deslizable, Hasta 96 Fibras, Color Negro, 1UR<\/p>\n","protected":false},"featured_media":80379,"comment_status":"open","ping_status":"closed","template":"","meta":[],"product_brand":[],"product_cat":[621],"product_tag":[622,611,445],"class_list":{"0":"post-80380","1":"product","2":"type-product","3":"status-publish","4":"has-post-thumbnail","6":"product_cat-distribuidores-de-fibra-optica","7":"product_tag-distribuidores-de-fibra-optica","8":"product_tag-fibra-optica","9":"product_tag-panduit","11":"first","12":"instock","13":"sale","14":"shipping-taxable","15":"purchasable","16":"product-type-simple"},"_links":{"self":[{"href":"https:\/\/soydeaqui.ddns.net\/pachuca\/index.php\/wp-json\/wp\/v2\/product\/80380","targetHints":{"allow":["GET"]}}],"collection":[{"href":"https:\/\/soydeaqui.ddns.net\/pachuca\/index.php\/wp-json\/wp\/v2\/product"}],"about":[{"href":"https:\/\/soydeaqui.ddns.net\/pachuca\/index.php\/wp-json\/wp\/v2\/types\/product"}],"replies":[{"embeddable":true,"href":"https:\/\/soydeaqui.ddns.net\/pachuca\/index.php\/wp-json\/wp\/v2\/comments?post=80380"}],"wp:featuredmedia":[{"embeddable":true,"href":"https:\/\/soydeaqui.ddns.net\/pachuca\/index.php\/wp-json\/wp\/v2\/media\/80379"}],"wp:attachment":[{"href":"https:\/\/soydeaqui.ddns.net\/pachuca\/index.php\/wp-json\/wp\/v2\/media?parent=80380"}],"wp:term":[{"taxonomy":"product_brand","embeddable":true,"href":"https:\/\/soydeaqui.ddns.net\/pachuca\/index.php\/wp-json\/wp\/v2\/product_brand?post=80380"},{"taxonomy":"product_cat","embeddable":true,"href":"https:\/\/soydeaqui.ddns.net\/pachuca\/index.php\/wp-json\/wp\/v2\/product_cat?post=80380"},{"taxonomy":"product_tag","embeddable":true,"href":"https:\/\/soydeaqui.ddns.net\/pachuca\/index.php\/wp-json\/wp\/v2\/product_tag?post=80380"}],"curies":[{"name":"wp","href":"https:\/\/api.w.org\/{rel}","templated":true}]}}