{"id":80362,"date":"2026-03-19T18:00:54","date_gmt":"2026-03-19T18:00:54","guid":{"rendered":"https:\/\/soydeaqui.ddns.net\/pachuca\/index.php\/producto\/hub-adaptador-usb-c-8-en-1-1-salida-hdmi-4k-1-salida-usb-2-0-3-salidas-usb-3-0-1-salida-sd-memoria-sd-1-salida-tf-micro-sd-1-entrada-usb-c-carga-rapida-100-watts\/"},"modified":"2026-03-19T18:01:11","modified_gmt":"2026-03-19T18:01:11","slug":"hub-adaptador-usb-c-8-en-1-1-salida-hdmi-4k-1-salida-usb-2-0-3-salidas-usb-3-0-1-salida-sd-memoria-sd-1-salida-tf-micro-sd-1-entrada-usb-c-carga-rapida-100-watts","status":"publish","type":"product","link":"https:\/\/soydeaqui.ddns.net\/pachuca\/index.php\/producto\/hub-adaptador-usb-c-8-en-1-1-salida-hdmi-4k-1-salida-usb-2-0-3-salidas-usb-3-0-1-salida-sd-memoria-sd-1-salida-tf-micro-sd-1-entrada-usb-c-carga-rapida-100-watts\/","title":{"rendered":"Hub (Adaptador) USB &#8211; C \/ 8 en 1 \/ 1 Salida HDMI (4K) \/ 1 Salida USB 2.0 \/ 3 Salidas USB 3.0 \/ 1 Salida SD (Memoria SD) \/ 1 Salida TF (Micro SD) \/ 1 Entrada USB &#8211; C (Carga Rapida \/ 100 Watts)"},"content":{"rendered":"<div style='width: 100%; max-width: 1200px; margin: 0 auto; font-family: sans-serif; line-height: 1.6; color: inherit; background-color: transparent;'> <!-- Banner --> <\/p>\n<div style='width: 100%; text-align: center; margin: 30px 0;'> <img style='width: 100%; height: auto; border: 1px solid rgba(150&comma;150&comma;150&comma;0.3); border-radius: 8px;' src='https:\/\/ftp3.syscom.mx\/usuarios\/gmagos\/HIK\/storage\/Vaners\/hiksemi.png' alt='Banner'> <\/div>\n<p> <!-- Especificaciones --> <\/p>\n<div style='display: flex; flex-wrap: wrap; gap: 30px; margin-bottom: 30px;'>\n<div style='flex: 1 1 300px; min-width: 280px; margin: 0 auto;'>\n<h3 style='font-size: 22px; border-bottom: 2px solid currentColor; padding-bottom: 5px; margin-top: 0; color: inherit; opacity: 0.8;'>Caracter\u00edsticas Principales<\/h3>\n<ul style='padding-left: 20px; font-size: 15px; color: inherit;'>\n<li style='margin-bottom: 5px;'><strong>Tipo de Conector:<\/strong> USB-C<\/li>\n<li style='margin-bottom: 5px;'><strong>Conexiones soportadas:<\/strong> USB-C&comma; HDMI&comma; USB2.0&comma; 3* USB3.0&comma; SD&comma; Micro SD<\/li>\n<li style='margin-bottom: 5px;'><strong>Color:<\/strong> Plata<\/li>\n<li style='margin-bottom: 5px;'><strong>Material:<\/strong> Aleaci\u00f3n de Aluminio<\/li>\n<li style='margin-bottom: 5px;'><strong>Sistema operativo soportado:<\/strong> Windows \/ Mac OS \/ Linux \/ Android<\/li>\n<li style='margin-bottom: 5px;'><strong>Dimensiones:<\/strong> 112 x 49 x 15.5 mm<\/li>\n<li style='margin-bottom: 5px;'><strong>Peso:<\/strong> 80g<\/li>\n<\/ul><\/div>\n<\/p><\/div>\n<hr style='border: 0; border-top: 1px solid rgba(150&comma; 150&comma; 150&comma; 0.3); margin: 30px 0;'> <!-- Videos --> <\/p>\n<div style='display: flex; flex-wrap: wrap; gap: 30px; margin-bottom: 30px;'>\n<div style='flex: 1 1 300px; min-width: 280px;'>\n<h3 style='font-size: 20px; text-align: center; margin-top: 0; color: inherit;'><strong>\u00bfQuien es HIKSEMI?<\/strong><\/h3>\n<div style='position: relative; padding-bottom: 56.25%; height: 0; overflow: hidden; margin-bottom: 30px;'>   <\/div>\n<\/p><\/div>\n<div style='flex: 1 1 300px; min-width: 280px;'>\n<h3 style='font-size: 20px; text-align: center; margin-top: 0; color: inherit;'><strong>Unidades de Estado S\u00f3lido<\/strong><\/h3>\n<div style='position: relative; padding-bottom: 56.25%; height: 0; overflow: hidden; margin-bottom: 30px;'>   <\/div>\n<\/p><\/div>\n<\/p><\/div>\n<p> <!-- Imagen Principal --> <\/p>\n<div style='position: relative; width: 100%; margin: 30px 0;'> <img style='width: 100%; height: auto; border: 1px solid rgba(150&comma;150&comma;150&comma;0.3); border-radius: 8px;' src='https:\/\/ftp3.syscom.mx\/usuarios\/gmagos\/HIK\/storage\/Pagina%20WEB\/Hub%208-1\/1%20Principal.jpg' alt='Imagen de Fondo'> <\/p>\n<div style='position: absolute; top: 0; left: 0; width: 100%; height: 100%; display: flex; align-items: center; justify-content: center; pointer-events: none; background: rgba(0&comma;0&comma;0&comma;0.4);'>\n<div style='color: white; text-align: center; padding: 20px;'>\n<h1 style='font-size: 35px; margin: 0 0 10px 0; font-weight: bold;'>HUB multifuncional tipo C 8 en 1<\/h1>\n<h2 style='font-size: 20px; margin: 0;'>Carga r\u00e1pida PD&comma; HDMI&comma; SD&comma; TF&comma; USB3.0*3&comma; USB2.0<\/h2>\n<\/p><\/div>\n<\/p><\/div>\n<\/p><\/div>\n<p> <!-- Informaci\u00f3n 1 --> <\/p>\n<div style='display: flex; flex-wrap: wrap; gap: 30px; margin-bottom: 30px;'>\n<div style='flex: 1 1 300px; min-width: 280px;'> <img style='width: 100%; height: auto; border: 1px solid rgba(150&comma;150&comma;150&comma;0.3); border-radius: 8px;' src='https:\/\/ftp3.syscom.mx\/usuarios\/gmagos\/HIK\/storage\/Pagina%20WEB\/Hub%208-1\/2%20Izquierda.jpg' alt='M\u00faltiples Dispositivos'> <\/div>\n<div style='flex: 1 1 300px; min-width: 280px;'>\n<h3 style='font-size: 22px; margin-top: 0; color: inherit;'>M\u00faltiples Dispositivos<\/h3>\n<p style='font-size: 15px; color: inherit;'>Admite m\u00faltiples dispositivos&comma; como computadoras port\u00e1tiles&comma; tabletas&comma; tel\u00e9fonos&comma; interruptores&comma; impresoras&comma; mouse&comma; teclados&comma; etc.&comma; y tambi\u00e9n tiene funci\u00f3n de carga para los dispositivos.<\/p>\n<\/p><\/div>\n<\/p><\/div>\n<p> <!-- Informaci\u00f3n 2 --> <\/p>\n<div style='display: flex; flex-wrap: wrap; gap: 30px; margin-bottom: 30px;'>\n<div style='flex: 1 1 300px; min-width: 280px;'>\n<h3 style='font-size: 22px; margin-top: 0; color: inherit;'>PD100W<\/h3>\n<p style='font-size: 15px; color: inherit;'>Ofrece una carga r\u00e1pida de hasta 100 W mediante la tecnolog\u00eda PD&comma; permiti\u00e9ndote disfrutar de tus juegos sin experimentar p\u00e9rdida de energ\u00eda.<\/p>\n<\/p><\/div>\n<div style='flex: 1 1 300px; min-width: 280px;'> <img style='width: 100%; height: auto; border: 1px solid rgba(150&comma;150&comma;150&comma;0.3); border-radius: 8px;' src='https:\/\/ftp3.syscom.mx\/usuarios\/gmagos\/HIK\/storage\/Pagina%20WEB\/Hub%208-1\/3%20Darecha.jpg' alt='PD100W'> <\/div>\n<\/p><\/div>\n<p> <!-- Informaci\u00f3n 3 --> <\/p>\n<div style='display: flex; flex-wrap: wrap; gap: 30px; margin-bottom: 30px;'>\n<div style='flex: 1 1 300px; min-width: 280px;'> <img style='width: 100%; height: auto; border: 1px solid rgba(150&comma;150&comma;150&comma;0.3); border-radius: 8px;' src='https:\/\/ftp3.syscom.mx\/usuarios\/gmagos\/HIK\/storage\/Pagina%20WEB\/Hub%208-1\/4%20izquierda.jpg' alt='Archivo 1G transferido en solo 3 segundos'> <\/div>\n<div style='flex: 1 1 300px; min-width: 280px;'>\n<h3 style='font-size: 22px; margin-top: 0; color: inherit;'>Archivo 1G transferido en solo 3 segundos<\/h3>\n<p style='font-size: 15px; color: inherit;'>Compatible con el protocolo de transmisi\u00f3n de alta velocidad USB 3.0&comma; logrando una velocidad de sincronizaci\u00f3n de datos de hasta 5 Gbps<\/p>\n<\/p><\/div>\n<\/p><\/div>\n<p> <!-- Imagen Secundaria --> <\/p>\n<div style='position: relative; width: 100%; margin: 30px 0;'> <img style='width: 100%; height: auto; border: 1px solid rgba(150&comma;150&comma;150&comma;0.3); border-radius: 8px;' src='https:\/\/ftp3.syscom.mx\/usuarios\/gmagos\/HIK\/storage\/Pagina%20WEB\/Hub%208-1\/Secundaria%201.jpg' alt='Imagen de Fondo'> <\/p>\n<div style='position: absolute; top: 0; left: 0; width: 100%; height: 100%; display: flex; align-items: center; justify-content: center; pointer-events: none; background: rgba(0&comma;0&comma;0&comma;0.4);'>\n<div style='color: white; text-align: center; padding: 20px;'>\n<h1 style='font-size: 35px; margin: 0 0 10px 0; font-weight: bold;'>Un fest\u00edn visual para ti<\/h1>\n<h2 style='font-size: 20px; margin: 0;'>Admite HDMI 4K@30HZ&comma; su resoluci\u00f3n de v\u00eddeo ultra clara<\/h2>\n<\/p><\/div>\n<\/p><\/div>\n<\/p><\/div>\n<p> <!-- Banner Final --> <\/p>\n<div style='width: 100%; text-align: center; margin: 30px 0;'> <img style='width: 100%; height: auto; border: 1px solid rgba(150&comma;150&comma;150&comma;0.3); border-radius: 8px;' src='https:\/\/ftp3.syscom.mx\/usuarios\/gmagos\/HIK\/storage\/Vaners\/HIKSEMI-banner1.jpg' alt='Banner final'> <\/div>\n<\/p><\/div>\n","protected":false},"excerpt":{"rendered":"<p>Hub (Adaptador) USB &#8211; C \/ 8 en 1 \/ 1 Salida HDMI (4K) \/ 1 Salida USB 2.0 \/ 3 Salidas USB 3.0 \/ 1 Salida SD (Memoria SD) \/ 1 Salida TF (Micro SD) \/ 1 Entrada USB &#8211; C (Carga Rapida \/ 100 Watts)<\/p>\n","protected":false},"featured_media":80361,"comment_status":"open","ping_status":"closed","template":"","meta":[],"product_brand":[],"product_cat":[2054],"product_tag":[93,2055,2129],"class_list":{"0":"post-80362","1":"product","2":"type-product","3":"status-publish","4":"has-post-thumbnail","6":"product_cat-accesorios-equipo-de-computo","7":"product_tag-accesorios","8":"product_tag-equipo-de-computo","9":"product_tag-hiksemi-by-hikvision","11":"first","12":"instock","13":"sale","14":"shipping-taxable","15":"purchasable","16":"product-type-simple"},"_links":{"self":[{"href":"https:\/\/soydeaqui.ddns.net\/pachuca\/index.php\/wp-json\/wp\/v2\/product\/80362","targetHints":{"allow":["GET"]}}],"collection":[{"href":"https:\/\/soydeaqui.ddns.net\/pachuca\/index.php\/wp-json\/wp\/v2\/product"}],"about":[{"href":"https:\/\/soydeaqui.ddns.net\/pachuca\/index.php\/wp-json\/wp\/v2\/types\/product"}],"replies":[{"embeddable":true,"href":"https:\/\/soydeaqui.ddns.net\/pachuca\/index.php\/wp-json\/wp\/v2\/comments?post=80362"}],"wp:featuredmedia":[{"embeddable":true,"href":"https:\/\/soydeaqui.ddns.net\/pachuca\/index.php\/wp-json\/wp\/v2\/media\/80361"}],"wp:attachment":[{"href":"https:\/\/soydeaqui.ddns.net\/pachuca\/index.php\/wp-json\/wp\/v2\/media?parent=80362"}],"wp:term":[{"taxonomy":"product_brand","embeddable":true,"href":"https:\/\/soydeaqui.ddns.net\/pachuca\/index.php\/wp-json\/wp\/v2\/product_brand?post=80362"},{"taxonomy":"product_cat","embeddable":true,"href":"https:\/\/soydeaqui.ddns.net\/pachuca\/index.php\/wp-json\/wp\/v2\/product_cat?post=80362"},{"taxonomy":"product_tag","embeddable":true,"href":"https:\/\/soydeaqui.ddns.net\/pachuca\/index.php\/wp-json\/wp\/v2\/product_tag?post=80362"}],"curies":[{"name":"wp","href":"https:\/\/api.w.org\/{rel}","templated":true}]}}