{"id":80209,"date":"2026-03-19T17:54:40","date_gmt":"2026-03-19T17:54:40","guid":{"rendered":"https:\/\/soydeaqui.ddns.net\/pachuca\/index.php\/producto\/router-empresarial-2-puertos-10-100-1000-mbps-combo-2-puerto-sfp-wan-8-puerto-10-100-1000-mbpswan-lan-rendimiento-4-gbps-vpn-balanceo-de-cargas-hasta-700-clientes-administracion-nube\/"},"modified":"2026-03-19T17:54:48","modified_gmt":"2026-03-19T17:54:48","slug":"router-empresarial-2-puertos-10-100-1000-mbps-combo-2-puerto-sfp-wan-8-puerto-10-100-1000-mbpswan-lan-rendimiento-4-gbps-vpn-balanceo-de-cargas-hasta-700-clientes-administracion-nube","status":"publish","type":"product","link":"https:\/\/soydeaqui.ddns.net\/pachuca\/index.php\/producto\/router-empresarial-2-puertos-10-100-1000-mbps-combo-2-puerto-sfp-wan-8-puerto-10-100-1000-mbpswan-lan-rendimiento-4-gbps-vpn-balanceo-de-cargas-hasta-700-clientes-administracion-nube\/","title":{"rendered":"Router Empresarial \/ 2 puertos 10\/100\/1000 Mbps combo 2 puerto SFP (WAN) \/ 8 puerto 10\/100\/1000 Mbps(WAN\/LAN) \/ Rendimiento 4 Gbps \/ VPN \/ Balanceo de Cargas \/ Hasta 700 Clientes \/ Administraci\u00f3n Nube Gratis"},"content":{"rendered":"<div style='width: 100%; max-width: 1200px; margin: 0 auto; font-family: sans-serif; line-height: 1.6; color: inherit;'>\n<div style='width: 100%; max-width: 1200px; margin: 0 auto; font-family: sans-serif; line-height: 1.6; color: inherit; background-color: transparent;'> <!-- Descripci\u00f3n principal --> <\/p>\n<div style='margin-bottom: 30px;'>\n<div style='text-align: justify;'> Los enrutadores de la serie Huawei <strong style='background-color: #ed0000; color: #ffffff;'>NetEngine AR700<\/strong> son enrutadores de alto rendimiento de pr\u00f3xima generaci\u00f3n. Utilizan procesadores multin\u00facleo basados en ARM y una arquitectura de conmutaci\u00f3n sin bloqueo&comma; que proporciona el doble del rendimiento promedio de la industria. Adem\u00e1s&comma; integran diversas funciones como 5G&comma; enrutamiento&comma; conmutaci\u00f3n&comma; VPN&comma; seguridad y MPLS&comma; lo que permite servicios empresariales diversificados en la era de la nube. <\/div>\n<\/p><\/div>\n<p> <!-- Imagen principal --> <\/p>\n<div style='margin-bottom: 30px;'> <img style='width: 100%; height: auto; border: 1px solid rgba(150&comma;150&comma;150&comma;0.3); border-radius: 8px;' src='https:\/\/ftp3.syscom.mx\/usuarios\/fotos\/AR720\/223819-captura_de_pantalla_2023-12-13_a_la(s)_10.29.05.png' alt='Router Huawei AR720'> <\/div>\n<p> <!-- Secci\u00f3n de caracter\u00edsticas y especificaciones --> <\/p>\n<div style='display: flex; flex-wrap: wrap; gap: 30px; margin-bottom: 30px;'>\n<div style='flex: 1 1 300px; min-width: 280px;'>\n<h3 style='font-size: 22px; border-bottom: 2px solid currentColor; padding-bottom: 5px; margin-top: 0; color: inherit; opacity: 0.8;'>Caracter\u00edsticas Generales<\/h3>\n<ul style='padding-left: 20px; font-size: 15px; color: inherit;'>\n<li style='margin-bottom: 5px;'>Administraci\u00f3n v\u00eda Navegador web (Stand Alone)&comma; App eKit o Nube eKit.<\/li>\n<li style='margin-bottom: 5px;'><strong style='background-color: #ed0000; color: #ffffff;'>Nube Gratuita&comma; libre de licenciamientos.<\/strong><\/li>\n<li style='margin-bottom: 5px;'><strong style='background-color: #ed0000; color: #ffffff;'>Balanceo de Cargas.<\/strong><\/li>\n<li style='margin-bottom: 5px;'><strong style='background-color: #ed0000; color: #ffffff;'>Soporta hasta 700 clientes.<\/strong><\/li>\n<li style='margin-bottom: 5px;'><strong style='background-color: #ed0000; color: #ffffff;'>VPN: IPSec VPN&comma; GRE VPN&comma; DSVPN&comma; A2A VPN&comma; L2TP VPN&comma; y L2TPv3 VPN<\/strong><\/li>\n<li style='margin-bottom: 5px;'>Tasa de reenvio: 9 Mpps a 25 Mpps.<\/li>\n<li style='margin-bottom: 5px;'>Puertos: 2 x 10\/100\/1000BASE-T port combo 2 x GE SFP (WAN) + 8 x 10\/100\/1000BASE-T port(WAN\/LAN).<\/li>\n<li style='margin-bottom: 5px;'>Balanceo de Cargas: Recepci\u00f3n selectiva y con alimentaci\u00f3n m\u00faltiple&comma; equilibrio de carga por paquete.<\/li>\n<li style='margin-bottom: 5px;'>MultiCast: IGMPv1&comma; IGMPv2&comma; IGMPv3&comma; PIM SM&comma; PIM DM&comma; MSDP&comma; MBGP&comma; IPv6 PIM&comma; and MLD.<\/li>\n<li style='margin-bottom: 5px;'>Pol\u00edtica de enrutamiento IPv4&comma; ruta est\u00e1tica&comma; RIP&comma; OSPF&comma; IS-IS y BGP<\/li>\n<li style='margin-bottom: 5px;'>IPv6: ruta est\u00e1tica&comma; pol\u00edtica de enrutamiento&comma; RIPng&comma; OSPFv3&comma; IS-ISv6 y BGP4+.<\/li>\n<li style='margin-bottom: 5px;'><a style='color: inherit;' href='https:\/\/ekit.huawei.com\/#\/smeCloud' target='_blank' rel='noopener'>Plataforma Nube Web SNC Huawei<\/a><\/li>\n<li style='margin-bottom: 5px;'>Para APP m\u00f3vil:<\/li>\n<li style='margin-bottom: 5px;'> <img style='width: 250px; height: auto; border: 1px solid rgba(150&comma;150&comma;150&comma;0.3); border-radius: 8px;' src='https:\/\/ftp3.syscom.mx\/usuarios\/fotos\/AP361\/223794-ekitqr.png' alt='QR App Huawei eKit'> <\/li>\n<\/ul><\/div>\n<div style='flex: 1 1 300px; min-width: 280px;'>\n<h3 style='font-size: 22px; border-bottom: 2px solid currentColor; padding-bottom: 5px; margin-top: 0; color: inherit; opacity: 0.8;'>Especificaciones El\u00e9ctricas y F\u00edsicas<\/h3>\n<ul style='padding-left: 20px; font-size: 15px; color: inherit;'>\n<li style='margin-bottom: 5px;'>Dimensiones (Altura&comma; ancho y largo): 44.4 mm x 442.0 mm x 220.4 mm.<\/li>\n<li style='margin-bottom: 5px;'>Peso: 3.2 kg.<\/li>\n<li style='margin-bottom: 5px;'>Alimentaci\u00f3n el\u00e9ctrica: 100 V AC to 240 V AC&comma; 50\/60 Hz.<\/li>\n<li style='margin-bottom: 5px;'>M\u00e1ximo consumo el\u00e9ctrico 33W.<\/li>\n<li style='margin-bottom: 5px;'>Temperatura de operaci\u00f3n: 0\u00b0C a 45\u00b0C.<\/li>\n<\/ul>\n<h4 style='font-size: 18px; margin-top: 25px; margin-bottom: 15px; color: inherit; opacity: 0.6;'>Contenido del Paquete<\/h4>\n<ul style='padding-left: 20px; font-size: 15px; color: inherit;'>\n<li style='margin-bottom: 5px;'>1 AR720.<\/li>\n<li style='margin-bottom: 5px;'>Manual de Instalaci\u00f3n.<\/li>\n<li style='margin-bottom: 5px;'>Cable electrico AC.<\/li>\n<\/ul><\/div>\n<\/p><\/div>\n<p> <!-- Escenarios de aplicaci\u00f3n --> <\/p>\n<div style='margin-top: 30px; margin-bottom: 30px;'>\n<h2 style='font-size: 24px; margin-bottom: 20px; color: inherit;'>Escenarios de Aplicaci\u00f3n<\/h2>\n<p> <!-- Escenario Oficina --> <\/p>\n<div style='margin-bottom: 30px;'>\n<h3 style='font-size: 20px; margin-top: 20px; margin-bottom: 15px; color: inherit;'>Escenario Oficina<\/h3>\n<p> <img style='width: 100%; height: auto; border: 1px solid rgba(150&comma;150&comma;150&comma;0.3); border-radius: 8px;' src='https:\/\/ftp3.syscom.mx\/usuarios\/fotos\/AP362\/223796-captura_de_pantalla_2023-12-06_a_la(s)_17.12.01.png' alt='Escenario Oficina'> <\/p>\n<h4 style='font-size: 18px; margin-top: 20px; margin-bottom: 10px; color: inherit;'>Equipos Recomendados:<\/h4>\n<p><strong>Routers:<\/strong><\/p>\n<ul style='padding-left: 20px; font-size: 15px; color: inherit;'>\n<li style='margin-bottom: 5px;'><a style='color: #ed0000;' href='https:\/\/www.syscom.mx\/principal\/searchcont?route=S380-L4T1T-HUAWEI-eKIT-223814&#038;autodetect=ekit'>S380-L4T1T<\/a><\/li>\n<li style='margin-bottom: 5px;'><a style='color: #ed0000;' href='https:\/\/www.syscom.mx\/principal\/searchcont?route=S380-S8P2T-HUAWEI-eKIT-223817&#038;autodetect=ekit'>S380-S8P2T<\/a><\/li>\n<li style='margin-bottom: 5px;'><a style='color: #ed0000;' href='https:\/\/www.syscom.mx\/principal\/searchcont?route=AR720-HUAWEI-eKIT-223819&#038;autodetect=ekit'>AR720<\/a><\/li>\n<\/ul>\n<p><strong>Switches:<\/strong><\/p>\n<ul style='padding-left: 20px; font-size: 15px; color: inherit;'>\n<li style='margin-bottom: 5px;'><a style='color: #ed0000;' href='https:\/\/www.syscom.mx\/principal\/searchcont?route=S310-24T4X-HUAWEI-eKIT-223803&#038;autodetect=ekit'>S310-24T4X<\/a><\/li>\n<li style='margin-bottom: 5px;'><a style='color: #ed0000;' href='https:\/\/www.syscom.mx\/principal\/searchcont?route=S220-24P4X-HUAWEI-eKIT-223806&#038;autodetect=ekit'>S220-24P4X<\/a><\/li>\n<li style='margin-bottom: 5px;'><a style='color: #ed0000;' href='https:\/\/www.syscom.mx\/principal\/searchcont?route=S220-24T4X-HUAWEI-eKIT-223798&#038;autodetect=ekit'>S220-24T4X<\/a><\/li>\n<\/ul>\n<p><strong>Puntos de Acceso:<\/strong><\/p>\n<ul style='padding-left: 20px; font-size: 15px; color: inherit;'>\n<li style='margin-bottom: 5px;'><a style='color: #ed0000;' href='https:\/\/www.syscom.mx\/principal\/searchcont?route=AP362-HUAWEI-eKIT-223796&#038;autodetect=ekit'>AP362<\/a><\/li>\n<\/ul><\/div>\n<p> <!-- Tiendas Comerciales --> <\/p>\n<div style='margin-bottom: 30px;'>\n<h3 style='font-size: 20px; margin-top: 20px; margin-bottom: 15px; color: inherit;'>Tiendas Comerciales<\/h3>\n<p> <img style='width: 100%; height: auto; border: 1px solid rgba(150&comma;150&comma;150&comma;0.3); border-radius: 8px;' src='https:\/\/ftp3.syscom.mx\/usuarios\/fotos\/AP362\/223796-captura_de_pantalla_2023-12-06_a_la(s)_17.45.06.png' alt='Tiendas Comerciales'> <\/p>\n<h4 style='font-size: 18px; margin-top: 20px; margin-bottom: 10px; color: inherit;'>Equipos Recomendados:<\/h4>\n<p><strong>Routers:<\/strong><\/p>\n<ul style='padding-left: 20px; font-size: 15px; color: inherit;'>\n<li style='margin-bottom: 5px;'><a style='color: #ed0000;' href='https:\/\/www.syscom.mx\/principal\/searchcont?route=S380-L4T1T-HUAWEI-eKIT-223814&#038;autodetect=ekit'>S380-L4T1T<\/a><\/li>\n<li style='margin-bottom: 5px;'><a style='color: #ed0000;' href='https:\/\/www.syscom.mx\/principal\/searchcont?route=S380-S8P2T-HUAWEI-eKIT-223817&#038;autodetect=ekit'>S380-S8P2T<\/a><\/li>\n<li style='margin-bottom: 5px;'><a style='color: #ed0000;' href='https:\/\/www.syscom.mx\/principal\/searchcont?route=S380-L4P1T-HUAWEI-eKIT-223815&#038;autodetect=ekit'>S380-L4P1T<\/a><\/li>\n<\/ul>\n<p><strong>Switches:<\/strong><\/p>\n<ul style='padding-left: 20px; font-size: 15px; color: inherit;'>\n<li style='margin-bottom: 5px;'><a style='color: #ed0000;' href='https:\/\/www.syscom.mx\/principal\/searchcont?route=S220-24P4X-HUAWEI-eKIT-223806&#038;autodetect=ekit'>S220-24P4X<\/a><\/li>\n<\/ul>\n<p><strong>Puntos de Acceso:<\/strong><\/p>\n<ul style='padding-left: 20px; font-size: 15px; color: inherit;'>\n<li style='margin-bottom: 5px;'><a style='color: #ed0000;' href='https:\/\/www.syscom.mx\/principal\/searchcont?route=AP362-HUAWEI-eKIT-223796&#038;autodetect=ekit'>AP362<\/a><\/li>\n<\/ul><\/div>\n<p> <!-- Hoteles Peque\u00f1os y Medianos --> <\/p>\n<div style='margin-bottom: 30px;'>\n<h3 style='font-size: 20px; margin-top: 20px; margin-bottom: 15px; color: inherit;'>Hoteles Peque\u00f1os y Medianos<\/h3>\n<p> <img style='width: 100%; height: auto; border: 1px solid rgba(150&comma;150&comma;150&comma;0.3); border-radius: 8px;' src='https:\/\/ftp3.syscom.mx\/usuarios\/fotos\/AP362\/223796-captura_de_pantalla_2023-12-06_a_la(s)_19.34.01.png' alt='Hoteles'> <\/p>\n<h4 style='font-size: 18px; margin-top: 20px; margin-bottom: 10px; color: inherit;'>Equipos Recomendados:<\/h4>\n<p><strong>Routers:<\/strong><\/p>\n<ul style='padding-left: 20px; font-size: 15px; color: inherit;'>\n<li style='margin-bottom: 5px;'><a style='color: #ed0000;' href='https:\/\/www.syscom.mx\/principal\/searchcont?route=AR730-HUAWEI-eKIT-223820&#038;autodetect=ekit'>AR730<\/a><\/li>\n<li style='margin-bottom: 5px;'><a style='color: #ed0000;' href='https:\/\/www.syscom.mx\/principal\/searchcont?route=AR720-HUAWEI-eKIT-223819&#038;autodetect=ekit'>AR720<\/a><\/li>\n<\/ul>\n<p><strong>Controladora:<\/strong><\/p>\n<ul style='padding-left: 20px; font-size: 15px; color: inherit;'>\n<li style='margin-bottom: 5px;'><a style='color: #ed0000;' href='https:\/\/www.syscom.mx\/principal\/searchcont?route=AC650-128AP-HUAWEI-eKIT-223821&#038;autodetect=ar650'>AC650-128AP<\/a><\/li>\n<li style='margin-bottom: 5px;'><a style='color: #ed0000;' href='https:\/\/www.syscom.mx\/principal\/searchcont?route=AC650-256AP-HUAWEI-eKIT-223859&#038;autodetect=ar650'>AC650-256AP<\/a><\/li>\n<\/ul>\n<p><strong>Switches:<\/strong><\/p>\n<ul style='padding-left: 20px; font-size: 15px; color: inherit;'>\n<li style='margin-bottom: 5px;'><a style='color: #ed0000;' href='https:\/\/www.syscom.mx\/principal\/searchcont?route=S310-24T4X-HUAWEI-eKIT-223803&#038;autodetect=ekit'>S310-24T4X<\/a><\/li>\n<li style='margin-bottom: 5px;'><a style='color: #ed0000;' href='https:\/\/www.syscom.mx\/principal\/searchcont?route=S220-24P4X-HUAWEI-eKIT-223806&#038;autodetect=ekit'>S220-24P4X<\/a><\/li>\n<li style='margin-bottom: 5px;'><a style='color: #ed0000;' href='https:\/\/www.syscom.mx\/principal\/searchcont?route=S220-24T4X-HUAWEI-eKIT-223798&#038;autodetect=ekit'>S220-24T4X<\/a><\/li>\n<\/ul>\n<p><strong>Puntos de Acceso:<\/strong><\/p>\n<ul style='padding-left: 20px; font-size: 15px; color: inherit;'>\n<li style='margin-bottom: 5px;'><a style='color: #ed0000;' href='https:\/\/www.syscom.mx\/principal\/searchcont?route=AP362-HUAWEI-eKIT-223796&#038;autodetect=ekit'>AP362<\/a><\/li>\n<li style='margin-bottom: 5px;'><a style='color: #ed0000;' href='https:\/\/www.syscom.mx\/principal\/searchcont?route=AP263-HUAWEI-eKIT-223858&#038;autodetect=ekit'>AP263<\/a><\/li>\n<\/ul><\/div>\n<p> <!-- Casa Habitaci\u00f3n --> <\/p>\n<div style='margin-bottom: 30px;'>\n<h3 style='font-size: 20px; margin-top: 20px; margin-bottom: 15px; color: inherit;'>Casa Habitaci\u00f3n<\/h3>\n<p> <img style='width: 100%; height: auto; border: 1px solid rgba(150&comma;150&comma;150&comma;0.3); border-radius: 8px;' src='https:\/\/ftp3.syscom.mx\/usuarios\/fotos\/AP362\/223796-captura_de_pantalla_2023-12-06_a_la(s)_20.03.50.png' alt='Casa Habitaci\u00f3n'> <\/p>\n<h4 style='font-size: 18px; margin-top: 20px; margin-bottom: 10px; color: inherit;'>Equipos Recomendados:<\/h4>\n<p><strong>Routers:<\/strong><\/p>\n<ul style='padding-left: 20px; font-size: 15px; color: inherit;'>\n<li style='margin-bottom: 5px;'><a style='color: #ed0000;' href='https:\/\/www.syscom.mx\/principal\/searchcont?route=S380-S8P2T-HUAWEI-eKIT-223817&#038;autodetect=ekit'>S380-S8P2T<\/a><\/li>\n<\/ul>\n<p><strong>Switches:<\/strong><\/p>\n<ul style='padding-left: 20px; font-size: 15px; color: inherit;'>\n<li style='margin-bottom: 5px;'><a style='color: #ed0000;' href='https:\/\/www.syscom.mx\/principal\/searchcont?route=S310-24T4S-HUAWEI-eKIT-223801&#038;autodetect=ekit'>S310-24T4S<\/a><\/li>\n<\/ul>\n<p><strong>Puntos de Acceso:<\/strong><\/p>\n<ul style='padding-left: 20px; font-size: 15px; color: inherit;'>\n<li style='margin-bottom: 5px;'><a style='color: #ed0000;' href='https:\/\/www.syscom.mx\/principal\/searchcont?route=AP263-HUAWEI-eKIT-223858&#038;autodetect=ekit'>AP263<\/a><\/li>\n<\/ul><\/div>\n<p> <!-- Fabricas --> <\/p>\n<div style='margin-bottom: 30px;'>\n<h3 style='font-size: 20px; margin-top: 20px; margin-bottom: 15px; color: inherit;'>Fabricas<\/h3>\n<p> <img style='width: 100%; height: auto; border: 1px solid rgba(150&comma;150&comma;150&comma;0.3); border-radius: 8px;' src='https:\/\/ftp3.syscom.mx\/usuarios\/fotos\/AP362\/223796-captura_de_pantalla_2023-12-06_a_la(s)_20.18.17.png' alt='Fabricas'> <\/p>\n<h4 style='font-size: 18px; margin-top: 20px; margin-bottom: 10px; color: inherit;'>Equipos Recomendados:<\/h4>\n<p><strong>Routers:<\/strong><\/p>\n<ul style='padding-left: 20px; font-size: 15px; color: inherit;'>\n<li style='margin-bottom: 5px;'><a style='color: #ed0000;' href='https:\/\/www.syscom.mx\/principal\/searchcont?route=AR730-HUAWEI-eKIT-223820&#038;autodetect=ekit'>AR730<\/a><\/li>\n<\/ul>\n<p><strong>Controladora:<\/strong><\/p>\n<ul style='padding-left: 20px; font-size: 15px; color: inherit;'>\n<li style='margin-bottom: 5px;'><a style='color: #ed0000;' href='https:\/\/www.syscom.mx\/principal\/searchcont?route=AC650-256AP-HUAWEI-eKIT-223859&#038;autodetect=ar650'>AC650-256AP<\/a><\/li>\n<\/ul>\n<p><strong>Switches:<\/strong><\/p>\n<ul style='padding-left: 20px; font-size: 15px; color: inherit;'>\n<li style='margin-bottom: 5px;'><a style='color: #ed0000;' href='https:\/\/www.syscom.mx\/principal\/searchcont?route=S310-24T4X-HUAWEI-eKIT-223803&#038;autodetect=ekit'>S310-24T4X<\/a><\/li>\n<li style='margin-bottom: 5px;'><a style='color: #ed0000;' href='https:\/\/www.syscom.mx\/principal\/searchcont?route=S220-24P4X-HUAWEI-eKIT-223806&#038;autodetect=ekit'>S220-24P4X<\/a><\/li>\n<li style='margin-bottom: 5px;'><a style='color: #ed0000;' href='https:\/\/www.syscom.mx\/principal\/searchcont?route=S220-24T4X-HUAWEI-eKIT-223798&#038;autodetect=ekit'>S220-24T4X<\/a><\/li>\n<\/ul>\n<p><strong>Puntos de Acceso:<\/strong><\/p>\n<ul style='padding-left: 20px; font-size: 15px; color: inherit;'>\n<li style='margin-bottom: 5px;'><a style='color: #ed0000;' href='https:\/\/www.syscom.mx\/principal\/searchcont?route=AP362-HUAWEI-eKIT-223796&#038;autodetect=ekit'>AP362<\/a><\/li>\n<li style='margin-bottom: 5px;'><a style='color: #ed0000;' href='https:\/\/www.syscom.mx\/principal\/searchcont?route=AP263-HUAWEI-eKIT-223858&#038;autodetect=ekit'>AP263<\/a><\/li>\n<\/ul><\/div>\n<p> <!-- Escuelas --> <\/p>\n<div style='margin-bottom: 30px;'>\n<h3 style='font-size: 20px; margin-top: 20px; margin-bottom: 15px; color: inherit;'>Escuelas (Primarias y Secundarias)<\/h3>\n<p> <img style='width: 100%; height: auto; border: 1px solid rgba(150&comma;150&comma;150&comma;0.3); border-radius: 8px;' src='https:\/\/ftp3.syscom.mx\/usuarios\/fotos\/AP362\/223796-captura_de_pantalla_2023-12-06_a_la(s)_20.32.18.png' alt='Escuelas'> <\/p>\n<h4 style='font-size: 18px; margin-top: 20px; margin-bottom: 10px; color: inherit;'>Equipos Recomendados:<\/h4>\n<p><strong>Routers:<\/strong><\/p>\n<ul style='padding-left: 20px; font-size: 15px; color: inherit;'>\n<li style='margin-bottom: 5px;'><a style='color: #ed0000;' href='https:\/\/www.syscom.mx\/principal\/searchcont?route=AR730-HUAWEI-eKIT-223820&#038;autodetect=ekit'>AR730<\/a><\/li>\n<\/ul>\n<p><strong>Controladora:<\/strong><\/p>\n<ul style='padding-left: 20px; font-size: 15px; color: inherit;'>\n<li style='margin-bottom: 5px;'><a style='color: #ed0000;' href='https:\/\/www.syscom.mx\/principal\/searchcont?route=AC650-256AP-HUAWEI-eKIT-223859&#038;autodetect=ar650'>AC650-256AP<\/a><\/li>\n<\/ul>\n<p><strong>Switches:<\/strong><\/p>\n<ul style='padding-left: 20px; font-size: 15px; color: inherit;'>\n<li style='margin-bottom: 5px;'><a style='color: #ed0000;' href='https:\/\/www.syscom.mx\/principal\/searchcont?route=S310-24T4X-HUAWEI-eKIT-223803&#038;autodetect=ekit'>S310-24T4X<\/a><\/li>\n<li style='margin-bottom: 5px;'><a style='color: #ed0000;' href='https:\/\/www.syscom.mx\/principal\/searchcont?route=S220-24P4X-HUAWEI-eKIT-223806&#038;autodetect=ekit'>S220-24P4X<\/a><\/li>\n<li style='margin-bottom: 5px;'><a style='color: #ed0000;' href='https:\/\/www.syscom.mx\/principal\/searchcont?route=S220-24T4X-HUAWEI-eKIT-223798&#038;autodetect=ekit'>S220-24T4X<\/a><\/li>\n<\/ul>\n<p><strong>Puntos de Acceso:<\/strong><\/p>\n<ul style='padding-left: 20px; font-size: 15px; color: inherit;'>\n<li style='margin-bottom: 5px;'><a style='color: #ed0000;' href='https:\/\/www.syscom.mx\/principal\/searchcont?route=AP362-HUAWEI-eKIT-223796&#038;autodetect=ekit'>AP362<\/a><\/li>\n<\/ul><\/div>\n<p> <!-- Hospitales --> <\/p>\n<div style='margin-bottom: 30px;'>\n<h3 style='font-size: 20px; margin-top: 20px; margin-bottom: 15px; color: inherit;'>Hospitales Peque\u00f1os y Medianos<\/h3>\n<p> <img style='width: 100%; height: auto; border: 1px solid rgba(150&comma;150&comma;150&comma;0.3); border-radius: 8px;' src='https:\/\/ftp3.syscom.mx\/usuarios\/fotos\/AP362\/223796-captura_de_pantalla_2023-12-06_a_la(s)_20.43.54.png' alt='Hospitales'> <\/p>\n<h4 style='font-size: 18px; margin-top: 20px; margin-bottom: 10px; color: inherit;'>Equipos Recomendados:<\/h4>\n<p><strong>Routers:<\/strong><\/p>\n<ul style='padding-left: 20px; font-size: 15px; color: inherit;'>\n<li style='margin-bottom: 5px;'><a style='color: #ed0000;' href='https:\/\/www.syscom.mx\/principal\/searchcont?route=AR730-HUAWEI-eKIT-223820&#038;autodetect=ekit'>AR730<\/a><\/li>\n<\/ul>\n<p><strong>Controladora:<\/strong><\/p>\n<ul style='padding-left: 20px; font-size: 15px; color: inherit;'>\n<li style='margin-bottom: 5px;'><a style='color: #ed0000;' href='https:\/\/www.syscom.mx\/principal\/searchcont?route=AC650-256AP-HUAWEI-eKIT-223859&#038;autodetect=ar650'>AC650-256AP<\/a><\/li>\n<\/ul>\n<p><strong>Switches:<\/strong><\/p>\n<ul style='padding-left: 20px; font-size: 15px; color: inherit;'>\n<li style='margin-bottom: 5px;'><a style='color: #ed0000;' href='https:\/\/www.syscom.mx\/principal\/searchcont?route=S310-24T4X-HUAWEI-eKIT-223803&#038;autodetect=ekit'>S310-24T4X<\/a><\/li>\n<li style='margin-bottom: 5px;'><a style='color: #ed0000;' href='https:\/\/www.syscom.mx\/principal\/searchcont?route=S220-24P4X-HUAWEI-eKIT-223806&#038;autodetect=ekit'>S220-24P4X<\/a><\/li>\n<li style='margin-bottom: 5px;'><a style='color: #ed0000;' href='https:\/\/www.syscom.mx\/principal\/searchcont?route=S220-24T4X-HUAWEI-eKIT-223798&#038;autodetect=ekit'>S220-24T4X<\/a><\/li>\n<\/ul>\n<p><strong>Puntos de Acceso:<\/strong><\/p>\n<ul style='padding-left: 20px; font-size: 15px; color: inherit;'>\n<li style='margin-bottom: 5px;'><a style='color: #ed0000;' href='https:\/\/www.syscom.mx\/principal\/searchcont?route=AP362-HUAWEI-eKIT-223796&#038;autodetect=ekit'>AP362<\/a><\/li>\n<li style='margin-bottom: 5px;'><a style='color: #ed0000;' href='https:\/\/www.syscom.mx\/principal\/searchcont?route=AP263-HUAWEI-eKIT-223858&#038;autodetect=ekit'>AP263<\/a><\/li>\n<\/ul><\/div>\n<\/p><\/div>\n<p> <!-- Descarga App --> <\/p>\n<div style='margin-top: 40px; margin-bottom: 40px;'>\n<h2 style='font-size: 24px; margin-bottom: 20px; color: inherit;'>Descargue Aplicaci\u00f3n <span style='background-color: #ed0000; color: #ffffff;'>HUAWEI eKit<\/span><\/h2>\n<p>La aplicaci\u00f3n HUAWEI eKit es una plataforma de distribuci\u00f3n digital que integra marketing&comma; servicios y operaciones para numerosos socios de distribuci\u00f3n y usuarios de nivel empresarial en el mercado empresarial.<\/p>\n<p> <!-- Videos --> <\/p>\n<div style='display: flex; flex-wrap: wrap; gap: 30px; margin-top: 30px;'>\n<div style='flex: 1 1 450px; min-width: 300px;'>\n<div style='position: relative; padding-bottom: 56.25%; height: 0; overflow: hidden;'>   <\/div>\n<\/p><\/div>\n<div style='flex: 1 1 450px; min-width: 300px;'>\n<div style='position: relative; padding-bottom: 56.25%; height: 0; overflow: hidden;'>   <\/div>\n<\/p><\/div>\n<div style='flex: 1 1 450px; min-width: 300px;'>\n<div style='position: relative; padding-bottom: 56.25%; height: 0; overflow: hidden;'>   <\/div>\n<\/p><\/div>\n<div style='flex: 1 1 450px; min-width: 300px;'>\n<div style='position: relative; padding-bottom: 56.25%; height: 0; overflow: hidden;'>   <\/div>\n<\/p><\/div>\n<\/p><\/div>\n<\/p><\/div>\n<\/p><\/div>\n","protected":false},"excerpt":{"rendered":"<p>Router Empresarial \/ 2 puertos 10\/100\/1000 Mbps combo 2 puerto SFP (WAN) \/ 8 puerto 10\/100\/1000 Mbps(WAN\/LAN) \/ Rendimiento 4 Gbps \/ VPN \/ Balanceo de Cargas \/ Hasta 700 Clientes \/ Administraci\u00f3n Nube Gratis<\/p>\n","protected":false},"featured_media":80208,"comment_status":"open","ping_status":"closed","template":"","meta":[],"product_brand":[],"product_cat":[2036,2035,2034],"product_tag":[2039,2038,718,664,2037],"class_list":{"0":"post-80209","1":"product","2":"type-product","3":"status-publish","4":"has-post-thumbnail","6":"product_cat-balanceadores","7":"product_cat-firewalls","8":"product_cat-routers","9":"product_tag-balanceadores","10":"product_tag-firewalls","11":"product_tag-huawei","12":"product_tag-networking","13":"product_tag-routers","15":"first","16":"instock","17":"sale","18":"shipping-taxable","19":"purchasable","20":"product-type-simple"},"_links":{"self":[{"href":"https:\/\/soydeaqui.ddns.net\/pachuca\/index.php\/wp-json\/wp\/v2\/product\/80209","targetHints":{"allow":["GET"]}}],"collection":[{"href":"https:\/\/soydeaqui.ddns.net\/pachuca\/index.php\/wp-json\/wp\/v2\/product"}],"about":[{"href":"https:\/\/soydeaqui.ddns.net\/pachuca\/index.php\/wp-json\/wp\/v2\/types\/product"}],"replies":[{"embeddable":true,"href":"https:\/\/soydeaqui.ddns.net\/pachuca\/index.php\/wp-json\/wp\/v2\/comments?post=80209"}],"wp:featuredmedia":[{"embeddable":true,"href":"https:\/\/soydeaqui.ddns.net\/pachuca\/index.php\/wp-json\/wp\/v2\/media\/80208"}],"wp:attachment":[{"href":"https:\/\/soydeaqui.ddns.net\/pachuca\/index.php\/wp-json\/wp\/v2\/media?parent=80209"}],"wp:term":[{"taxonomy":"product_brand","embeddable":true,"href":"https:\/\/soydeaqui.ddns.net\/pachuca\/index.php\/wp-json\/wp\/v2\/product_brand?post=80209"},{"taxonomy":"product_cat","embeddable":true,"href":"https:\/\/soydeaqui.ddns.net\/pachuca\/index.php\/wp-json\/wp\/v2\/product_cat?post=80209"},{"taxonomy":"product_tag","embeddable":true,"href":"https:\/\/soydeaqui.ddns.net\/pachuca\/index.php\/wp-json\/wp\/v2\/product_tag?post=80209"}],"curies":[{"name":"wp","href":"https:\/\/api.w.org\/{rel}","templated":true}]}}