{"id":80035,"date":"2026-03-19T17:47:43","date_gmt":"2026-03-19T17:47:43","guid":{"rendered":"https:\/\/soydeaqui.ddns.net\/pachuca\/index.php\/producto\/switch-poe-administrable-capa-2-8-puertos-poe-802-3af-at-bt-de-95-w-2-puertos-sfp-100-1000x-hasta-180-watts\/"},"modified":"2026-03-19T17:47:50","modified_gmt":"2026-03-19T17:47:50","slug":"switch-poe-administrable-capa-2-8-puertos-poe-802-3af-at-bt-de-95-w-2-puertos-sfp-100-1000x-hasta-180-watts","status":"publish","type":"product","link":"https:\/\/soydeaqui.ddns.net\/pachuca\/index.php\/producto\/switch-poe-administrable-capa-2-8-puertos-poe-802-3af-at-bt-de-95-w-2-puertos-sfp-100-1000x-hasta-180-watts\/","title":{"rendered":"Switch PoE Administrable Capa 2, 8 Puertos PoE 802.3af\/at\/bt de 95 W, 2 Puertos SFP 100\/1000X, Hasta 180 Watts"},"content":{"rendered":"<div style='width: 100%; max-width: 1200px; margin: 0 auto; font-family: sans-serif; line-height: 1.6; color: inherit; background-color: transparent;'> <!-- Iconos de caracter\u00edsticas --> <\/p>\n<div style='display: flex; flex-wrap: wrap; gap: 15px; margin-bottom: 30px; justify-content: center;'> <img style='width: auto; height: 40px; border: 1px solid rgba(150&comma;150&comma;150&comma;0.3); border-radius: 8px;' src='https:\/\/planet.com.tw\/storage\/icons\/662\/802.3bt-PoE++.png' alt='802.3bt PoE++'> <img style='width: auto; height: 40px; border: 1px solid rgba(150&comma;150&comma;150&comma;0.3); border-radius: 8px;' src='https:\/\/planet.com.tw\/storage\/icons\/623\/4icon_95W_PoE++.png' alt='PoE++ de 95W'> <img style='width: auto; height: 40px; border: 1px solid rgba(150&comma;150&comma;150&comma;0.3); border-radius: 8px;' src='https:\/\/planet.com.tw\/storage\/icons\/633\/Cyber-Security.png' alt='La seguridad cibern\u00e9tica'> <img style='width: auto; height: 40px; border: 1px solid rgba(150&comma;150&comma;150&comma;0.3); border-radius: 8px;' src='https:\/\/planet.com.tw\/storage\/icons\/7icon_UTP_Extend_250m.png' alt='UTP Extender 250m'> <img style='width: auto; height: 40px; border: 1px solid rgba(150&comma;150&comma;150&comma;0.3); border-radius: 8px;' src='https:\/\/planet.com.tw\/storage\/icons\/2icon_802.1Q_VLAN.png' alt='VLAN 802.1Q'> <img style='width: auto; height: 40px; border: 1px solid rgba(150&comma;150&comma;150&comma;0.3); border-radius: 8px;' src='https:\/\/planet.com.tw\/storage\/icons\/2icon_IPv6IPv4_ACLQoS.png' alt='IPv6\/IPv4 ACL\/QoS'> <\/div>\n<p> <!-- Descripci\u00f3n principal --> <\/p>\n<div style='margin-bottom: 30px;'>\n<p style='font-size: 16px; color: inherit;'> El GS-4210-8UP2S es un switch administrable PoE++ Gigabit IEEE 802.3bt 1U de arquitectura optimizada que presenta funciones PoE inteligentes de PLANET para mejorar la disponibilidad de aplicaciones comerciales cr\u00edticas. <\/p>\n<\/p><\/div>\n<p> <!-- Im\u00e1genes principales --> <\/p>\n<div style='display: flex; flex-wrap: wrap; gap: 30px; margin-bottom: 30px; justify-content: center;'> <img style='width: 100%; max-width: 500px; height: auto; border: 1px solid rgba(150&comma;150&comma;150&comma;0.3); border-radius: 8px;' src='https:\/\/planet.com.tw\/storage\/products\/49676\/edm_GS-4210-8UP2S.jpg' alt=''> <img style='width: 100%; max-width: 500px; height: auto; border: 1px solid rgba(150&comma;150&comma;150&comma;0.3); border-radius: 8px;' src='https:\/\/planet.com.tw\/storage\/products\/49676\/GS-4210-8UP2S_Front-Panel-Introduction.png' alt=''> <\/div>\n<p> <!-- Secci\u00f3n de caracter\u00edsticas --> <\/p>\n<div style='display: flex; flex-wrap: wrap; gap: 30px; margin-bottom: 30px;'>\n<div style='flex: 1 1 300px; min-width: 280px;'>\n<h3 style='font-size: 22px; border-bottom: 2px solid currentColor; padding-bottom: 5px; margin-top: 0; color: inherit; opacity: 0.8;'>Soluciones IEEE 802.3bt PoE++<\/h3>\n<p> <img style='width: 100%; height: auto; border: 1px solid rgba(150&comma;150&comma;150&comma;0.3); border-radius: 8px; margin-bottom: 15px;' src='https:\/\/planet.com.tw\/storage\/products\/49676\/POE-171A-95-2.png' alt=''> <\/p>\n<p style='font-size: 15px; color: inherit;'> El GS-4210-8UP2S admite el est\u00e1ndar 802.3bt y suministra hasta 95 Watts por puerto 802.3bt para mayores requisitos de los dispositivos. <\/p>\n<\/p><\/div>\n<div style='flex: 1 1 300px; min-width: 280px;'>\n<h3 style='font-size: 22px; border-bottom: 2px solid currentColor; padding-bottom: 5px; margin-top: 0; color: inherit; opacity: 0.8;'>Modo &#8216;Extender&#8217;<\/h3>\n<p> <img style='width: 100%; height: auto; border: 1px solid rgba(150&comma;150&comma;150&comma;0.3); border-radius: 8px; margin-bottom: 15px;' src='https:\/\/planet.com.tw\/storage\/products\/49676\/Common_PoE-switch_Extend-Mode.png' alt=''> <\/p>\n<p style='font-size: 15px; color: inherit;'> El GS-4210-8UP2S funciona a una velocidad duplex de 10 Mbps pero puede admitir una salida de alimentaci\u00f3n PoE de 50 Watts correspondientemente a una distancia de hasta 250 metros&comma; superando el l\u00edmite de 100 m. <\/p>\n<\/p><\/div>\n<div style='flex: 1 1 300px; min-width: 280px;'>\n<h3 style='font-size: 22px; border-bottom: 2px solid currentColor; padding-bottom: 5px; margin-top: 0; color: inherit; opacity: 0.8;'>Soluci\u00f3n de gesti\u00f3n remota<\/h3>\n<p> <img style='width: 100%; height: auto; border: 1px solid rgba(150&comma;150&comma;150&comma;0.3); border-radius: 8px; margin-bottom: 15px;' src='https:\/\/planet.com.tw\/storage\/products\/49676\/Common_CloudViewerPro-App.png' alt=''> <\/p>\n<p style='font-size: 15px; color: inherit;'> El sistema de gesti\u00f3n de red universal (UNI-NMS) de PLANET y la aplicaci\u00f3n CloudViewer\/CloudViewerPro apoyan al personal de TI administrando de forma remota todos los dispositivos de red y monitoreando los estados operativos de los PD. <\/p>\n<\/p><\/div>\n<\/p><\/div>\n<p> <!-- Separador --> <\/p>\n<hr style='border: 0; border-top: 1px solid rgba(150&comma; 150&comma; 150&comma; 0.3); margin: 30px 0;'> <!-- Secci\u00f3n de especificaciones --> <\/p>\n<div style='margin-bottom: 30px;'>\n<h2 style='font-size: 20px; color: inherit; margin-bottom: 20px; text-align: center;'>Especificaciones<\/h2>\n<div style='display: flex; flex-wrap: wrap; gap: 20px;'> <!-- Caracter\u00edsticas Principales --> <\/p>\n<div style='flex: 1 1 300px; min-width: 280px;'>\n<div style='border: 1px solid rgba(150&comma; 150&comma; 150&comma; 0.4); border-radius: 8px; overflow: hidden;'>\n<div style='padding: 15px; border-bottom: 1px solid rgba(150&comma; 150&comma; 150&comma; 0.2); font-weight: bold; font-size: 18px; color: inherit; background-color: rgba(0&comma; 0&comma; 0&comma; 0.05);'>Caracter\u00edsticas Principales<\/div>\n<div style='padding: 15px; color: inherit;'>\n<ul style='padding-left: 20px; margin: 0; font-size: 14px; list-style-type: disc;'>\n<li style='margin-bottom: 5px;'>Cumple con el est\u00e1ndar PSE IEEE 802.3bt PoE++<\/li>\n<li style='margin-bottom: 5px;'>Compatible con versiones anteriores con IEEE 802.3at PoE+ y 802.3af Power over Ethernet<\/li>\n<li style='margin-bottom: 5px;'>Los puertos 1 a 8 admiten hasta 95 Watts<\/li>\n<li style='margin-bottom: 5px;'>Alimentaci\u00f3n remota de hasta 100 metros en modo est\u00e1ndar y 250 m en modo extendido<\/li>\n<li style='margin-bottom: 5px;'>Funciones de capa 2<\/li>\n<li style='margin-bottom: 5px;'>Activar\/desactivar la funci\u00f3n PoE por puerto<\/li>\n<li style='margin-bottom: 5px;'>Reciclaje de energ\u00eda programado<\/li>\n<li style='margin-bottom: 5px;'>L\u00edmite de velocidad de entrada y salida por control de ancho de banda de puerto<\/li>\n<li style='margin-bottom: 5px;'>Sistema PLANET NMS y CloudViewer\/CloudViewerPro para gesti\u00f3n de implementaci\u00f3n<\/li>\n<\/ul><\/div>\n<\/p><\/div>\n<\/p><\/div>\n<p> <!-- Caracter\u00edsticas F\u00edsicas y El\u00e9ctricas --> <\/p>\n<div style='flex: 1 1 300px; min-width: 280px;'>\n<div style='border: 1px solid rgba(150&comma; 150&comma; 150&comma; 0.4); border-radius: 8px; overflow: hidden;'>\n<div style='padding: 15px; border-bottom: 1px solid rgba(150&comma; 150&comma; 150&comma; 0.2); font-weight: bold; font-size: 18px; color: inherit; background-color: rgba(0&comma; 0&comma; 0&comma; 0.05);'>Caracter\u00edsticas F\u00edsicas y El\u00e9ctricas<\/div>\n<div style='padding: 15px; color: inherit;'>\n<ul style='padding-left: 20px; margin: 0; font-size: 14px; list-style-type: disc;'>\n<li style='margin-bottom: 5px;'><strong>8 puertos RJ45 10\/100\/1000BASE-T<\/strong> con funci\u00f3n de inyector PoE<\/li>\n<li style='margin-bottom: 5px;'><strong>2 ranuras SFP 100\/1000BASE-X<\/strong><\/li>\n<li style='margin-bottom: 5px;'>Interfaz de consola RJ45 para configuraci\u00f3n y administraci\u00f3n b\u00e1sica del switch<\/li>\n<li style='margin-bottom: 5px;'>Puertos con funci\u00f3n de inyector 802.3bt PoE++ (Puertos 1 a 8)<\/li>\n<li style='margin-bottom: 5px;'>Voltaje: 100~240 VCA&comma; 50\/60 Hz<\/li>\n<li style='margin-bottom: 5px;'>Dimensiones: 280 x 180 x 44 mm&comma; 1U de altura<\/li>\n<li style='margin-bottom: 5px;'>Peso: 1800 g<\/li>\n<li style='margin-bottom: 5px;'>Temperatura de 0 a 50\u00b0C<\/li>\n<\/ul><\/div>\n<\/p><\/div>\n<\/p><\/div>\n<p> <!-- Contenido de la Caja --> <\/p>\n<div style='flex: 1 1 300px; min-width: 280px;'>\n<div style='border: 1px solid rgba(150&comma; 150&comma; 150&comma; 0.4); border-radius: 8px; overflow: hidden;'>\n<div style='padding: 15px; border-bottom: 1px solid rgba(150&comma; 150&comma; 150&comma; 0.2); font-weight: bold; font-size: 18px; color: inherit; background-color: rgba(0&comma; 0&comma; 0&comma; 0.05);'>Contenido de la Caja<\/div>\n<div style='padding: 15px; color: inherit;'>\n<ul style='padding-left: 20px; margin: 0; font-size: 14px; list-style-type: disc;'>\n<li style='margin-bottom: 5px;'>1 GS-4210-8UP2S<\/li>\n<li style='margin-bottom: 5px;'>1 Gu\u00eda r\u00e1pida de la aplicaci\u00f3n CloudViewerPro<\/li>\n<li style='margin-bottom: 5px;'>1 Cable de consola RS232 a RJ45<\/li>\n<li style='margin-bottom: 5px;'>4 Patas de goma<\/li>\n<li style='margin-bottom: 5px;'>Paquete de montaje en bastidor<\/li>\n<li style='margin-bottom: 5px;'>1 Cable de alimentaci\u00f3n<\/li>\n<li style='margin-bottom: 5px;'>2 Tapas antipolvo SFP<\/li>\n<\/ul><\/div>\n<\/p><\/div>\n<\/p><\/div>\n<\/p><\/div>\n<\/p><\/div>\n<p> <!-- Separador final --> <\/p>\n<hr style='border: 0; border-top: 1px solid rgba(150&comma; 150&comma; 150&comma; 0.3); margin: 30px 0;'> <\/div>\n","protected":false},"excerpt":{"rendered":"<p>Switch PoE Administrable Capa 2, 8 Puertos PoE 802.3af\/at\/bt de 95 W, 2 Puertos SFP 100\/1000X, Hasta 180 Watts<\/p>\n","protected":false},"featured_media":80034,"comment_status":"open","ping_status":"closed","template":"","meta":[],"product_brand":[],"product_cat":[1986],"product_tag":[664,2033,1987],"class_list":{"0":"post-80035","1":"product","2":"type-product","3":"status-publish","4":"has-post-thumbnail","6":"product_cat-switches-poe","7":"product_tag-networking","8":"product_tag-planet","9":"product_tag-switches-poe","11":"first","12":"outofstock","13":"sale","14":"shipping-taxable","15":"purchasable","16":"product-type-simple"},"_links":{"self":[{"href":"https:\/\/soydeaqui.ddns.net\/pachuca\/index.php\/wp-json\/wp\/v2\/product\/80035","targetHints":{"allow":["GET"]}}],"collection":[{"href":"https:\/\/soydeaqui.ddns.net\/pachuca\/index.php\/wp-json\/wp\/v2\/product"}],"about":[{"href":"https:\/\/soydeaqui.ddns.net\/pachuca\/index.php\/wp-json\/wp\/v2\/types\/product"}],"replies":[{"embeddable":true,"href":"https:\/\/soydeaqui.ddns.net\/pachuca\/index.php\/wp-json\/wp\/v2\/comments?post=80035"}],"wp:featuredmedia":[{"embeddable":true,"href":"https:\/\/soydeaqui.ddns.net\/pachuca\/index.php\/wp-json\/wp\/v2\/media\/80034"}],"wp:attachment":[{"href":"https:\/\/soydeaqui.ddns.net\/pachuca\/index.php\/wp-json\/wp\/v2\/media?parent=80035"}],"wp:term":[{"taxonomy":"product_brand","embeddable":true,"href":"https:\/\/soydeaqui.ddns.net\/pachuca\/index.php\/wp-json\/wp\/v2\/product_brand?post=80035"},{"taxonomy":"product_cat","embeddable":true,"href":"https:\/\/soydeaqui.ddns.net\/pachuca\/index.php\/wp-json\/wp\/v2\/product_cat?post=80035"},{"taxonomy":"product_tag","embeddable":true,"href":"https:\/\/soydeaqui.ddns.net\/pachuca\/index.php\/wp-json\/wp\/v2\/product_tag?post=80035"}],"curies":[{"name":"wp","href":"https:\/\/api.w.org\/{rel}","templated":true}]}}