{"id":79994,"date":"2026-03-19T17:45:59","date_gmt":"2026-03-19T17:45:59","guid":{"rendered":"https:\/\/soydeaqui.ddns.net\/pachuca\/index.php\/producto\/mini-otdr-para-fibra-ptica-monomodo-longitud-de-onda-1310nm-y-1550nm-funcin-vfl-10mw-funcin-opm-mapeo-de-cables-de-red-rj45-recargable-distancia-de-prueba-hasta-64-kilmetros-39-77-mil\/"},"modified":"2026-03-19T17:46:00","modified_gmt":"2026-03-19T17:46:00","slug":"mini-otdr-para-fibra-ptica-monomodo-longitud-de-onda-1310nm-y-1550nm-funcin-vfl-10mw-funcin-opm-mapeo-de-cables-de-red-rj45-recargable-distancia-de-prueba-hasta-64-kilmetros-39-77-mil","status":"publish","type":"product","link":"https:\/\/soydeaqui.ddns.net\/pachuca\/index.php\/producto\/mini-otdr-para-fibra-ptica-monomodo-longitud-de-onda-1310nm-y-1550nm-funcin-vfl-10mw-funcin-opm-mapeo-de-cables-de-red-rj45-recargable-distancia-de-prueba-hasta-64-kilmetros-39-77-mil\/","title":{"rendered":"Mini OTDR para Fibra ?ptica Monomodo \/ Longitud de Onda 1310nm y 1550nm \/ Funci?n VFL 10mW \/ Funci?n OPM \/ Mapeo de Cables de Red RJ45 \/ Recargable \/ Distancia de Prueba hasta 64 Kil?metros (39.77 Millas)"},"content":{"rendered":"<div style='width: 100%; max-width: 1200px; margin: 0 auto; font-family: sans-serif; line-height: 1.6; color: inherit; background-color: transparent;'> <!-- Descripci\u00f3n principal --> <\/p>\n<div style='margin-bottom: 30px;'>\n<p style='margin-top: 0; margin-bottom: 15px; text-align: justify; color: inherit;'>El LP-M-OTDR-PRO Mini Pro tiene una pantalla a color de 3&comma;5\u201d. La interfaz de operaci\u00f3n es simple y f\u00e1cil de operar. Integra OTDR&comma; fuente de luz estable&comma; medidor de potencia \u00f3ptica&comma; ubicaci\u00f3n visual de fallas&comma; secuencia de cables&comma; longitud de cables&comma; rastreador de cables y linterna.<\/p>\n<p style='margin-top: 0; margin-bottom: 15px; text-align: justify; color: inherit;'>Adopta una gesti\u00f3n inteligente del ahorro de energ\u00eda&comma; un tiempo de medici\u00f3n s\u00faper largo de 12 horas para garantizar que las pruebas de campo y el mantenimiento funcionen de manera eficiente. Se utiliza para medir la longitud&comma; p\u00e9rdida&comma; calidad de conexi\u00f3n y otros par\u00e1metros de cables RJ-45 y fibra \u00f3ptica.<\/p>\n<\/p><\/div>\n<p> <!-- Incluye --> <\/p>\n<div style='margin-bottom: 30px;'>\n<h3 style='font-size: 22px; border-bottom: 2px solid currentColor; padding-bottom: 5px; margin-top: 0; color: inherit; opacity: 0.8;'>Incluye<\/h3>\n<ul style='padding-left: 20px; margin: 0; font-size: 15px; color: inherit; list-style-type: square;'>\n<li style='margin-bottom: 5px;'>OTDR<\/li>\n<li style='margin-bottom: 5px;'>Estuche<\/li>\n<li style='margin-bottom: 5px;'>Cargador USB<\/li>\n<li style='margin-bottom: 5px;'>Certificado de calibraci\u00f3n<\/li>\n<li style='margin-bottom: 5px;'>Adaptador para conector ST<\/li>\n<li style='margin-bottom: 5px;'>Rastreador de cables de red<\/li>\n<li style='margin-bottom: 5px;'>Manual de usuario<\/li>\n<\/ul><\/div>\n<p> <!-- Nota --> <\/p>\n<div style='margin-bottom: 30px;'>\n<p style='margin: 0; color: inherit; font-size: 14px;'> <strong style='color: inherit;'>NOTA:<\/strong> Se recomienda su uso con bobina de lanzamiento&comma; para eliminar la zona muerta y mejorar la precisi\u00f3n de las mediciones: <a href='https:\/\/www.syscom.mx\/principal\/searchcont?route=LP-LC-SM-1KM-LINKEDPRO-BY-EPCOM-229299&#038;autodetect=BOBINA_DE_LANZAMIENTO' style='color: #0066cc; text-decoration: underline;' target='_blank'>LP-LC-SM-1KM<\/a> <\/p>\n<\/p><\/div>\n<p> <!-- Secci\u00f3n de especificaciones --> <\/p>\n<div style='display: flex; flex-wrap: wrap; gap: 30px; margin-bottom: 30px;'> <!-- Caracter\u00edsticas principales del OTDR --> <\/p>\n<div style='flex: 1 1 300px; min-width: 280px;'>\n<h3 style='font-size: 22px; border-bottom: 2px solid currentColor; padding-bottom: 5px; margin-top: 0; color: inherit; opacity: 0.8;'>Caracter\u00edsticas principales del OTDR<\/h3>\n<ul style='padding-left: 20px; font-size: 15px; color: inherit;'>\n<li style='margin-bottom: 5px;'>Compatible con Fibra \u00d3ptica Monomodo.<\/li>\n<li style='margin-bottom: 5px;'>Longitud de onda: 1310nm&comma; y 1550nm.<\/li>\n<li style='margin-bottom: 5px;'>Rango din\u00e1mico: 24dB\/22dB.<\/li>\n<li style='margin-bottom: 5px;'>An\u00e1lisis de p\u00e9rdida: M\u00e9todo de 4 y 5 puntos.<\/li>\n<li style='margin-bottom: 5px;'>Zona muerta entre eventos: 3 metros.<\/li>\n<li style='margin-bottom: 5px;'>Nivel de seguridad del l\u00e1ser: Clase II.<\/li>\n<li style='margin-bottom: 5px;'>Soportar conectores SC&comma; FC y ST.<\/li>\n<li style='margin-bottom: 5px;'>Mapeo de cables de red RJ45.<\/li>\n<li style='margin-bottom: 5px;'>Temperatura de operaci\u00f3n: -10\u00baC a 50\u00baC.<\/li>\n<li style='margin-bottom: 5px;'>Bater\u00eda de pol\u00edmero de iones de litio 4000mAh.<\/li>\n<\/ul><\/div>\n<p> <!-- Localizador Visual de Fallos (VFL) --> <\/p>\n<div style='flex: 1 1 300px; min-width: 280px;'>\n<h3 style='font-size: 22px; border-bottom: 2px solid currentColor; padding-bottom: 5px; margin-top: 0; color: inherit; opacity: 0.8;'>Localizador Visual de Fallos (VFL)<\/h3>\n<ul style='padding-left: 20px; font-size: 15px; color: inherit;'>\n<li style='margin-bottom: 5px;'>Longitud de onda: 650nm.<\/li>\n<li style='margin-bottom: 5px;'>Potencia de salida: >10mW<\/li>\n<li style='margin-bottom: 5px;'>Modo: CW\/1Hz\/2Hz<\/li>\n<li style='margin-bottom: 5px;'>Conector compatible: FC&comma; ST y SC<\/li>\n<\/ul><\/div>\n<p> <!-- Medidor de Potencia \u00d3ptica (OPM) --> <\/p>\n<div style='flex: 1 1 300px; min-width: 280px;'>\n<h3 style='font-size: 22px; border-bottom: 2px solid currentColor; padding-bottom: 5px; margin-top: 0; color: inherit; opacity: 0.8;'>Medidor de Potencia \u00d3ptica (OPM)<\/h3>\n<ul style='padding-left: 20px; font-size: 15px; color: inherit;'>\n<li style='margin-bottom: 5px;'>Longitudes de onda: 800nm a 1700nm<\/li>\n<li style='margin-bottom: 5px;'>Rango de prueba: -50dBm a 26 dBm.<\/li>\n<li style='margin-bottom: 5px;'>Onda de calibraci\u00f3n: 850nm \/ 980nm \/ 1300nm \/ 1310nm \/ 1490nm \/ 1550nm \/1625nm \/ 1650nm.<\/li>\n<li style='margin-bottom: 5px;'>Conector compatible: FC&comma; ST y SC.<\/li>\n<\/ul><\/div>\n<\/p><\/div>\n<p> <!-- Separador --> <\/p>\n<hr style='border: 0; border-top: 1px solid rgba(150&comma; 150&comma; 150&comma; 0.3); margin: 30px 0;'> <\/div>\n","protected":false},"excerpt":{"rendered":"<p>Mini OTDR para Fibra ?ptica Monomodo \/ Longitud de Onda 1310nm y 1550nm \/ Funci?n VFL 10mW \/ Funci?n OPM \/ Mapeo de Cables de Red RJ45 \/ Recargable \/ Distancia de Prueba hasta 64 Kil?metros (39.77 Millas)<\/p>\n","protected":false},"featured_media":79993,"comment_status":"open","ping_status":"closed","template":"","meta":[],"product_brand":[],"product_cat":[636],"product_tag":[611,25,435],"class_list":{"0":"post-79994","1":"product","2":"type-product","3":"status-publish","4":"has-post-thumbnail","6":"product_cat-herramientas-fibra-optica","7":"product_tag-fibra-optica","8":"product_tag-herramientas","9":"product_tag-linkedpro-by-epcom","11":"first","12":"instock","13":"sale","14":"shipping-taxable","15":"purchasable","16":"product-type-simple"},"_links":{"self":[{"href":"https:\/\/soydeaqui.ddns.net\/pachuca\/index.php\/wp-json\/wp\/v2\/product\/79994","targetHints":{"allow":["GET"]}}],"collection":[{"href":"https:\/\/soydeaqui.ddns.net\/pachuca\/index.php\/wp-json\/wp\/v2\/product"}],"about":[{"href":"https:\/\/soydeaqui.ddns.net\/pachuca\/index.php\/wp-json\/wp\/v2\/types\/product"}],"replies":[{"embeddable":true,"href":"https:\/\/soydeaqui.ddns.net\/pachuca\/index.php\/wp-json\/wp\/v2\/comments?post=79994"}],"wp:featuredmedia":[{"embeddable":true,"href":"https:\/\/soydeaqui.ddns.net\/pachuca\/index.php\/wp-json\/wp\/v2\/media\/79993"}],"wp:attachment":[{"href":"https:\/\/soydeaqui.ddns.net\/pachuca\/index.php\/wp-json\/wp\/v2\/media?parent=79994"}],"wp:term":[{"taxonomy":"product_brand","embeddable":true,"href":"https:\/\/soydeaqui.ddns.net\/pachuca\/index.php\/wp-json\/wp\/v2\/product_brand?post=79994"},{"taxonomy":"product_cat","embeddable":true,"href":"https:\/\/soydeaqui.ddns.net\/pachuca\/index.php\/wp-json\/wp\/v2\/product_cat?post=79994"},{"taxonomy":"product_tag","embeddable":true,"href":"https:\/\/soydeaqui.ddns.net\/pachuca\/index.php\/wp-json\/wp\/v2\/product_tag?post=79994"}],"curies":[{"name":"wp","href":"https:\/\/api.w.org\/{rel}","templated":true}]}}