{"id":7989,"date":"2026-03-18T07:03:18","date_gmt":"2026-03-18T07:03:18","guid":{"rendered":"https:\/\/soydeaqui.ddns.net\/pachuca\/index.php\/producto\/panel-de-alarma-cloud-2-anos-3g-4g-ilimitado-incluido-32-zonas-inalambricas-8-zonas-cableadas-programacion-100-via-web-y-app-gratuita\/"},"modified":"2026-03-18T07:03:21","modified_gmt":"2026-03-18T07:03:21","slug":"panel-de-alarma-cloud-2-anos-3g-4g-ilimitado-incluido-32-zonas-inalambricas-8-zonas-cableadas-programacion-100-via-web-y-app-gratuita","status":"publish","type":"product","link":"https:\/\/soydeaqui.ddns.net\/pachuca\/index.php\/producto\/panel-de-alarma-cloud-2-anos-3g-4g-ilimitado-incluido-32-zonas-inalambricas-8-zonas-cableadas-programacion-100-via-web-y-app-gratuita\/","title":{"rendered":"Panel de Alarma Cloud \/ 2 A\u00f1os 3G\/4G Ilimitado Incluido  \/ 32 Zonas Inal\u00e1mbricas \/ 8 Zonas Cableadas \/ Programaci\u00f3n 100% v\u00eda WEB y APP gratuita."},"content":{"rendered":"<p>Panel de Alarma 4G \/ 3G con 8 Zonas Cableadas \/ 32 Inal\u00e1mbricas \/ Programacion 100% v\u00eda WEB remota (Sin apertura de puertos).<\/p>\n<p><strong>Plataforma de administraci\u00f3n sin costo.<\/strong> <\/p>\n<p>Incluye:<\/p>\n<p>-Tarjeta Hibrida 8\/32&comma; 8 Zonas Cableadas y 32 Inalambricas.<\/p>\n<p>-Antena de comunicacion 3G\/4G.<\/p>\n<p>-Fuente de Poder.<\/p>\n<p>-Gabienete Plastico.<\/p>\n<p>-2 A\u00f1o de servicio en datos Ilimitados.<\/p>\n<p><strong>NOTA:NECESARIO M\u00cdNIMO 1 LLAVERO PARA ASOCIAR EL ARMADO Y DESARMADO REMOTO EN EL APLICATIVO.<\/strong><\/p>\n<div class='container color-text'>\n<div class='row bkg-pro4g'>\n<div class='col-md-12'>\n<div class='row'>\n<div class='col-md-6' style='margin-top: 50px;'><img class='fr-fic fr-dii' style='max-width: 80px;' src='http:\/\/ftp3.syscom.mx\/usuarios\/ftp\/single_page\/m2m\/syscom-365-logo.png' \/> <\/p>\n<p style='color: #1c58a6; font-size: 50px; font-weight: bold;'>Panel de Alarma Cloud H\u00edbrido<\/p>\n<p> <span style='color: #1c58a6; font-size: 30px; font-weight: 300;'>Comunicador 3G\/4G incluido <\/span><\/div>\n<\/p><\/div>\n<\/p><\/div>\n<\/p><\/div>\n<div class='row default_margin_bottom'>\n<div class='col-xs-6 col-sm-2'><a><img class='img-responsive center-block fr-fic fr-dib' style='max-width: 120px;' src='http:\/\/ftp3.syscom.mx\/usuarios\/ftp\/single_page\/syscom_pro4g\/zonas-activas.png' \/><\/a> <\/p>\n<p class='text-center'>8 zonas Cableadas y 32 Inal\u00e1mbircas.<\/p>\n<\/p><\/div>\n<div class='col-xs-6 col-sm-2'><a><img class='img-responsive center-block fr-fic fr-dib' style='max-width: 120px;' src='http:\/\/ftp3.syscom.mx\/usuarios\/ftp\/single_page\/syscom_pro4g\/notificaciones.png' \/><\/a> <\/p>\n<p class='text-center'>Eventos Ilimitados.<\/p>\n<\/p><\/div>\n<div class='col-xs-6 col-sm-2'><img class='img-responsive center-block fr-fic fr-dib' style='max-width: 120px;' src='http:\/\/ftp3.syscom.mx\/usuarios\/ftp\/single_page\/syscom_pro4g\/sim.png' \/> <\/p>\n<p class='text-center'>Cobertura Telcel\/ Movistar (Dual).<\/p>\n<\/p><\/div>\n<div class='col-xs-6 col-sm-2'><img class='img-responsive center-block fr-fic fr-dib' style='max-width: 120px;' src='http:\/\/ftp3.syscom.mx\/usuarios\/ftp\/single_page\/syscom_pro4g\/configuracion.png' \/> <\/p>\n<p class='text-center'>Activaci\u00f3n en Segundos &#8216;sin humanos&#8217;.<\/p>\n<\/p><\/div>\n<div class='col-xs-6 col-sm-2'><img class='img-responsive center-block fr-fic fr-dib' style='max-width: 120px;' src='http:\/\/ftp3.syscom.mx\/usuarios\/ftp\/single_page\/syscom_pro4g\/aplicacion.png' \/> <\/p>\n<p class='text-center'>Acceso al App Administrado por la Central.<\/p>\n<\/p><\/div>\n<div class='col-xs-6 col-sm-2'><img class='img-responsive center-block fr-fic fr-dib' style='max-width: 120px;' src='http:\/\/ftp3.syscom.mx\/usuarios\/ftp\/single_page\/syscom_pro4g\/smart.png' \/> <\/p>\n<p class='text-center'>Enrolamiento de zonas inteligente.<\/p>\n<\/p><\/div>\n<\/p><\/div>\n<div class='row default_margin_bottom'>\n<div class='col-sm-4 default_margin_bottom'>\n<div class='panel_segmento_m2m'>\n<h3>Cobertura 3G\/4G Ilimitada<\/h3>\n<p>Incluye 2 a\u00f1os de servicio de datos sin costo<\/p>\n<p>Puede agregar 1 a\u00f1o de cobertura adicional muy sencillo&comma; solamente <a href='principal\/consultarproductosazul?global_search=voucher&#038;ordenar=Relevancia&#038;pag=1'>adquiriendo vouchers<\/a> con el precio m\u00e1s bajo sin tener que lidiar con compa\u00f1\u00edas celulares.<\/p>\n<p>Es posible a\u00f1adir m\u00e1s de 12 meses de servicio&comma; 24&comma; 36&comma; etc.<\/p>\n<\/p><\/div>\n<\/p><\/div>\n<div class='col-sm-4 default_margin_bottom'>\n<div class='panel_segmento_m2m'>\n<h3>Central Receptora de Alarmas<\/h3>\n<p>Los equipos se dan de alta en la plataforma de M2M totalmente gratuita: <a href='https:\/\/m2mservices.com\/Admin\/'>https:\/\/m2mservices.com\/Admin\/<\/a><\/p>\n<p>En la plataforma se puede:<\/p>\n<ul>\n<li>Editar logo de aplicaci\u00f3n.<\/li>\n<li>Ver estatus de todos los paneles de alarma y comunicadores M2M.<\/li>\n<li>Se\u00f1al celular.<\/li>\n<li>Proveedor conectado.<\/li>\n<li>Asignar o modificar usuarios.<\/li>\n<li>Dar de alta nuevos paneles de alarma y comunicadores M2M.<\/li>\n<li>Cancelar las notificaciones y operaci\u00f3n del panel de alarma en dado caso que fuese necesario.<\/li>\n<\/ul><\/div>\n<\/p><\/div>\n<div class='col-sm-4 default_margin_bottom'>\n<div class='panel_segmento_m2m'>\n<h3>Programaci\u00f3n Remota sin accesorios adicionales<\/h3>\n<p>Realizar configuraciones en el panel sin tener que ir al lugar donde est\u00e1 instalado.<br \/>El t\u00e9cnico \u00fanicamente reemplaza o instala equipos&comma; pero la configuraci\u00f3n se realiza remotamente desde la Central (mayor seguridad).<\/p>\n<\/p><\/div>\n<\/p><\/div>\n<\/p><\/div>\n<div class='row default_padding_bottom' style='border-bottom: 2px solid #d6d6d6;'>\n<div class='col-sm-4'><a class='fancybox-media' href='https:\/\/www.youtube.com\/watch?v=6f5Q_FRHUxA' data-zoom-image='video'><img class='img-responsive center-block img-thumbnail fr-fic fr-dib' src='http:\/\/ftp3.syscom.mx\/usuarios\/ftp\/single_page\/m2m\/funcionamiento.jpg' \/><\/a><\/div>\n<div class='col-sm-4'><a class='fancybox-media' href='https:\/\/www.youtube.com\/watch?v=fbtIhbgLk0M' data-zoom-image='video'><img class='img-responsive center-block img-thumbnail fr-fic fr-dib' src='http:\/\/ftp3.syscom.mx\/usuarios\/ftp\/single_page\/m2m\/demostracion.jpg' \/><\/a><\/div>\n<div class='col-sm-4'><a class='fancybox-media' href='https:\/\/www.youtube.com\/watch?v=wBCmdzm_7cE' data-zoom-image='video'><img class='img-responsive center-block img-thumbnail fr-fic fr-dib' src='http:\/\/ftp3.syscom.mx\/usuarios\/ftp\/single_page\/m2m\/software-phone.jpg' \/><\/a><\/div>\n<\/p><\/div>\n<div class='row default_margin_bottom' style='border-bottom: 2px solid #d6d6d6;'>\n<div class='col-md-6'><img class='img-responsive center-block fr-fic fr-dib' src='http:\/\/ftp3.syscom.mx\/usuarios\/ftp\/single_page\/syscom_pro4g\/syscom365.png' \/><\/div>\n<div class='col-md-6'>\n<div class='row'>\n<div class='col-xs-12'>\n<h2>App de Celular Personalizada para Usuario Final<br \/><small>Personalice con el logo de su Central de Monitoreo<\/small><\/h2>\n<\/p><\/div>\n<div class='col-xs-12'>\n<div class='panel_segmento_m2m default_margin_bottom'>\n<p><strong>Caracter\u00edsticas<\/strong><\/p>\n<ul>\n<li>Aplicaci\u00f3n con su logo.<\/li>\n<li>Armado total&comma; parcial y desarmado remoto.<\/li>\n<li>Identificaci\u00f3n de Usuarios.<\/li>\n<li>Administra acceso a App.<\/li>\n<li>Multimarca.<\/li>\n<li>Cancelaci\u00f3n de zona en falla.<\/li>\n<\/ul><\/div>\n<\/p><\/div>\n<div class='col-xs-6'><a href='https:\/\/itunes.apple.com\/us\/app\/residence-control\/id712098315' target='_blank' rel='noopener'><img class='img-responsive center-block fr-fic fr-dib' src='http:\/\/ftp3.syscom.mx\/usuarios\/ftp\/single_page\/m2m\/appstore.jpg' \/><\/a><\/div>\n<div class='col-xs-6'><a href='https:\/\/play.google.com\/store\/apps\/details?id=s365.syscom.client' target='_blank' rel='noopener'><img class='img-responsive center-block fr-fic fr-dib' src='http:\/\/ftp3.syscom.mx\/usuarios\/ftp\/single_page\/m2m\/playstore.jpg' \/><\/a><\/div>\n<\/p><\/div>\n<\/p><\/div>\n<\/p><\/div>\n<div class='row bkg-apli default_padding'>\n<div class='col-xs-12'>\n<div class='row default_margin_bottom'>\n<div class='col-xs-12'>\n<h2 class='text-center' style='color: white;'>Un Sistema de Alarma Actual e Inteligente<\/h2>\n<\/p><\/div>\n<\/p><\/div>\n<div class='row'>\n<div class='col-sm-6'>\n<div class='panel_segmento_m2m default_margin_bottom center-block' style='width: 70%;'>\n<h3>Ok Google!<\/h3>\n<p>Active su panel diciendo:<\/p>\n<p>-Ok Google&comma; arma la casa.<\/p>\n<p>O integre con <a href='https:\/\/www.youtube.com\/watch?v=N0KXqYO7H7U'>Google Home<\/a><\/p>\n<\/p><\/div>\n<div class='panel_segmento_m2m default_margin_bottom center-block' style='width: 70%;'>\n<h3>Al Alcance de su Mano<\/h3>\n<p>Integraci\u00f3n con Apple Watch y Google Wear<\/p>\n<\/p><\/div>\n<div class='panel_segmento_m2m default_margin_bottom center-block' style='width: 70%;'>\n<h3>Automatizaci\u00f3n<\/h3>\n<p><a href='principal\/listadoportadasazul\/automatizacion--e-intrusion-automatizacion-523.html?ordenar=Mas_Vendidos&#038;categoria=-65873&#038;pag=1'>Control de Iluminaci\u00f3n con Lutron Cas\u00e9ta<\/a><\/p>\n<\/p><\/div>\n<\/p><\/div>\n<div class='col-sm-6'><a class='fancybox-media' href='https:\/\/www.youtube.com\/watch?v=rkWzEp0wkSM' data-zoom-image='video'><img class='img-responsive center-block img-thumbnail default_margin_bottom fr-fic fr-dib' style='max-width: 70%;' src='http:\/\/ftp3.syscom.mx\/usuarios\/ftp\/single_page\/m2m\/ok-google.jpg' \/><\/a> <a class='fancybox-media' href='https:\/\/www.youtube.com\/watch?v=cMqB44ELihk' data-zoom-image='video'><img class='img-responsive center-block img-thumbnail fr-fic fr-dib' style='max-width: 70%;' src='http:\/\/ftp3.syscom.mx\/usuarios\/ftp\/single_page\/m2m\/lutron-vid.jpg' \/><\/a><\/div>\n<\/p><\/div>\n<\/p><\/div>\n<\/p><\/div>\n<div class='row bkg-ifttt default_margin_bottom' style='padding: 20px 0px;'>\n<div class='col-xs-2 col-sm-2'> <\/div>\n<div class='col-xs-8 col-sm-7'>\n<div class='panel_segmento_m2m default_margin_bottom'>\n<h3>Integraci\u00f3n con IFTTT<br \/><small>Casa Inteligente <strong>sin costo<\/strong><\/small><\/h3>\n<ul>\n<li>Desarmar panel por ubicaci\u00f3n GPS al llegar a casa.<\/li>\n<li>Enviar correos a m\u00faltiples direcciones al tener una alerta.<\/li>\n<li><a href='principal\/listadopormarca\/EZVIZ\/full?ordenar=Mas_Vendidos&#038;pag=1'>Integrar con c\u00e1maras EZVIZ.<\/a><\/li>\n<\/ul>\n<p><strong><a href='https:\/\/www.syscom.mx\/principal\/listadopormarca\/EZVIZ\/full?ordenar=Mas_Vendidos&#038;pag=1'>Cientos de integraciones<\/a> (integre pr\u00e1cticamente con todo):<\/strong><br \/>EZVIZ&comma; LUTRON&comma; c\u00e1maras DLINK&comma; termostatos&comma; Honeywell&comma; Focos TP-LINK KASA&comma; Gmail&comma; Facebook&comma; Google Drive&comma; LINE&comma; NEvST&comma; PUSH BULLET<\/p>\n<\/p><\/div>\n<p> <a class='fancybox-media' href='https:\/\/www.youtube.com\/watch?v=Kr1TAU-XNkw' data-zoom-video='video'><img class='img-responsive center-block img-thumbnail fr-fic fr-dib' style='max-width: 70%;' src='http:\/\/ftp3.syscom.mx\/usuarios\/ftp\/single_page\/m2m\/ifttt-cap.jpg' \/><\/a><\/div>\n<\/p><\/div>\n<div class='row default_margin_bottom' style='border-bottom: 2px solid #d6d6d6;'>\n<div class='col-sm-6'>\n<p><strong style='color: black;'>Cobertura 3G\/4G Ilimitada &#8211; Bajo Costo &#8211; 2 A\u00f1os Sin Costo!<\/strong><\/p>\n<p>El equipo ya incluye 2 a\u00f1os 3G\/4G ilimitado&comma; puede agregar 1 a\u00f1o de cobertura adicional muy sencillo&comma; solamente <a href='principal\/consultarproductosazul?global_search=voucher&#038;ordenar=Relevancia&#038;pag=1'>adquiriendo vouchers<\/a> con el precio m\u00e1s bajo sin tener que lidiar con compa\u00f1\u00edas celulares&comma; ya es posible a\u00f1adir m\u00e1s de 12 meses de servicio&comma; 24&comma; 36&comma; etc.<\/p>\n<p>Al subir el voucher (n\u00famero) en su plataforma&comma; autom\u00e1ticamente agrega 1 a\u00f1o m\u00e1s de cobertura en el transmisor&comma; inmediatamente&comma; sin esperar.<\/p>\n<p><strong style='color: black;'>Para Armado y Desarmado Remoto GRATUITO<\/strong><\/p>\n<p>El panel PRO4G cuenta con aplicaci\u00f3n gratuita para el cliente&comma; con la cual puede realizar armado total&comma; parcial&comma;desarmado y p\u00e1nico audible\/silencioso desde el celular&comma;la aplicaci\u00f3n puede personalizarse para mostrar el logo e informaci\u00f3n de su empresa.<\/p>\n<p><strong style='color: black;'>Programaci\u00f3n Totalmente V\u00eda Web<\/strong><\/p>\n<p>Simplemente conecte sus zonas cableadas y ser\u00e1n reconocidas autom\u00e1ticamente. En la plataforma web se seleccionan los atributos de zona&comma; tiempos&comma; respuestas&comma; as\u00ed como enrolamiento de sensores inalambricos con un solo clic.<\/p>\n<p><strong style='color: black;'>Aplicaci\u00f3n Celular para Usuario Final<\/strong><\/p>\n<ul>\n<li>Personalizada (logo de su Central de Monitoreo).<\/li>\n<li>Disponible para iPhone y Android.<\/li>\n<li>Armado y desarmado remoto con zona llave&comma; ahora sin necesidad de conexi\u00f3n a PGM.<\/li>\n<li>Notificaciones en tiempo real.<\/li>\n<li>Bypass de zonas remotamente y estatus actual del panel de alarma en tiempo real.<\/li>\n<li>LOG de eventos.<\/li>\n<\/ul><\/div>\n<div class='col-sm-6'>\n<p><strong style='color: black;'>Central Receptora de Alarmas<\/strong><\/p>\n<p>Los equipos se dan de alta en la plataforma de M2M totalmente gratuita en: <a>https:\/\/m2mservices.com\/Admin\/<\/a><\/p>\n<p>En la plataforma se puede editar logo de aplicaci\u00f3n&comma; ver estatus de todos los comunicadores&comma; se\u00f1al celular&comma; proveedor conectado&comma; asignar o modificar usuarios&comma; agregar todos los paneles de alarma y comunicadores y cancelar las notificaciones en dado caso que fuese necesario.<\/p>\n<p>La receptora <a href='producto\/EXTRIUM-DT42-MCDI-SECURITY-PRODUCTS&comma;-INC-82396.html'>EXTRIUM-DT42 de MCDI<\/a> recibe los eventos IP para su software de central de monitoreo&comma; sin necesidad de abrir puertos o IP fija\/p\u00fablica.<\/p>\n<p><strong style='color: black;'>Editando Logo para APP en Plataforma M2M<\/strong><\/p>\n<p> <a class='fancybox-media' href='https:\/\/www.youtube.com\/watch?time_continue=3&#038;v=TMfWPKsOAlo' data-zoom-image='video'><img class='img-responsive center-block img-thumbnail default_margin_btn fr-fic fr-dib' src='http:\/\/ftp3.syscom.mx\/usuarios\/ftp\/single_page\/m2m\/logo-app.jpg' \/><\/a> <\/p>\n<p><strong style='color: black;'>Identificaci\u00f3n y Notificaci\u00f3n<\/strong><\/p>\n<p>El panel de alarma notifica con el nombre de la persona que arm\u00f3 localmente o desde la aplicaci\u00f3n celular.<\/p>\n<\/p><\/div>\n<\/p><\/div>\n<\/p><\/div>\n","protected":false},"excerpt":{"rendered":"<p>Panel de Alarma Cloud \/ 2 A\u00f1os 3G\/4G Ilimitado Incluido  \/ 32 Zonas Inal\u00e1mbricas \/ 8 Zonas Cableadas \/ Programaci\u00f3n 100% v\u00eda WEB y APP gratuita.<\/p>\n","protected":false},"featured_media":7988,"comment_status":"open","ping_status":"closed","template":"","meta":[],"product_brand":[],"product_cat":[60],"product_tag":[61,63,62],"class_list":{"0":"post-7989","1":"product","2":"type-product","3":"status-publish","4":"has-post-thumbnail","6":"product_cat-todos","7":"product_tag-paneles-de-alarma","8":"product_tag-syscom","9":"product_tag-todos","11":"first","12":"outofstock","13":"sale","14":"shipping-taxable","15":"purchasable","16":"product-type-simple"},"_links":{"self":[{"href":"https:\/\/soydeaqui.ddns.net\/pachuca\/index.php\/wp-json\/wp\/v2\/product\/7989","targetHints":{"allow":["GET"]}}],"collection":[{"href":"https:\/\/soydeaqui.ddns.net\/pachuca\/index.php\/wp-json\/wp\/v2\/product"}],"about":[{"href":"https:\/\/soydeaqui.ddns.net\/pachuca\/index.php\/wp-json\/wp\/v2\/types\/product"}],"replies":[{"embeddable":true,"href":"https:\/\/soydeaqui.ddns.net\/pachuca\/index.php\/wp-json\/wp\/v2\/comments?post=7989"}],"wp:featuredmedia":[{"embeddable":true,"href":"https:\/\/soydeaqui.ddns.net\/pachuca\/index.php\/wp-json\/wp\/v2\/media\/7988"}],"wp:attachment":[{"href":"https:\/\/soydeaqui.ddns.net\/pachuca\/index.php\/wp-json\/wp\/v2\/media?parent=7989"}],"wp:term":[{"taxonomy":"product_brand","embeddable":true,"href":"https:\/\/soydeaqui.ddns.net\/pachuca\/index.php\/wp-json\/wp\/v2\/product_brand?post=7989"},{"taxonomy":"product_cat","embeddable":true,"href":"https:\/\/soydeaqui.ddns.net\/pachuca\/index.php\/wp-json\/wp\/v2\/product_cat?post=7989"},{"taxonomy":"product_tag","embeddable":true,"href":"https:\/\/soydeaqui.ddns.net\/pachuca\/index.php\/wp-json\/wp\/v2\/product_tag?post=7989"}],"curies":[{"name":"wp","href":"https:\/\/api.w.org\/{rel}","templated":true}]}}