{"id":79888,"date":"2026-03-19T17:41:36","date_gmt":"2026-03-19T17:41:36","guid":{"rendered":"https:\/\/soydeaqui.ddns.net\/pachuca\/index.php\/producto\/cable-para-diademas-biz1500-biz2300-y-biz2400-para-compatibilidad-con-telefonos-avaya-96xx-16xx-qd-a-rj-9-88001-03\/"},"modified":"2026-03-19T17:41:48","modified_gmt":"2026-03-19T17:41:48","slug":"cable-para-diademas-biz1500-biz2300-y-biz2400-para-compatibilidad-con-telefonos-avaya-96xx-16xx-qd-a-rj-9-88001-03","status":"publish","type":"product","link":"https:\/\/soydeaqui.ddns.net\/pachuca\/index.php\/producto\/cable-para-diademas-biz1500-biz2300-y-biz2400-para-compatibilidad-con-telefonos-avaya-96xx-16xx-qd-a-rj-9-88001-03\/","title":{"rendered":"Cable para diademas BIZ1500, BIZ2300 y BIZ2400, para compatibilidad con telefonos AVAYA 96xx\/16xx QD a RJ-9 (88001-03)"},"content":{"rendered":"<div style='width: 100%; max-width: 1200px; margin: 0 auto; font-family: sans-serif; line-height: 1.6; color: inherit; background-color: transparent;'> <!-- Secci\u00f3n de descripci\u00f3n --> <\/p>\n<div style='margin-bottom: 30px;'>\n<h2 style='font-size: 20px; margin-top: 0; margin-bottom: 15px; color: inherit; opacity: 0.9;'>Descripci\u00f3n<\/h2>\n<p style='font-size: 15px; margin-bottom: 15px; color: inherit;'>Cable universal dise\u00f1ado para resolver problemas de conexi\u00f3n entre diademas y tel\u00e9fonos de escritorio. Ofrece compatibilidad con m\u00faltiples sistemas telef\u00f3nicos mediante sus 8 configuraciones de cableado seleccionables mediante un ajuste deslizante.<\/p>\n<p style='font-size: 15px; margin-bottom: 15px; color: inherit;'>Este cable permite la conexi\u00f3n entre diademas y tel\u00e9fonos Avaya&comma; Cisco&comma; Panasonic&comma; Nortel&comma; y muchos tel\u00e9fonos IP&comma; con opciones de amplificaci\u00f3n de micr\u00f3fono para sistemas con bajos niveles de transmisi\u00f3n.<\/p>\n<\/p><\/div>\n<p> <!-- Secci\u00f3n de caracter\u00edsticas principales --> <\/p>\n<div style='display: flex; flex-wrap: wrap; gap: 30px; margin-bottom: 30px;'>\n<div style='flex: 1 1 300px; min-width: 280px;'>\n<h3 style='font-size: 18px; border-bottom: 2px solid currentColor; padding-bottom: 5px; margin-top: 0; color: inherit; opacity: 0.8;'>Caracter\u00edsticas principales<\/h3>\n<ul style='padding-left: 20px; font-size: 15px; color: inherit;'>\n<li style='margin-bottom: 5px;'>8 configuraciones de cableado seleccionables mediante ajuste deslizante<\/li>\n<li style='margin-bottom: 5px;'>Conector RJ9 est\u00e1ndar para compatibilidad con la mayor\u00eda de tel\u00e9fonos<\/li>\n<li style='margin-bottom: 5px;'>Conector Quick Disconnect para conexi\u00f3n est\u00e1ndar con diademas GN<\/li>\n<li style='margin-bottom: 5px;'>Versi\u00f3n recta de 80 cm o versi\u00f3n enrollada de 200 cm<\/li>\n<li style='margin-bottom: 5px;'>Amplificador de micr\u00f3fono integrado para sistemas con bajo volumen de transmisi\u00f3n<\/li>\n<\/ul><\/div>\n<p> <!-- Secci\u00f3n de compatibilidad --> <\/p>\n<div style='flex: 1 1 300px; min-width: 280px;'>\n<h3 style='font-size: 18px; border-bottom: 2px solid currentColor; padding-bottom: 5px; margin-top: 0; color: inherit; opacity: 0.8;'>Compatibilidad<\/h3>\n<ul style='padding-left: 20px; font-size: 15px; color: inherit;'>\n<li style='margin-bottom: 5px;'>Avaya 96xx\/16xx<\/li>\n<li style='margin-bottom: 5px;'>Cisco IP Phones 79xx series<\/li>\n<li style='margin-bottom: 5px;'>Panasonic<\/li>\n<li style='margin-bottom: 5px;'>Nortel<\/li>\n<li style='margin-bottom: 5px;'>NEC y Nitsuko<\/li>\n<li style='margin-bottom: 5px;'>Plantronics Vista Base<\/li>\n<li style='margin-bottom: 5px;'>Ascom Office y Philips<\/li>\n<\/ul><\/div>\n<\/p><\/div>\n<p> <!-- Secci\u00f3n de especificaciones t\u00e9cnicas --> <\/p>\n<div style='display: flex; flex-wrap: wrap; gap: 20px; margin-bottom: 30px;'>\n<div style='flex: 1 1 250px; border: 1px solid rgba(150&comma; 150&comma; 150&comma; 0.4); border-radius: 8px; overflow: hidden; display: flex; flex-direction: column;'>\n<div style='padding: 15px; border-bottom: 1px solid rgba(150&comma; 150&comma; 150&comma; 0.2); font-weight: bold; font-size: 18px; color: inherit;'>Especificaciones El\u00e9ctricas<\/div>\n<div style='padding: 15px; color: inherit;'>\n<ul style='padding-left: 20px; margin: 0; font-size: 14px; list-style-type: disc;'>\n<li style='margin-bottom: 5px;'><strong>Voltaje DC:<\/strong> 1.6V a 10V<\/li>\n<li style='margin-bottom: 5px;'><strong>Voltaje nominal:<\/strong> 5V DC<\/li>\n<li style='margin-bottom: 5px;'><strong>Voltaje de polarizaci\u00f3n:<\/strong> 1.58V DC (Nominal)<\/li>\n<li style='margin-bottom: 5px;'><strong>Corriente m\u00e1xima:<\/strong> 2.5mA<\/li>\n<li style='margin-bottom: 5px;'><strong>Corriente m\u00ednima:<\/strong> 280\u03bcA<\/li>\n<li style='margin-bottom: 5px;'><strong>Ganancia de inserci\u00f3n:<\/strong> 11.5dB (10.5dB a 12.5dB)<\/li>\n<\/ul><\/div>\n<\/p><\/div>\n<p> <!-- Secci\u00f3n de configuraciones --> <\/p>\n<div style='flex: 1 1 250px; border: 1px solid rgba(150&comma; 150&comma; 150&comma; 0.4); border-radius: 8px; overflow: hidden; display: flex; flex-direction: column;'>\n<div style='padding: 15px; border-bottom: 1px solid rgba(150&comma; 150&comma; 150&comma; 0.2); font-weight: bold; font-size: 18px; color: inherit;'>Configuraciones<\/div>\n<div style='padding: 15px; color: inherit;'>\n<ul style='padding-left: 20px; margin: 0; font-size: 14px; list-style-type: disc;'>\n<li style='margin-bottom: 5px;'><strong>Posici\u00f3n 1:<\/strong> Est\u00e1ndar (m\u00e1s com\u00fan)<\/li>\n<li style='margin-bottom: 5px;'><strong>Posici\u00f3n 2:<\/strong> Cisco IP Phones 79xx<\/li>\n<li style='margin-bottom: 5px;'><strong>Posici\u00f3n 3:<\/strong> Ascom Office y Philips<\/li>\n<li style='margin-bottom: 5px;'><strong>Posici\u00f3n 4:<\/strong> Tel\u00e9fonos japoneses&comma; NEC&comma; Nitsuko<\/li>\n<li style='margin-bottom: 5px;'><strong>Posici\u00f3n 5:<\/strong> Plantronics Vista Base<\/li>\n<li style='margin-bottom: 5px;'><strong>Posici\u00f3n 6:<\/strong> Panasonic con conector modular<\/li>\n<li style='margin-bottom: 5px;'><strong>Posici\u00f3n 7:<\/strong> Nortel digitales y Avaya IP Phones<\/li>\n<li style='margin-bottom: 5px;'><strong>Posici\u00f3n 8:<\/strong> Avaya Callmaster V y VI&comma; Cisco IP Phones 79xx<\/li>\n<\/ul><\/div>\n<\/p><\/div>\n<\/p><\/div>\n<p> <!-- Secci\u00f3n de compatibilidad de modelos --> <\/p>\n<div style='margin-bottom: 30px;'>\n<h3 style='font-size: 18px; border-bottom: 2px solid currentColor; padding-bottom: 5px; margin-top: 0; margin-bottom: 15px; color: inherit; opacity: 0.8;'>Compatibilidad con modelos espec\u00edficos<\/h3>\n<ul style='padding-left: 20px; font-size: 15px; color: inherit;'>\n<li style='margin-bottom: 5px;'>BIZ1500MONOQD<\/li>\n<li style='margin-bottom: 5px;'>BIZ1500DUOQD<\/li>\n<li style='margin-bottom: 5px;'>BIZ2300MONOQD<\/li>\n<li style='margin-bottom: 5px;'>BIZ2300DUOQD<\/li>\n<li style='margin-bottom: 5px;'>BIZ2400DUOQD<\/li>\n<\/ul><\/div>\n<p> <!-- Separador --> <\/p>\n<hr style='border: 0; border-top: 1px solid rgba(150&comma; 150&comma; 150&comma; 0.3); margin: 30px 0;'> <\/div>\n","protected":false},"excerpt":{"rendered":"<p>Cable para diademas BIZ1500, BIZ2300 y BIZ2400, para compatibilidad con telefonos AVAYA 96xx\/16xx QD a RJ-9 (88001-03)<\/p>\n","protected":false},"featured_media":79887,"comment_status":"open","ping_status":"closed","template":"","meta":[],"product_brand":[],"product_cat":[2040],"product_tag":[93,2052,2004],"class_list":{"0":"post-79888","1":"product","2":"type-product","3":"status-publish","4":"has-post-thumbnail","6":"product_cat-accesorios-voip-telefonia-ip-videoconferencia","7":"product_tag-accesorios","8":"product_tag-jabra","9":"product_tag-voip-telefonia-ip-videoconferencia","11":"first","12":"outofstock","13":"sale","14":"shipping-taxable","15":"purchasable","16":"product-type-simple"},"_links":{"self":[{"href":"https:\/\/soydeaqui.ddns.net\/pachuca\/index.php\/wp-json\/wp\/v2\/product\/79888","targetHints":{"allow":["GET"]}}],"collection":[{"href":"https:\/\/soydeaqui.ddns.net\/pachuca\/index.php\/wp-json\/wp\/v2\/product"}],"about":[{"href":"https:\/\/soydeaqui.ddns.net\/pachuca\/index.php\/wp-json\/wp\/v2\/types\/product"}],"replies":[{"embeddable":true,"href":"https:\/\/soydeaqui.ddns.net\/pachuca\/index.php\/wp-json\/wp\/v2\/comments?post=79888"}],"wp:featuredmedia":[{"embeddable":true,"href":"https:\/\/soydeaqui.ddns.net\/pachuca\/index.php\/wp-json\/wp\/v2\/media\/79887"}],"wp:attachment":[{"href":"https:\/\/soydeaqui.ddns.net\/pachuca\/index.php\/wp-json\/wp\/v2\/media?parent=79888"}],"wp:term":[{"taxonomy":"product_brand","embeddable":true,"href":"https:\/\/soydeaqui.ddns.net\/pachuca\/index.php\/wp-json\/wp\/v2\/product_brand?post=79888"},{"taxonomy":"product_cat","embeddable":true,"href":"https:\/\/soydeaqui.ddns.net\/pachuca\/index.php\/wp-json\/wp\/v2\/product_cat?post=79888"},{"taxonomy":"product_tag","embeddable":true,"href":"https:\/\/soydeaqui.ddns.net\/pachuca\/index.php\/wp-json\/wp\/v2\/product_tag?post=79888"}],"curies":[{"name":"wp","href":"https:\/\/api.w.org\/{rel}","templated":true}]}}