{"id":79876,"date":"2026-03-19T17:41:02","date_gmt":"2026-03-19T17:41:02","guid":{"rendered":"https:\/\/soydeaqui.ddns.net\/pachuca\/index.php\/producto\/router-lte-dual-sim-4-puertos-ethernet-conectorizado-bandas-b1-b2-b3-b4-b5-b7-b8-b28\/"},"modified":"2026-03-19T17:41:14","modified_gmt":"2026-03-19T17:41:14","slug":"router-lte-dual-sim-4-puertos-ethernet-conectorizado-bandas-b1-b2-b3-b4-b5-b7-b8-b28","status":"publish","type":"product","link":"https:\/\/soydeaqui.ddns.net\/pachuca\/index.php\/producto\/router-lte-dual-sim-4-puertos-ethernet-conectorizado-bandas-b1-b2-b3-b4-b5-b7-b8-b28\/","title":{"rendered":"Router LTE dual SIM, 4 puertos Ethernet, conectorizado, Bandas B1, B2, B3, B4, B5, B7, B8, B28"},"content":{"rendered":"<div style='width: 100%; max-width: 1200px; margin: 0 auto; font-family: sans-serif; line-height: 1.6; color: inherit; background-color: transparent;'> <!-- Imagen principal --> <\/p>\n<div style='width: 100%; margin-bottom: 30px;'> <img style='width: 100%; height: auto; border: 1px solid rgba(150&comma;150&comma;150&comma;0.3); border-radius: 8px;' src='https:\/\/ftp3.syscom.mx\/usuarios\/fotos\/RUT950\/165854-banner_rut950.png' alt='Router LTE TELTONIKA RUT950'> <\/div>\n<p> <!-- Descripci\u00f3n general --> <\/p>\n<div style='margin-bottom: 40px;'>\n<h3 style='font-size: 24px; text-align: center; color: inherit; margin-bottom: 20px;'>Router Industrial LTE 4G<\/h3>\n<p style='font-size: 16px; text-align: justify; margin: 0 10% 20px 10%; color: inherit; opacity: 0.95;'> RUT950 es un router Wi-Fi 4G LTE industrial de alto rendimiento dise\u00f1ado como una fuente de Internet principal\/de respaldo y garantiza una conexi\u00f3n a Internet confiable con un alto rendimiento de datos y redundancia de datos. <\/p>\n<p style='font-size: 16px; text-align: justify; margin: 0 10% 20px 10%; color: inherit; opacity: 0.95;'> Compatible con el Sistema de Gesti\u00f3n Remota (RMS) de Teltonika Networks para una supervisi\u00f3n f\u00e1cil y segura. <\/p>\n<p style='font-size: 16px; text-align: justify; margin: 0 10% 20px 10%; color: inherit; opacity: 0.95;'> Tiene cuatro puertos Ethernet&comma; dos soportes SIM externos e indicadores LED de estado de intensidad de la se\u00f1al. <\/p>\n<p style='font-size: 16px; text-align: justify; margin: 0 10% 0 10%; color: inherit; opacity: 0.95;'> Desarrollado por RutOS &#8211; un sistema operativo unificado para todos los routers Teltonika Networks&comma; este dispositivo es altamente seguro y personalizable. <\/p>\n<\/p><\/div>\n<p> <!-- Secci\u00f3n de caracter\u00edsticas --> <\/p>\n<div style='margin-bottom: 40px;'>\n<h2 style='font-size: 26px; color: inherit; border-bottom: 2px solid currentColor; padding-bottom: 8px; margin-bottom: 25px;'>Caracter\u00edsticas<\/h2>\n<div style='display: flex; flex-wrap: wrap; gap: 30px;'> <!-- Caracter\u00edsticas Generales --> <\/p>\n<div style='flex: 1 1 300px; min-width: 280px;'>\n<div style='border: 1px solid rgba(150&comma;150&comma;150&comma;0.4); border-radius: 8px; overflow: hidden;'>\n<div style='padding: 15px; background-color: rgba(53&comma; 152&comma; 219&comma; 0.1); border-bottom: 1px solid rgba(150&comma;150&comma;150&comma;0.2); color: inherit;'>\n<h4 style='font-size: 18px; margin: 0; color: inherit; opacity: 0.8;'>Generales<\/h4>\n<\/p><\/div>\n<ul style='padding: 15px 25px; margin: 0; font-size: 15px; color: inherit;'>\n<li style='margin-bottom: 8px;'>Administraci\u00f3n Remota por RMS<\/li>\n<li style='margin-bottom: 8px;'>Construcci\u00f3n robusta en carcasa de aluminio\/pl\u00e1stico con opci\u00f3n de montaje en riel DIN.<\/li>\n<li style='margin-bottom: 8px;'>Gran rango de operaci\u00f3n en ambientes extremos.<\/li>\n<li style='margin-bottom: 0;'>Tama\u00f1o compacto.<\/li>\n<\/ul><\/div>\n<\/p><\/div>\n<p> <!-- Caracter\u00edsticas de Conectividad --> <\/p>\n<div style='flex: 1 1 300px; min-width: 280px;'>\n<div style='border: 1px solid rgba(150&comma;150&comma;150&comma;0.4); border-radius: 8px; overflow: hidden;'>\n<div style='padding: 15px; background-color: rgba(53&comma; 152&comma; 219&comma; 0.1); border-bottom: 1px solid rgba(150&comma;150&comma;150&comma;0.2); color: inherit;'>\n<h4 style='font-size: 18px; margin: 0; color: inherit; opacity: 0.8;'>Conectividad<\/h4>\n<\/p><\/div>\n<ul style='padding: 15px 25px; margin: 0; font-size: 15px; color: inherit;'>\n<li style='margin-bottom: 8px;'>4G (LTE) Cat 4 &#8211; hasta 150 Mbps&comma; 2 SIM (Mini SIM &#8211; 2FF) Failover<\/li>\n<li style='margin-bottom: 8px;'>WiFi 2.4 GHz (b\/g\/n) &#8211; Access Point (AP) &#8211; Station (STA)&comma; 2 RP-SMA<\/li>\n<li style='margin-bottom: 8px;'>Ethernet 4 puertos RJ45&comma; 10\/100 Mbps (1 WAN&comma; 3 LAN)<\/li>\n<\/ul><\/div>\n<\/p><\/div>\n<p> <!-- Caracter\u00edsticas de Hardware --> <\/p>\n<div style='flex: 1 1 300px; min-width: 280px;'>\n<div style='border: 1px solid rgba(150&comma;150&comma;150&comma;0.4); border-radius: 8px; overflow: hidden;'>\n<div style='padding: 15px; background-color: rgba(53&comma; 152&comma; 219&comma; 0.1); border-bottom: 1px solid rgba(150&comma;150&comma;150&comma;0.2); color: inherit;'>\n<h4 style='font-size: 18px; margin: 0; color: inherit; opacity: 0.8;'>Hardware<\/h4>\n<\/p><\/div>\n<ul style='padding: 15px 25px; margin: 0; font-size: 15px; color: inherit;'>\n<li style='margin-bottom: 8px;'>CPU: 550 MHz<\/li>\n<li style='margin-bottom: 0;'>RAM: 128 MB<\/li>\n<\/ul><\/div>\n<\/p><\/div>\n<p> <!-- Caracter\u00edsticas El\u00e9ctricas y F\u00edsicas --> <\/p>\n<div style='flex: 1 1 300px; min-width: 280px;'>\n<div style='border: 1px solid rgba(150&comma;150&comma;150&comma;0.4); border-radius: 8px; overflow: hidden;'>\n<div style='padding: 15px; background-color: rgba(53&comma; 152&comma; 219&comma; 0.1); border-bottom: 1px solid rgba(150&comma;150&comma;150&comma;0.2); color: inherit;'>\n<h4 style='font-size: 18px; margin: 0; color: inherit; opacity: 0.8;'>El\u00e9ctricas y F\u00edsicas<\/h4>\n<\/p><\/div>\n<ul style='padding: 15px 25px; margin: 0; font-size: 15px; color: inherit;'>\n<li style='margin-bottom: 8px;'>Alimentaci\u00f3n: 9 &#8211; 30 Vcc<\/li>\n<li style='margin-bottom: 8px;'>Consumo: 7 W<\/li>\n<li style='margin-bottom: 8px;'>Peso: 280 g<\/li>\n<li style='margin-bottom: 8px;'>Dimensiones: 110x50x100 mm (An x Al x Pr)<\/li>\n<li style='margin-bottom: 8px;'>Temperatura de Operaci\u00f3n: -40 a 75\u00ba C<\/li>\n<li style='margin-bottom: 0;'>Protecci\u00f3n: IP30<\/li>\n<\/ul><\/div>\n<\/p><\/div>\n<\/p><\/div>\n<\/p><\/div>\n<p> <!-- Secci\u00f3n de videos --> <\/p>\n<div style='margin-bottom: 40px;'>\n<h3 style='font-size: 22px; color: inherit; margin-bottom: 20px;'>Remote Management System RMS<\/h3>\n<div style='display: flex; flex-wrap: wrap; gap: 30px;'>\n<div style='flex: 1 1 500px; min-width: 300px;'>\n<div style='position: relative; padding-bottom: 56.25%; height: 0; overflow: hidden;'>   <\/div>\n<\/p><\/div>\n<div style='flex: 1 1 500px; min-width: 300px;'>\n<div style='position: relative; padding-bottom: 56.25%; height: 0; overflow: hidden;'>   <\/div>\n<\/p><\/div>\n<\/p><\/div>\n<\/p><\/div>\n<\/p><\/div>\n","protected":false},"excerpt":{"rendered":"<p>Router LTE dual SIM, 4 puertos Ethernet, conectorizado, Bandas B1, B2, B3, B4, B5, B7, B8, B28<\/p>\n","protected":false},"featured_media":79875,"comment_status":"open","ping_status":"closed","template":"","meta":[],"product_brand":[],"product_cat":[1984],"product_tag":[1985,664,1430],"class_list":{"0":"post-79876","1":"product","2":"type-product","3":"status-publish","4":"has-post-thumbnail","6":"product_cat-industrial","7":"product_tag-industrial","8":"product_tag-networking","9":"product_tag-teltonika","11":"first","12":"outofstock","13":"sale","14":"shipping-taxable","15":"purchasable","16":"product-type-simple"},"_links":{"self":[{"href":"https:\/\/soydeaqui.ddns.net\/pachuca\/index.php\/wp-json\/wp\/v2\/product\/79876","targetHints":{"allow":["GET"]}}],"collection":[{"href":"https:\/\/soydeaqui.ddns.net\/pachuca\/index.php\/wp-json\/wp\/v2\/product"}],"about":[{"href":"https:\/\/soydeaqui.ddns.net\/pachuca\/index.php\/wp-json\/wp\/v2\/types\/product"}],"replies":[{"embeddable":true,"href":"https:\/\/soydeaqui.ddns.net\/pachuca\/index.php\/wp-json\/wp\/v2\/comments?post=79876"}],"wp:featuredmedia":[{"embeddable":true,"href":"https:\/\/soydeaqui.ddns.net\/pachuca\/index.php\/wp-json\/wp\/v2\/media\/79875"}],"wp:attachment":[{"href":"https:\/\/soydeaqui.ddns.net\/pachuca\/index.php\/wp-json\/wp\/v2\/media?parent=79876"}],"wp:term":[{"taxonomy":"product_brand","embeddable":true,"href":"https:\/\/soydeaqui.ddns.net\/pachuca\/index.php\/wp-json\/wp\/v2\/product_brand?post=79876"},{"taxonomy":"product_cat","embeddable":true,"href":"https:\/\/soydeaqui.ddns.net\/pachuca\/index.php\/wp-json\/wp\/v2\/product_cat?post=79876"},{"taxonomy":"product_tag","embeddable":true,"href":"https:\/\/soydeaqui.ddns.net\/pachuca\/index.php\/wp-json\/wp\/v2\/product_tag?post=79876"}],"curies":[{"name":"wp","href":"https:\/\/api.w.org\/{rel}","templated":true}]}}