{"id":79860,"date":"2026-03-19T17:40:22","date_gmt":"2026-03-19T17:40:22","guid":{"rendered":"https:\/\/soydeaqui.ddns.net\/pachuca\/index.php\/producto\/antena-sectorial-epmp-3000-de-90-grados-17-dbi-4-9-5-97-ghz-mu-mimo-4x4-incluye-kit-de-montaje-para-epmp3k\/"},"modified":"2026-03-19T17:40:34","modified_gmt":"2026-03-19T17:40:34","slug":"antena-sectorial-epmp-3000-de-90-grados-17-dbi-4-9-5-97-ghz-mu-mimo-4x4-incluye-kit-de-montaje-para-epmp3k","status":"publish","type":"product","link":"https:\/\/soydeaqui.ddns.net\/pachuca\/index.php\/producto\/antena-sectorial-epmp-3000-de-90-grados-17-dbi-4-9-5-97-ghz-mu-mimo-4x4-incluye-kit-de-montaje-para-epmp3k\/","title":{"rendered":"Antena sectorial ePMP 3000 de 90 grados, 17 dBi, 4.9-5.97 GHz, MU-MIMO 4&#215;4, incluye kit de montaje para EPMP3K"},"content":{"rendered":"<div style='width: 100%; max-width: 1200px; margin: 0 auto; font-family: sans-serif; line-height: 1.6; color: inherit; background-color: transparent;'>\n<div style='text-align: center; padding: 20px 0;'> <img style='width: 100%; max-width: 250px; height: auto; border: 1px solid rgba(150&comma;150&comma;150&comma;0.3); border-radius: 8px;' src='http:\/\/ftp3.syscom.mx\/usuarios\/hortega\/Cambium\/cambium-networks-logo.png' alt='Cambium Networks'> <\/p>\n<h1 style='font-size: 2.2rem; margin-top: 15px; font-weight: 300; color: inherit;'>Antena Sectorial ePMP\u2122 3000<\/h1>\n<p style='font-size: 1.1rem; opacity: 0.8; color: inherit;'>Optimizaci\u00f3n 4&#215;4 MU-MIMO de Clase Carrier<\/p>\n<\/p><\/div>\n<div style='display: flex; flex-wrap: wrap; justify-content: center; gap: 10px; margin-bottom: 30px;'> <span style='background: rgba(128&comma;128&comma;128&comma;0.1); border: 1px solid rgba(150&comma;150&comma;150&comma;0.3); border-radius: 6px; padding: 10px 20px; text-align: center; min-width: 120px;'> <strong style='display: block; font-size: 1.2rem; color: inherit;'>17 dBi<\/strong> Ganancia <\/span> <span style='background: rgba(128&comma;128&comma;128&comma;0.1); border: 1px solid rgba(150&comma;150&comma;150&comma;0.3); border-radius: 6px; padding: 10px 20px; text-align: center; min-width: 120px;'> <strong style='display: block; font-size: 1.2rem; color: inherit;'>90\u00b0<\/strong> Apertura <\/span> <span style='background: rgba(128&comma;128&comma;128&comma;0.1); border: 1px solid rgba(150&comma;150&comma;150&comma;0.3); border-radius: 6px; padding: 10px 20px; text-align: center; min-width: 120px;'> <strong style='display: block; font-size: 1.2rem; color: inherit;'>4&#215;4<\/strong> MU-MIMO <\/span> <span style='background: rgba(128&comma;128&comma;128&comma;0.1); border: 1px solid rgba(150&comma;150&comma;150&comma;0.3); border-radius: 6px; padding: 10px 20px; text-align: center; min-width: 120px;'> <strong style='display: block; font-size: 1.2rem; color: inherit;'>IP67<\/strong> Protecci\u00f3n <\/span> <\/div>\n<div style='margin-bottom: 30px;'>\n<h2 style='border-bottom: 2px solid currentColor; padding-bottom: 10px; margin-bottom: 20px; color: inherit;'>Ventajas de Despliegue<\/h2>\n<div style='display: grid; grid-template-columns: repeat(auto-fit&comma; minmax(280px&comma; 1fr)); gap: 20px;'>\n<div style='background: rgba(128&comma;128&comma;128&comma;0.05); padding: 20px; border-radius: 8px;'>\n<h4 style='margin-top: 0; color: inherit; opacity: 0.8;'>Reutilizaci\u00f3n de Frecuencia<\/h4>\n<p style='font-size: 0.95rem; margin-bottom: 0; color: inherit;'>Dise\u00f1ada para la reutilizaci\u00f3n de canales ABAB. Posee una relaci\u00f3n <strong style='color: inherit;'>Front-to-Back de 30 dB<\/strong> m\u00ednima.<\/p>\n<\/p><\/div>\n<div style='background: rgba(128&comma;128&comma;128&comma;0.05); padding: 20px; border-radius: 8px;'>\n<h4 style='margin-top: 0; color: inherit; opacity: 0.8;'>Cobertura Consistente<\/h4>\n<p style='font-size: 0.95rem; margin-bottom: 0; color: inherit;'>Excelente relleno de nulos (null fill) para una cobertura geogr\u00e1fica amplia incluso cerca de la base de la torre.<\/p>\n<\/p><\/div>\n<\/p><\/div>\n<\/p><\/div>\n<div style='overflow-x: auto; margin-bottom: 30px;'>\n<table style='width: 100%; border-collapse: collapse; border-radius: 8px; overflow: hidden; border: 1px solid rgba(150&comma;150&comma;150&comma;0.3);'>\n<thead>\n<tr style='background: rgba(0&comma; 123&comma; 255&comma; 0.1); color: inherit;'>\n<th colspan='2' style='padding: 15px; text-align: left; border-bottom: 1px solid rgba(150&comma;150&comma;150&comma;0.3);'>Ficha T\u00e9cnica de Ingenier\u00eda<\/th>\n<\/tr>\n<\/thead>\n<tbody>\n<tr>\n<td style='padding: 12px; border-bottom: 1px solid rgba(150&comma;150&comma;150&comma;0.3); font-weight: bold; width: 40%;'>Rango de Frecuencia<\/td>\n<td style='padding: 12px; border-bottom: 1px solid rgba(150&comma;150&comma;150&comma;0.3);'>4.9 GHz a 6.0 GHz<\/td>\n<\/tr>\n<tr>\n<td style='padding: 12px; border-bottom: 1px solid rgba(150&comma;150&comma;150&comma;0.3); font-weight: bold;'>Polarizaci\u00f3n<\/td>\n<td style='padding: 12px; border-bottom: 1px solid rgba(150&comma;150&comma;150&comma;0.3);'>2x Horizontal&comma; 2x Vertical<\/td>\n<\/tr>\n<tr>\n<td style='padding: 12px; border-bottom: 1px solid rgba(150&comma;150&comma;150&comma;0.3); font-weight: bold;'>Conectores<\/td>\n<td style='padding: 12px; border-bottom: 1px solid rgba(150&comma;150&comma;150&comma;0.3);'>4 x SMA (Inverso)<\/td>\n<\/tr>\n<tr>\n<td style='padding: 12px; border-bottom: 1px solid rgba(150&comma;150&comma;150&comma;0.3); font-weight: bold;'>Relaci\u00f3n Front-to-Back<\/td>\n<td style='padding: 12px; border-bottom: 1px solid rgba(150&comma;150&comma;150&comma;0.3);'>30 dB<\/td>\n<\/tr>\n<tr>\n<td style='padding: 12px; border-bottom: 1px solid rgba(150&comma;150&comma;150&comma;0.3); font-weight: bold;'>Dimensiones \/ Peso<\/td>\n<td style='padding: 12px; border-bottom: 1px solid rgba(150&comma;150&comma;150&comma;0.3);'>594 x 157 x 110 mm \/ 3.7 kg<\/td>\n<\/tr>\n<tr>\n<td style='padding: 12px; border-bottom: 1px solid rgba(150&comma;150&comma;150&comma;0.3); font-weight: bold;'>Resistencia al Viento<\/td>\n<td style='padding: 12px; border-bottom: 1px solid rgba(150&comma;150&comma;150&comma;0.3);'>Hasta 200 km\/h<\/td>\n<\/tr>\n<tr>\n<td style='padding: 12px; font-weight: bold;'>Temperatura de Operaci\u00f3n<\/td>\n<td style='padding: 12px;'>-40\u00b0C a 60\u00b0C<\/td>\n<\/tr>\n<\/tbody>\n<\/table><\/div>\n<div style='display: flex; flex-wrap: wrap; gap: 30px; align-items: center; background: rgba(0&comma; 123&comma; 255&comma; 0.05); padding: 25px; border-radius: 12px; margin-bottom: 30px;'>\n<div style='flex: 1 1 280px;'>\n<h3 style='margin-top: 0; color: inherit;'>Dise\u00f1o para el Instalador<\/h3>\n<ul style='padding-left: 20px; font-size: 0.95rem; color: inherit;'>\n<li style='margin-bottom: 5px;'>Montaje integrado para radio ePMP 3000.<\/li>\n<li style='margin-bottom: 5px;'>Integraci\u00f3n para antena GPS.<\/li>\n<li style='margin-bottom: 5px;'>Material de Radomo con protecci\u00f3n UV ABS.<\/li>\n<li style='margin-bottom: 5px;'>Soporte incluido para montaje en m\u00e1stil.<\/li>\n<\/ul><\/div>\n<div style='flex: 1 1 250px; text-align: center;'>\n<p style='font-size: 0.9rem; margin-bottom: 10px; color: inherit;'>Garant\u00eda de F\u00e1brica<\/p>\n<p> <strong style='font-size: 2rem; color: inherit; opacity: 0.8;'>1 A\u00d1O<\/strong> <\/div>\n<\/p><\/div>\n<div style='padding: 20px 0; text-align: center; opacity: 0.6; font-size: 0.85rem; color: inherit;'>\u00a9 Cambium Networks &#8211; Soluciones Inal\u00e1mbricas de Alta Densidad<\/div>\n<\/p><\/div>\n","protected":false},"excerpt":{"rendered":"<p>Antena sectorial ePMP 3000 de 90 grados, 17 dBi, 4.9-5.97 GHz, MU-MIMO 4&#215;4, incluye kit de montaje para EPMP3K<\/p>\n","protected":false},"featured_media":79859,"comment_status":"open","ping_status":"closed","template":"","meta":[],"product_brand":[],"product_cat":[1895],"product_tag":[1404,1316,1896],"class_list":{"0":"post-79860","1":"product","2":"type-product","3":"status-publish","4":"has-post-thumbnail","6":"product_cat-sectoriales","7":"product_tag-antenas","8":"product_tag-cambium-networks","9":"product_tag-sectoriales","11":"first","12":"outofstock","13":"sale","14":"shipping-taxable","15":"purchasable","16":"product-type-simple"},"_links":{"self":[{"href":"https:\/\/soydeaqui.ddns.net\/pachuca\/index.php\/wp-json\/wp\/v2\/product\/79860","targetHints":{"allow":["GET"]}}],"collection":[{"href":"https:\/\/soydeaqui.ddns.net\/pachuca\/index.php\/wp-json\/wp\/v2\/product"}],"about":[{"href":"https:\/\/soydeaqui.ddns.net\/pachuca\/index.php\/wp-json\/wp\/v2\/types\/product"}],"replies":[{"embeddable":true,"href":"https:\/\/soydeaqui.ddns.net\/pachuca\/index.php\/wp-json\/wp\/v2\/comments?post=79860"}],"wp:featuredmedia":[{"embeddable":true,"href":"https:\/\/soydeaqui.ddns.net\/pachuca\/index.php\/wp-json\/wp\/v2\/media\/79859"}],"wp:attachment":[{"href":"https:\/\/soydeaqui.ddns.net\/pachuca\/index.php\/wp-json\/wp\/v2\/media?parent=79860"}],"wp:term":[{"taxonomy":"product_brand","embeddable":true,"href":"https:\/\/soydeaqui.ddns.net\/pachuca\/index.php\/wp-json\/wp\/v2\/product_brand?post=79860"},{"taxonomy":"product_cat","embeddable":true,"href":"https:\/\/soydeaqui.ddns.net\/pachuca\/index.php\/wp-json\/wp\/v2\/product_cat?post=79860"},{"taxonomy":"product_tag","embeddable":true,"href":"https:\/\/soydeaqui.ddns.net\/pachuca\/index.php\/wp-json\/wp\/v2\/product_tag?post=79860"}],"curies":[{"name":"wp","href":"https:\/\/api.w.org\/{rel}","templated":true}]}}