{"id":79835,"date":"2026-03-19T17:39:19","date_gmt":"2026-03-19T17:39:19","guid":{"rendered":"https:\/\/soydeaqui.ddns.net\/pachuca\/index.php\/producto\/jabra-biz-2300-duo-con-cable-quick-disconnect-de-alta-durabilidad-2309-820-105\/"},"modified":"2026-03-19T17:39:33","modified_gmt":"2026-03-19T17:39:33","slug":"jabra-biz-2300-duo-con-cable-quick-disconnect-de-alta-durabilidad-2309-820-105","status":"publish","type":"product","link":"https:\/\/soydeaqui.ddns.net\/pachuca\/index.php\/producto\/jabra-biz-2300-duo-con-cable-quick-disconnect-de-alta-durabilidad-2309-820-105\/","title":{"rendered":"Jabra Biz 2300 Duo con cable Quick Disconnect de alta durabilidad (2309-820-105)"},"content":{"rendered":"<div style='width: 100%; max-width: 1200px; margin: 0 auto; font-family: sans-serif; line-height: 1.6; color: inherit; background-color: transparent;'> <!-- Secci\u00f3n de descripci\u00f3n principal --> <\/p>\n<div style='margin-bottom: 30px;'>\n<p style='font-size: 15px; margin-bottom: 15px; color: inherit;'>Jabra Biz 2300 est\u00e1 dise\u00f1ado para sobrevivir en un contact center de alto rendimiento&comma; con lo que necesitar\u00e1 cambiar menos de auriculares&comma; necesitar\u00e1 menos tiempo de inactividad y reducir\u00e1 el coste total de la propiedad.<\/p>\n<ul style='padding-left: 20px; font-size: 15px; color: inherit;'>\n<li style='margin-bottom: 5px;'>El cable reforzado est\u00e1 dise\u00f1ado para un entorno de contact center y es capaz de resistir a las ruedas de las sillas de oficinas&comma; a objetos afilados y al uso diario.<\/li>\n<li style='margin-bottom: 5px;'>El brazo articulado puede girar 360\u00ba sin riesgo de rotura gracias al sistema FreeSpin\u2122.<\/li>\n<\/ul><\/div>\n<p> <!-- Secci\u00f3n de comodidad --> <\/p>\n<div style='margin-bottom: 30px;'>\n<h3 style='font-size: 22px; border-bottom: 2px solid currentColor; padding-bottom: 5px; margin-top: 0; color: inherit; opacity: 0.8;'>Comodidad durante todo el d\u00eda para los agentes<\/h3>\n<p style='font-size: 15px; margin-bottom: 15px; color: inherit;'>Dise\u00f1o ligero y c\u00f3modo para reducir el cansancio de los agentes y mejorar la productividad durante las llamadas.<\/p>\n<ul style='padding-left: 20px; font-size: 15px; color: inherit;'>\n<li style='margin-bottom: 5px;'>La versi\u00f3n Mono pesa solo 49 gramos (1&comma;73 oz) y la versi\u00f3n Duo pesa 68 gramos (2&comma;4 oz)<\/li>\n<li style='margin-bottom: 5px;'>La diadema ajustable y el brazo articulado del micr\u00f3fono le permiten encontrar el ajuste ideal<\/li>\n<li style='margin-bottom: 5px;'>La unidad de control programable permite cambiar el volumen&comma; silenciar las llamadas y realizar otras funciones.<\/li>\n<li style='margin-bottom: 5px;'>La tecnolog\u00eda PeakStop\u2122 elimina los sonidos y tonos altos repentinos antes de que lleguen a sus o\u00eddos: Se filtra cualquier sonido que supere los 118 dB.<\/li>\n<\/ul><\/div>\n<p> <!-- Secci\u00f3n de sonido --> <\/p>\n<div style='margin-bottom: 30px;'>\n<h3 style='font-size: 22px; border-bottom: 2px solid currentColor; padding-bottom: 5px; margin-top: 0; color: inherit; opacity: 0.8;'>Sonido de primera calidad<\/h3>\n<p style='font-size: 15px; margin-bottom: 15px; color: inherit;'>Para mejorar la calidad de las conversaciones y la satisfacci\u00f3n del cliente se requiere una buena reducci\u00f3n del sonido de ambiente en el o\u00eddo del agente y un micr\u00f3fono con cancelaci\u00f3n de ruido que evite tambi\u00e9n los golpes de aire. Eso es lo que ofrecen los auriculares Jabra BIZ 2300.<\/p>\n<ul style='padding-left: 20px; font-size: 15px; color: inherit;'>\n<li style='margin-bottom: 5px;'>La tecnolog\u00eda de voz HD asegura una comprensi\u00f3n clara de lo que dice su interlocutor<\/li>\n<li style='margin-bottom: 5px;'>Los altavoces reducen el ruido ambiente para que usted pueda centrarse en la llamada<\/li>\n<li style='margin-bottom: 5px;'>El micr\u00f3fono con cancelaci\u00f3n de ruido para golpes de aire filtra el sonido de la respiraci\u00f3n y los chasquidos que suelen perjudicar las conversaciones.<\/li>\n<\/ul><\/div>\n<p> <!-- Secci\u00f3n de tecnolog\u00edas --> <\/p>\n<div style='display: flex; flex-wrap: wrap; gap: 20px; margin-bottom: 30px;'>\n<div style='flex: 1 1 250px; border: 1px solid rgba(150&comma; 150&comma; 150&comma; 0.4); border-radius: 8px; overflow: hidden; display: flex; flex-direction: column;'>\n<div style='padding: 15px; border-bottom: 1px solid rgba(150&comma; 150&comma; 150&comma; 0.2); font-weight: bold; font-size: 18px; color: inherit;'>FreeSpin\u2122<\/div>\n<div style='padding: 15px; color: inherit;'>\n<p style='margin: 0 0 10px 0; font-size: 14px; color: inherit;'>El brazo articulado gira 360\u00ba sin riesgo de romperse. As\u00ed podr\u00e1 colocar el micr\u00f3fono en el punto exacto que prefiera.<\/p>\n<\/p><\/div>\n<\/p><\/div>\n<div style='flex: 1 1 250px; border: 1px solid rgba(150&comma; 150&comma; 150&comma; 0.4); border-radius: 8px; overflow: hidden; display: flex; flex-direction: column;'>\n<div style='padding: 15px; border-bottom: 1px solid rgba(150&comma; 150&comma; 150&comma; 0.2); font-weight: bold; font-size: 18px; color: inherit;'>PeakStop\u2122<\/div>\n<div style='padding: 15px; color: inherit;'>\n<p style='margin: 0 0 10px 0; font-size: 14px; color: inherit;'>PeakStop\u2122 elimina cualquier sonido excesivamente alto y da\u00f1ino antes de que llegue al o\u00eddo. As\u00ed&comma; el sonido siempre se mantiene a unos niveles seguros para proteger la audici\u00f3n del usuario.<\/p>\n<\/p><\/div>\n<\/p><\/div>\n<div style='flex: 1 1 250px; border: 1px solid rgba(150&comma; 150&comma; 150&comma; 0.4); border-radius: 8px; overflow: hidden; display: flex; flex-direction: column;'>\n<div style='padding: 15px; border-bottom: 1px solid rgba(150&comma; 150&comma; 150&comma; 0.2); font-weight: bold; font-size: 18px; color: inherit;'>Voz HD\/audio de banda ancha<\/div>\n<div style='padding: 15px; color: inherit;'>\n<p style='margin: 0 0 10px 0; font-size: 14px; color: inherit;'>La voz HD permite mantener conversaciones vibrantes&comma; con una calidad de sonido muy realista. Ya no tendr\u00e1 que esforzarse por escuchar lo que dice el interlocutor.<\/p>\n<\/p><\/div>\n<\/p><\/div>\n<div style='flex: 1 1 250px; border: 1px solid rgba(150&comma; 150&comma; 150&comma; 0.4); border-radius: 8px; overflow: hidden; display: flex; flex-direction: column;'>\n<div style='padding: 15px; border-bottom: 1px solid rgba(150&comma; 150&comma; 150&comma; 0.2); font-weight: bold; font-size: 18px; color: inherit;'>Cable reforzado<\/div>\n<div style='padding: 15px; color: inherit;'>\n<p style='margin: 0 0 10px 0; font-size: 14px; color: inherit;'>Los cables est\u00e1n reforzados con y est\u00e1n hechos para durar y aguantar las condiciones de uso m\u00e1s exigentes.<\/p>\n<\/p><\/div>\n<\/p><\/div>\n<div style='flex: 1 1 250px; border: 1px solid rgba(150&comma; 150&comma; 150&comma; 0.4); border-radius: 8px; overflow: hidden; display: flex; flex-direction: column;'>\n<div style='padding: 15px; border-bottom: 1px solid rgba(150&comma; 150&comma; 150&comma; 0.2); font-weight: bold; font-size: 18px; color: inherit;'>Micr\u00f3fono con cancelaci\u00f3n de ruidos<\/div>\n<div style='padding: 15px; color: inherit;'>\n<p style='margin: 0 0 10px 0; font-size: 14px; color: inherit;'>Los micr\u00f3fonos con cancelaci\u00f3n de ruido reducen el ruido de fondo no deseado y son ideales en entornos de oficinas de planta di\u00e1fana&comma; con mucha gente y ruidosas.<\/p>\n<\/p><\/div>\n<\/p><\/div>\n<div style='flex: 1 1 250px; border: 1px solid rgba(150&comma; 150&comma; 150&comma; 0.4); border-radius: 8px; overflow: hidden; display: flex; flex-direction: column;'>\n<div style='padding: 15px; border-bottom: 1px solid rgba(150&comma; 150&comma; 150&comma; 0.2); font-weight: bold; font-size: 18px; color: inherit;'>Micr\u00f3fono Air Shock<\/div>\n<div style='padding: 15px; color: inherit;'>\n<p style='margin: 0 0 10px 0; font-size: 14px; color: inherit;'>Cuando el micr\u00f3fono se coloca demasiado cerca de la boca&comma; pueden escucharse ruidos de respiraci\u00f3n desde el otro lado. Para evitar que esto ocurra&comma; hemos dise\u00f1ado el micr\u00f3fono con muchos agujeros peque\u00f1os y hemos colocado una capa de espuma en el interior. As\u00ed se evita la mayor\u00eda de los golpes de aire y se mejora la calidad de la llamada.<\/p>\n<\/p><\/div>\n<\/p><\/div>\n<\/p><\/div>\n<p> <!-- Separador --> <\/p>\n<hr style='border: 0; border-top: 1px solid rgba(150&comma; 150&comma; 150&comma; 0.3); margin: 30px 0;'> <\/div>\n","protected":false},"excerpt":{"rendered":"<p>Jabra Biz 2300 Duo con cable Quick Disconnect de alta durabilidad (2309-820-105)<\/p>\n","protected":false},"featured_media":79834,"comment_status":"open","ping_status":"closed","template":"","meta":[],"product_brand":[],"product_cat":[2050],"product_tag":[2051,2052,2004],"class_list":{"0":"post-79835","1":"product","2":"type-product","3":"status-publish","4":"has-post-thumbnail","6":"product_cat-auriculares","7":"product_tag-auriculares","8":"product_tag-jabra","9":"product_tag-voip-telefonia-ip-videoconferencia","11":"first","12":"outofstock","13":"sale","14":"shipping-taxable","15":"purchasable","16":"product-type-simple"},"_links":{"self":[{"href":"https:\/\/soydeaqui.ddns.net\/pachuca\/index.php\/wp-json\/wp\/v2\/product\/79835","targetHints":{"allow":["GET"]}}],"collection":[{"href":"https:\/\/soydeaqui.ddns.net\/pachuca\/index.php\/wp-json\/wp\/v2\/product"}],"about":[{"href":"https:\/\/soydeaqui.ddns.net\/pachuca\/index.php\/wp-json\/wp\/v2\/types\/product"}],"replies":[{"embeddable":true,"href":"https:\/\/soydeaqui.ddns.net\/pachuca\/index.php\/wp-json\/wp\/v2\/comments?post=79835"}],"wp:featuredmedia":[{"embeddable":true,"href":"https:\/\/soydeaqui.ddns.net\/pachuca\/index.php\/wp-json\/wp\/v2\/media\/79834"}],"wp:attachment":[{"href":"https:\/\/soydeaqui.ddns.net\/pachuca\/index.php\/wp-json\/wp\/v2\/media?parent=79835"}],"wp:term":[{"taxonomy":"product_brand","embeddable":true,"href":"https:\/\/soydeaqui.ddns.net\/pachuca\/index.php\/wp-json\/wp\/v2\/product_brand?post=79835"},{"taxonomy":"product_cat","embeddable":true,"href":"https:\/\/soydeaqui.ddns.net\/pachuca\/index.php\/wp-json\/wp\/v2\/product_cat?post=79835"},{"taxonomy":"product_tag","embeddable":true,"href":"https:\/\/soydeaqui.ddns.net\/pachuca\/index.php\/wp-json\/wp\/v2\/product_tag?post=79835"}],"curies":[{"name":"wp","href":"https:\/\/api.w.org\/{rel}","templated":true}]}}