{"id":79827,"date":"2026-03-19T17:38:56","date_gmt":"2026-03-19T17:38:56","guid":{"rendered":"https:\/\/soydeaqui.ddns.net\/pachuca\/index.php\/producto\/jabra-evolve-80-con-conexion-usb-3-5mm-cancelacion-activa-pasiva-de-ruido-con-indicador-de-ocupado-7899-823-109\/"},"modified":"2026-03-19T17:39:06","modified_gmt":"2026-03-19T17:39:06","slug":"jabra-evolve-80-con-conexion-usb-3-5mm-cancelacion-activa-pasiva-de-ruido-con-indicador-de-ocupado-7899-823-109","status":"publish","type":"product","link":"https:\/\/soydeaqui.ddns.net\/pachuca\/index.php\/producto\/jabra-evolve-80-con-conexion-usb-3-5mm-cancelacion-activa-pasiva-de-ruido-con-indicador-de-ocupado-7899-823-109\/","title":{"rendered":"Jabra Evolve 80 con conexi\u00f3n USB \/ 3.5mm, cancelaci\u00f3n activa\/pasiva de ruido con indicador de ocupado (7899-823-109)"},"content":{"rendered":"<div style='width: 100%; max-width: 1200px; margin: 0 auto; font-family: sans-serif; line-height: 1.6; color: inherit; background-color: transparent;'>\n<div style='display: flex; flex-wrap: wrap; gap: 30px; margin-bottom: 30px;'>\n<div style='flex: 1 1 300px; min-width: 280px;'>\n<h3 style='font-size: 22px; border-bottom: 2px solid currentColor; padding-bottom: 5px; margin-top: 0; color: inherit; opacity: 0.8;'>Mejore su concentraci\u00f3n<\/h3>\n<div style='display: flex; align-items: center; margin: 20px 0;'> <img style='width: 56px; height: auto; border: 1px solid rgba(150&comma;150&comma;150&comma;0.3); border-radius: 8px; margin-right: 15px;' src='https:\/\/ftp3.syscom.mx\/usuarios\/lcuevas\/Evolve%2080\/ActiveNC.PNG' alt='Cancelaci\u00f3n activa de ruido'> <\/p>\n<h4 style='font-size: 18px; margin: 0; color: inherit;'>Cancelaci\u00f3n activa de ruido<\/h4>\n<\/p><\/div>\n<p style='font-size: 14px; color: inherit;'>Elimina el ruido de fondo de baja frecuencia con solo pulsar un bot\u00f3n. De este modo usted no pierde la concentraci\u00f3n&comma; por ruidoso que sea su entorno.<\/p>\n<div style='display: flex; align-items: center; margin: 20px 0;'> <img style='width: 48px; height: auto; border: 1px solid rgba(150&comma;150&comma;150&comma;0.3); border-radius: 8px; margin-right: 15px;' src='https:\/\/ftp3.syscom.mx\/usuarios\/lcuevas\/Evolve%2080\/CancPas.png' alt='Cancelaci\u00f3n de ruido pasiva'> <\/p>\n<h4 style='font-size: 18px; margin: 0; color: inherit;'>Cancelaci\u00f3n de ruido pasiva<\/h4>\n<\/p><\/div>\n<p style='font-size: 14px; color: inherit;'>Eliminan los ruidos de alta frecuencia&comma; como las voces humanas&comma; gracias a sus almohadillas de dise\u00f1o especial. Es lo que llamamos &#8216;cancelaci\u00f3n pasiva de ruido.&#8217;<\/p>\n<h4 style='font-size: 18px; margin-top: 25px; color: inherit;'>Elimine el ruido de la oficina y mejore su productividad<\/h4>\n<p style='font-size: 14px; color: inherit;'>Puede encender la cancelaci\u00f3n de ruido activa para eliminar virtualmente todos los sonidos de baja frecuencia&comma; como el sonido del aire acondicionado. La cancelaci\u00f3n de ruido activa utiliza micr\u00f3fonos avanzados para contrarrestar el ruido del ambiente.<\/p>\n<\/p><\/div>\n<\/p><\/div>\n<div style='display: flex; justify-content: center; margin: 30px 0;'> <img style='width: 100%; max-width: 787px; height: auto; border: 1px solid rgba(150&comma;150&comma;150&comma;0.3); border-radius: 8px;' src='https:\/\/ftp3.syscom.mx\/usuarios\/lcuevas\/Evolve%2080\/Jabra_Evolve_Product_39.jpg' alt='Jabra Evolve 80'> <\/div>\n<div style='display: flex; flex-wrap: wrap; gap: 30px; margin-bottom: 30px;'>\n<div style='flex: 1 1 300px; min-width: 280px;'>\n<h3 style='font-size: 22px; border-bottom: 2px solid currentColor; padding-bottom: 5px; margin-top: 0; color: inherit; opacity: 0.8;'>Mejore su productividad<\/h3>\n<div style='display: flex; align-items: center; margin: 20px 0;'> <img style='width: 50px; height: auto; border: 1px solid rgba(150&comma;150&comma;150&comma;0.3); border-radius: 8px; margin-right: 15px;' src='https:\/\/ftp3.syscom.mx\/usuarios\/lcuevas\/Evolve%2080\/Iconoluz.png' alt='Indicador de ocupado'> <\/p>\n<h4 style='font-size: 18px; margin: 0; color: inherit;'>Indicador de ocupado<\/h4>\n<\/p><\/div>\n<p style='font-size: 14px; color: inherit;'>El indicador de ocupado especial se enciende de color rojo para que los dem\u00e1s sepan que est\u00e1 al tel\u00e9fono. Tambi\u00e9n puede encenderlo manualmente si no desea ser molestado.<\/p>\n<div style='display: flex; align-items: center; margin: 20px 0;'> <img style='width: 47px; height: auto; border: 1px solid rgba(150&comma;150&comma;150&comma;0.3); border-radius: 8px; margin-right: 15px;' src='https:\/\/ftp3.syscom.mx\/usuarios\/lcuevas\/Evolve%2080\/dispositivos%20moviles-.png' alt='Funciona con todos los dispositivos m\u00f3viles'> <\/p>\n<h4 style='font-size: 18px; margin: 0; color: inherit;'>Funciona con todos los dispositivos m\u00f3viles<\/h4>\n<\/p><\/div>\n<p style='font-size: 14px; color: inherit;'>Funciona con los principales sistemas de CU sin configuraciones adicionales y la toma de 3&comma;5 mm le permite conectarlo con un PC&comma; smartphone&comma; tablet o cualquier otro dispositivo personal.<\/p>\n<div style='display: flex; align-items: center; margin: 20px 0;'> <img style='width: 76px; height: auto; border: 1px solid rgba(150&comma;150&comma;150&comma;0.3); border-radius: 8px; margin-right: 15px;' src='https:\/\/ftp3.syscom.mx\/usuarios\/lcuevas\/Evolve%2080\/call%20transfer.png' alt='Intelligent Call Transfer'> <\/p>\n<h4 style='font-size: 18px; margin: 0; color: inherit;'>Intelligent Call Transfer<\/h4>\n<\/p><\/div>\n<p style='font-size: 14px; color: inherit;'>\u00bfSu reuni\u00f3n se alarga? Transfiera f\u00e1cilmente su llamada desde Skype Empresarial antes de salir de la oficina. Para eso&comma; simplemente desenchufe la toma de 3&comma;5 mm de la unidad de control y ench\u00fafela en su smartphone. La llamada se transfiere inmediatamente.<\/p>\n<\/p><\/div>\n<\/p><\/div>\n<div style='display: flex; flex-wrap: wrap; justify-content: center; gap: 30px; margin: 30px 0;'> <img style='width: 100%; max-width: 553px; height: auto; border: 1px solid rgba(150&comma;150&comma;150&comma;0.3); border-radius: 8px;' src='https:\/\/ftp3.syscom.mx\/usuarios\/lcuevas\/Evolve%2080\/Jabra_Evolve_Product_Desk_2.jpg' alt='Jabra Evolve 80 en escritorio'> <img style='width: 100%; max-width: 553px; height: auto; border: 1px solid rgba(150&comma;150&comma;150&comma;0.3); border-radius: 8px;' src='https:\/\/ftp3.syscom.mx\/usuarios\/lcuevas\/Evolve%2080\/4523.jpg' alt='Jabra Evolve 80'> <\/div>\n<div style='position: relative; padding-bottom: 56.25%; height: 0; overflow: hidden; margin-bottom: 30px;'>   <\/div>\n<hr style='border: 0; border-top: 1px solid rgba(150&comma; 150&comma; 150&comma; 0.3); margin: 30px 0;'> <\/div>\n","protected":false},"excerpt":{"rendered":"<p>Jabra Evolve 80 con conexi\u00f3n USB \/ 3.5mm, cancelaci\u00f3n activa\/pasiva de ruido con indicador de ocupado (7899-823-109)<\/p>\n","protected":false},"featured_media":79826,"comment_status":"open","ping_status":"closed","template":"","meta":[],"product_brand":[],"product_cat":[2050],"product_tag":[2051,2052,2004],"class_list":{"0":"post-79827","1":"product","2":"type-product","3":"status-publish","4":"has-post-thumbnail","6":"product_cat-auriculares","7":"product_tag-auriculares","8":"product_tag-jabra","9":"product_tag-voip-telefonia-ip-videoconferencia","11":"first","12":"outofstock","13":"sale","14":"shipping-taxable","15":"purchasable","16":"product-type-simple"},"_links":{"self":[{"href":"https:\/\/soydeaqui.ddns.net\/pachuca\/index.php\/wp-json\/wp\/v2\/product\/79827","targetHints":{"allow":["GET"]}}],"collection":[{"href":"https:\/\/soydeaqui.ddns.net\/pachuca\/index.php\/wp-json\/wp\/v2\/product"}],"about":[{"href":"https:\/\/soydeaqui.ddns.net\/pachuca\/index.php\/wp-json\/wp\/v2\/types\/product"}],"replies":[{"embeddable":true,"href":"https:\/\/soydeaqui.ddns.net\/pachuca\/index.php\/wp-json\/wp\/v2\/comments?post=79827"}],"wp:featuredmedia":[{"embeddable":true,"href":"https:\/\/soydeaqui.ddns.net\/pachuca\/index.php\/wp-json\/wp\/v2\/media\/79826"}],"wp:attachment":[{"href":"https:\/\/soydeaqui.ddns.net\/pachuca\/index.php\/wp-json\/wp\/v2\/media?parent=79827"}],"wp:term":[{"taxonomy":"product_brand","embeddable":true,"href":"https:\/\/soydeaqui.ddns.net\/pachuca\/index.php\/wp-json\/wp\/v2\/product_brand?post=79827"},{"taxonomy":"product_cat","embeddable":true,"href":"https:\/\/soydeaqui.ddns.net\/pachuca\/index.php\/wp-json\/wp\/v2\/product_cat?post=79827"},{"taxonomy":"product_tag","embeddable":true,"href":"https:\/\/soydeaqui.ddns.net\/pachuca\/index.php\/wp-json\/wp\/v2\/product_tag?post=79827"}],"curies":[{"name":"wp","href":"https:\/\/api.w.org\/{rel}","templated":true}]}}