{"id":79701,"date":"2026-03-19T17:33:38","date_gmt":"2026-03-19T17:33:38","guid":{"rendered":"https:\/\/soydeaqui.ddns.net\/pachuca\/index.php\/producto\/jabra-biz-1500-mono-auricular-profesional-con-cancelacion-de-ruido-ligero-y-comodo-ideal-para-contact-center-con-conexion-qd-1513-0157\/"},"modified":"2026-03-19T17:33:46","modified_gmt":"2026-03-19T17:33:46","slug":"jabra-biz-1500-mono-auricular-profesional-con-cancelacion-de-ruido-ligero-y-comodo-ideal-para-contact-center-con-conexion-qd-1513-0157","status":"publish","type":"product","link":"https:\/\/soydeaqui.ddns.net\/pachuca\/index.php\/producto\/jabra-biz-1500-mono-auricular-profesional-con-cancelacion-de-ruido-ligero-y-comodo-ideal-para-contact-center-con-conexion-qd-1513-0157\/","title":{"rendered":"Jabra Biz 1500 Mono, auricular profesional con cancelaci\u00f3n de ruido, ligero y c\u00f3modo ideal para contact center con conexi\u00f3n QD (1513-0157)"},"content":{"rendered":"<div style='width: 100%; max-width: 1200px; margin: 0 auto; font-family: sans-serif; line-height: 1.6; color: inherit; background-color: transparent;'>\n<div style='display: flex; flex-wrap: wrap; gap: 30px; margin-bottom: 30px;'>\n<div style='flex: 1 1 300px; min-width: 280px;'>\n<h3 style='font-size: 22px; border-bottom: 2px solid currentColor; padding-bottom: 5px; margin-top: 0; color: inherit; opacity: 0.8;'>Profesional. Econ\u00f3mico. Duradero<\/h3>\n<p style='color: inherit; font-size: 14px; margin-bottom: 15px;'><span style='color: #b8312f;'><strong>Consulte modelo de tel\u00e9fono para ver accesorios compatibles.<\/strong><\/span><\/p>\n<p style='color: inherit; font-size: 14px; margin-bottom: 15px;'><a href='https:\/\/www.jabra.lat\/compatibilityguide\/' style='color: #2c82c9; text-decoration: underline;' target='_blank'>https:\/\/www.jabra.lat\/compatibilityguide\/<\/a><\/p>\n<\/p><\/div>\n<\/p><\/div>\n<div style='display: flex; flex-wrap: wrap; gap: 30px; margin-bottom: 30px;'>\n<div style='flex: 1 1 300px; min-width: 280px;'>\n<h3 style='font-size: 22px; border-bottom: 2px solid currentColor; padding-bottom: 5px; margin-top: 0; color: inherit; opacity: 0.8;'>Comodidad toda la jornada<\/h3>\n<p style='color: inherit; font-size: 14px; margin-bottom: 15px;'>Dise\u00f1ados para usar todo el d\u00eda: marco ergon\u00f3mico&comma; diadema acolchada y almohadillas de espuma super suave que disipa el calor de las orejas. La diadema y el brazo del micr\u00f3fono pueden ajustarse a sus preferencias.<\/p>\n<\/p><\/div>\n<\/p><\/div>\n<div style='display: flex; flex-wrap: wrap; gap: 30px; margin-bottom: 30px;'>\n<div style='flex: 1 1 300px; min-width: 280px;'>\n<h3 style='font-size: 22px; border-bottom: 2px solid currentColor; padding-bottom: 5px; margin-top: 0; color: inherit; opacity: 0.8;'>Resistente<\/h3>\n<p style='color: inherit; font-size: 14px; margin-bottom: 15px;'>Dise\u00f1ado para contact centers de alto rendimiento&comma; con un brazo articulado que gira 270\u00b0 sin romperse.<\/p>\n<\/p><\/div>\n<\/p><\/div>\n<div style='display: flex; flex-wrap: wrap; gap: 30px; margin-bottom: 30px;'>\n<div style='flex: 1 1 300px; min-width: 280px;'>\n<h3 style='font-size: 22px; border-bottom: 2px solid currentColor; padding-bottom: 5px; margin-top: 0; color: inherit; opacity: 0.8;'>Micr\u00f3fono con cancelaci\u00f3n de ruidos<\/h3>\n<p style='color: inherit; font-size: 14px; margin-bottom: 15px;'>Los micr\u00f3fonos con cancelaci\u00f3n de ruido reducen el ruido de fondo no deseado y son ideales en entornos de oficinas de planta di\u00e1fana&comma; con mucha gente y ruidosas.<\/p>\n<\/p><\/div>\n<\/p><\/div>\n<div style='display: flex; flex-wrap: wrap; gap: 30px; margin-bottom: 30px;'>\n<div style='flex: 1 1 300px; min-width: 280px;'>\n<h3 style='font-size: 22px; border-bottom: 2px solid currentColor; padding-bottom: 5px; margin-top: 0; color: inherit; opacity: 0.8;'>PeakStop\u2122<\/h3>\n<p style='color: inherit; font-size: 14px; margin-bottom: 15px;'>PeakStop\u2122 elimina cualquier sonido excesivamente alto y da\u00f1ino antes de que llegue al o\u00eddo. As\u00ed&comma; el sonido siempre se mantiene a unos niveles seguros para proteger la audici\u00f3n del usuario.<\/p>\n<\/p><\/div>\n<\/p><\/div>\n<div style='display: flex; flex-wrap: wrap; gap: 30px; margin-bottom: 30px;'>\n<div style='flex: 1 1 300px; min-width: 280px;'>\n<h3 style='font-size: 22px; border-bottom: 2px solid currentColor; padding-bottom: 5px; margin-top: 0; color: inherit; opacity: 0.8;'>Sonido cristalino<\/h3>\n<p style='color: inherit; font-size: 14px; margin-bottom: 15px;'>El procesamiento digital de se\u00f1ales (DSP) reduce el ruido de fondo y elimina el eco. Protege al usuario de picos repentinos de volumen.<\/p>\n<\/p><\/div>\n<\/p><\/div>\n<div style='display: flex; flex-wrap: wrap; gap: 30px; margin-bottom: 30px;'>\n<div style='flex: 1 1 300px; min-width: 280px;'>\n<h3 style='font-size: 22px; border-bottom: 2px solid currentColor; padding-bottom: 5px; margin-top: 0; color: inherit; opacity: 0.8;'>Facilidad en la gesti\u00f3n de llamadas<\/h3>\n<p style='color: inherit; font-size: 14px; margin-bottom: 15px;'>Unidad de control intuitiva que mejora el control de las llamadas<\/p>\n<\/p><\/div>\n<\/p><\/div>\n<div style='display: flex; flex-wrap: wrap; gap: 30px; margin-bottom: 30px;'>\n<div style='flex: 1 1 300px; min-width: 280px;'>\n<h3 style='font-size: 22px; border-bottom: 2px solid currentColor; padding-bottom: 5px; margin-top: 0; color: inherit; opacity: 0.8;'>Brazo articulado Jabra Spin<\/h3>\n<p style='color: inherit; font-size: 14px; margin-bottom: 15px;'>Brazo flexible de 270\u00b0 para un ajuste m\u00e1s f\u00e1cil sin romperse<\/p>\n<\/p><\/div>\n<\/p><\/div>\n<div style='display: flex; flex-wrap: wrap; gap: 30px; margin-bottom: 30px;'>\n<div style='flex: 1 1 300px; min-width: 280px;'>\n<h3 style='font-size: 22px; border-bottom: 2px solid currentColor; padding-bottom: 5px; margin-top: 0; color: inherit; opacity: 0.8;'>Aplicaciones de software de Jabra<\/h3>\n<p style='color: inherit; font-size: 14px; margin-bottom: 15px;'>Personalice la configuraci\u00f3n mediante las aplicaciones de software de Jabra. Disfrutar\u00e1 de una integraci\u00f3n plena y un control de llamadas remoto con la \u00faltima generaci\u00f3n de softphones.<\/p>\n<\/p><\/div>\n<\/p><\/div>\n<div style='display: flex; flex-wrap: wrap; gap: 30px; margin-bottom: 30px;'>\n<div style='flex: 1 1 300px; min-width: 280px;'>\n<h3 style='font-size: 22px; border-bottom: 2px solid currentColor; padding-bottom: 5px; margin-top: 0; color: inherit; opacity: 0.8;'>Audio HD<\/h3>\n<p style='color: inherit; font-size: 14px; margin-bottom: 15px;'>Disfrute de un sonido de alta definici\u00f3n con la funci\u00f3n de Voz HD&comma; que le permite disfrutar de una comunicaci\u00f3n muy n\u00edtida.<\/p>\n<\/p><\/div>\n<\/p><\/div>\n<div style='display: flex; flex-wrap: wrap; gap: 30px; margin-bottom: 30px;'>\n<div style='flex: 1 1 300px; min-width: 280px;'>\n<h3 style='font-size: 22px; border-bottom: 2px solid currentColor; padding-bottom: 5px; margin-top: 0; color: inherit; opacity: 0.8;'>Almohadillas de espuma<\/h3>\n<p style='color: inherit; font-size: 14px; margin-bottom: 15px;'>Mantiene las orejas fr\u00edas para mayor comodidad durante todo el d\u00eda<\/p>\n<\/p><\/div>\n<\/p><\/div>\n<\/p><\/div>\n","protected":false},"excerpt":{"rendered":"<p>Jabra Biz 1500 Mono, auricular profesional con cancelaci\u00f3n de ruido, ligero y c\u00f3modo ideal para contact center con conexi\u00f3n QD (1513-0157)<\/p>\n","protected":false},"featured_media":79700,"comment_status":"open","ping_status":"closed","template":"","meta":[],"product_brand":[],"product_cat":[2050],"product_tag":[2051,2052,2004],"class_list":{"0":"post-79701","1":"product","2":"type-product","3":"status-publish","4":"has-post-thumbnail","6":"product_cat-auriculares","7":"product_tag-auriculares","8":"product_tag-jabra","9":"product_tag-voip-telefonia-ip-videoconferencia","11":"first","12":"instock","13":"sale","14":"shipping-taxable","15":"purchasable","16":"product-type-simple"},"_links":{"self":[{"href":"https:\/\/soydeaqui.ddns.net\/pachuca\/index.php\/wp-json\/wp\/v2\/product\/79701","targetHints":{"allow":["GET"]}}],"collection":[{"href":"https:\/\/soydeaqui.ddns.net\/pachuca\/index.php\/wp-json\/wp\/v2\/product"}],"about":[{"href":"https:\/\/soydeaqui.ddns.net\/pachuca\/index.php\/wp-json\/wp\/v2\/types\/product"}],"replies":[{"embeddable":true,"href":"https:\/\/soydeaqui.ddns.net\/pachuca\/index.php\/wp-json\/wp\/v2\/comments?post=79701"}],"wp:featuredmedia":[{"embeddable":true,"href":"https:\/\/soydeaqui.ddns.net\/pachuca\/index.php\/wp-json\/wp\/v2\/media\/79700"}],"wp:attachment":[{"href":"https:\/\/soydeaqui.ddns.net\/pachuca\/index.php\/wp-json\/wp\/v2\/media?parent=79701"}],"wp:term":[{"taxonomy":"product_brand","embeddable":true,"href":"https:\/\/soydeaqui.ddns.net\/pachuca\/index.php\/wp-json\/wp\/v2\/product_brand?post=79701"},{"taxonomy":"product_cat","embeddable":true,"href":"https:\/\/soydeaqui.ddns.net\/pachuca\/index.php\/wp-json\/wp\/v2\/product_cat?post=79701"},{"taxonomy":"product_tag","embeddable":true,"href":"https:\/\/soydeaqui.ddns.net\/pachuca\/index.php\/wp-json\/wp\/v2\/product_tag?post=79701"}],"curies":[{"name":"wp","href":"https:\/\/api.w.org\/{rel}","templated":true}]}}