{"id":79676,"date":"2026-03-19T17:32:32","date_gmt":"2026-03-19T17:32:32","guid":{"rendered":"https:\/\/soydeaqui.ddns.net\/pachuca\/index.php\/producto\/engage-65-mono-con-conexion-dect-y-usb-ideal-para-entornos-con-necesidad-de-seguridad-o-de-mucha-densidad-9553-553-125\/"},"modified":"2026-03-19T17:32:54","modified_gmt":"2026-03-19T17:32:54","slug":"engage-65-mono-con-conexion-dect-y-usb-ideal-para-entornos-con-necesidad-de-seguridad-o-de-mucha-densidad-9553-553-125","status":"publish","type":"product","link":"https:\/\/soydeaqui.ddns.net\/pachuca\/index.php\/producto\/engage-65-mono-con-conexion-dect-y-usb-ideal-para-entornos-con-necesidad-de-seguridad-o-de-mucha-densidad-9553-553-125\/","title":{"rendered":"Engage 65 mono con conexi\u00f3n DECT y USB, ideal para entornos con necesidad de seguridad o de mucha densidad  (9553-553-125)"},"content":{"rendered":"<div style='width: 100%; max-width: 1200px; margin: 0 auto; font-family: sans-serif; line-height: 1.6; color: inherit; background-color: transparent;'> <!-- Secci\u00f3n de caracter\u00edsticas --> <\/p>\n<div style='display: flex; flex-wrap: wrap; gap: 30px; margin-bottom: 30px;'>\n<div style='flex: 1 1 300px; min-width: 280px;'>\n<h3 style='font-size: 22px; border-bottom: 2px solid currentColor; padding-bottom: 5px; margin-top: 0; color: inherit; opacity: 0.8;'>Caracter\u00edsticas<\/h3>\n<ul style='padding-left: 20px; font-size: 15px; color: inherit;'>\n<li style='margin-bottom: 5px;'><strong>Mejor rendimiento inal\u00e1mbrico:<\/strong> Puede alejarse de su mesa y mantener una buena conexi\u00f3n inal\u00e1mbrica para usted y sus clientes<\/li>\n<li style='margin-bottom: 5px;'><strong>Problemas de capacidad inal\u00e1mbrica:<\/strong> La serie Jabra Engage permite que hasta el triple de usuarios trabajen sin cables en el mismo espacio<\/li>\n<li style='margin-bottom: 5px;'><strong>Llamadas n\u00edtidas:<\/strong> Micr\u00f3fono con cancelaci\u00f3n de ruidos avanzada y auriculares mejorados para disfrutar de llamadas n\u00edtidas incluso en oficinas ruidosas<\/li>\n<li style='margin-bottom: 5px;'><strong>Volumen constante:<\/strong> El software del altavoz separa el ruido del habla para reducir el estr\u00e9s del usuario. Todas las llamadas recibidas pueden ajustarse al volumen definido por el usuario para que disfrute de comodidad todo el d\u00eda<\/li>\n<li style='margin-bottom: 5px;'><strong>Seguridad de llamadas:<\/strong> Sistema de sincronizaci\u00f3n patentado. Encriptado AES de 256 bits. Autenticaci\u00f3n de 128 bits. Nivel de seguridad DECT C<\/li>\n<li style='margin-bottom: 5px;'><strong>Conexi\u00f3n multipunto:<\/strong> Puede conectarse con un tel\u00e9fono de mesa y un softphone<\/li>\n<\/ul><\/div>\n<\/p><\/div>\n<p> <!-- Separador --> <\/p>\n<hr style='border: 0; border-top: 1px solid rgba(150&comma; 150&comma; 150&comma; 0.3); margin: 30px 0;'> <\/div>\n","protected":false},"excerpt":{"rendered":"<p>Engage 65 mono con conexi\u00f3n DECT y USB, ideal para entornos con necesidad de seguridad o de mucha densidad  (9553-553-125)<\/p>\n","protected":false},"featured_media":79675,"comment_status":"open","ping_status":"closed","template":"","meta":[],"product_brand":[],"product_cat":[2050],"product_tag":[2051,2052,2004],"class_list":{"0":"post-79676","1":"product","2":"type-product","3":"status-publish","4":"has-post-thumbnail","6":"product_cat-auriculares","7":"product_tag-auriculares","8":"product_tag-jabra","9":"product_tag-voip-telefonia-ip-videoconferencia","11":"first","12":"outofstock","13":"sale","14":"shipping-taxable","15":"purchasable","16":"product-type-simple"},"_links":{"self":[{"href":"https:\/\/soydeaqui.ddns.net\/pachuca\/index.php\/wp-json\/wp\/v2\/product\/79676","targetHints":{"allow":["GET"]}}],"collection":[{"href":"https:\/\/soydeaqui.ddns.net\/pachuca\/index.php\/wp-json\/wp\/v2\/product"}],"about":[{"href":"https:\/\/soydeaqui.ddns.net\/pachuca\/index.php\/wp-json\/wp\/v2\/types\/product"}],"replies":[{"embeddable":true,"href":"https:\/\/soydeaqui.ddns.net\/pachuca\/index.php\/wp-json\/wp\/v2\/comments?post=79676"}],"wp:featuredmedia":[{"embeddable":true,"href":"https:\/\/soydeaqui.ddns.net\/pachuca\/index.php\/wp-json\/wp\/v2\/media\/79675"}],"wp:attachment":[{"href":"https:\/\/soydeaqui.ddns.net\/pachuca\/index.php\/wp-json\/wp\/v2\/media?parent=79676"}],"wp:term":[{"taxonomy":"product_brand","embeddable":true,"href":"https:\/\/soydeaqui.ddns.net\/pachuca\/index.php\/wp-json\/wp\/v2\/product_brand?post=79676"},{"taxonomy":"product_cat","embeddable":true,"href":"https:\/\/soydeaqui.ddns.net\/pachuca\/index.php\/wp-json\/wp\/v2\/product_cat?post=79676"},{"taxonomy":"product_tag","embeddable":true,"href":"https:\/\/soydeaqui.ddns.net\/pachuca\/index.php\/wp-json\/wp\/v2\/product_tag?post=79676"}],"curies":[{"name":"wp","href":"https:\/\/api.w.org\/{rel}","templated":true}]}}