{"id":79536,"date":"2026-03-19T17:26:54","date_gmt":"2026-03-19T17:26:54","guid":{"rendered":"https:\/\/soydeaqui.ddns.net\/pachuca\/index.php\/producto\/controlador-de-evacuacion-por-voz-500-w-8-zonas-independientes-4-entradas-de-audio-y-2-entradas-de-microfono\/"},"modified":"2026-03-19T17:27:05","modified_gmt":"2026-03-19T17:27:05","slug":"controlador-de-evacuacion-por-voz-500-w-8-zonas-independientes-4-entradas-de-audio-y-2-entradas-de-microfono","status":"publish","type":"product","link":"https:\/\/soydeaqui.ddns.net\/pachuca\/index.php\/producto\/controlador-de-evacuacion-por-voz-500-w-8-zonas-independientes-4-entradas-de-audio-y-2-entradas-de-microfono\/","title":{"rendered":"Controlador de Evacuaci\u00f3n Por Voz | 500 W | 8 Zonas independientes | 4 entradas de audio y 2 entradas de micr\u00f3fono"},"content":{"rendered":"<div style='width: 100%; max-width: 1200px; margin: 0 auto; font-family: sans-serif; line-height: 1.6; color: inherit; background-color: transparent;'> <!-- Imagen principal --> <\/p>\n<div style='width: 100%; margin-bottom: 30px;'> <img style='width: 100%; height: auto; border: 1px solid rgba(150&comma;150&comma;150&comma;0.3); border-radius: 8px;' src='https:\/\/ftp3.syscom.mx\/usuarios\/fotos\/SF6200MA\/167627-sin_t\u00edtulo-1-recuperado.jpg' alt=''> <\/div>\n<p> <!-- Secci\u00f3n de nuevos features --> <\/p>\n<div style='margin: 30px 0; padding: 20px; background-color: rgba(192&comma;57&comma;43&comma;0.05); border-left: 5px solid #c0392b;'>\n<h2 style='font-size: 24px; margin-top: 0; color: #c0392b; font-family: 'Arial Black'&comma; sans-serif;'>Ahora con reproductor MP3<\/h2>\n<ul style='padding-left: 20px; margin: 15px 0;'>\n<li style='margin-bottom: 5px; font-family: 'Arial Black'&comma; sans-serif; color: #c0392b; font-size: 14pt;'>Tarjeta SD<\/li>\n<li style='margin-bottom: 5px; font-family: 'Arial Black'&comma; sans-serif; color: #c0392b; font-size: 14pt;'>USB<\/li>\n<li style='margin-bottom: 5px; font-family: 'Arial Black'&comma; sans-serif; color: #c0392b; font-size: 14pt;'>Radio FM<\/li>\n<\/ul><\/div>\n<p> <!-- Secciones de caracter\u00edsticas --> <\/p>\n<div style='display: flex; flex-wrap: wrap; gap: 30px; margin-bottom: 30px;'>\n<div style='flex: 1 1 300px; min-width: 280px;'>\n<div style='border-left: 5px solid #0091ff; border-radius: 5px; padding: 5px; box-shadow: 2px 2px 10px rgba(216&comma;216&comma;216&comma;0.4);'>\n<h3 style='font-size: 22px; border-bottom: 2px solid currentColor; padding-bottom: 5px; margin-top: 0; color: inherit; opacity: 0.8;'>Caracter\u00edsticas Principales:<\/h3>\n<ul style='padding-left: 20px; font-size: 15px; color: inherit;'>\n<li style='margin-bottom: 5px;'>Controlador de audio con amplificador integrado de 500W<\/li>\n<li style='margin-bottom: 5px;'>8 zonas&comma; led indicador de fallo y volumen individual por zona<\/li>\n<li style='margin-bottom: 5px;'>Programaci\u00f3n sencilla por medio de software<\/li>\n<li style='margin-bottom: 5px;'>2 Mensajes pregrabados Alarma de incendio y emergencia.<\/li>\n<li style='margin-bottom: 5px;'>Priorizaci\u00f3n de emergencia sobre m\u00fasica ambiental y voceo<\/li>\n<li style='margin-bottom: 5px;'>Monitoreo en tiempo real del circuito de bocinas por zona<\/li>\n<\/ul><\/div>\n<\/p><\/div>\n<div style='flex: 1 1 300px; min-width: 280px;'>\n<div style='border-left: 5px solid #0091ff; border-radius: 5px; padding: 5px; box-shadow: 2px 2px 10px rgba(216&comma;216&comma;216&comma;0.4);'>\n<h3 style='font-size: 22px; border-bottom: 2px solid currentColor; padding-bottom: 5px; margin-top: 0; color: inherit; opacity: 0.8;'>Caracter\u00edsticas de audio:<\/h3>\n<ul style='padding-left: 20px; font-size: 15px; color: inherit;'>\n<li style='margin-bottom: 5px;'>Cuenta con micr\u00f3fono PTT de emergencia<\/li>\n<li style='margin-bottom: 5px;'>6 Salidas de control de volumen<\/li>\n<li style='margin-bottom: 5px;'>16 controladores esclavos para un total de 128 zonas<\/li>\n<li style='margin-bottom: 5px;'>Comunicaci\u00f3n del controlador esclavo RS-485<\/li>\n<li style='margin-bottom: 5px;'>Soporta 20 micr\u00f3fonos remotos en un sistema<\/li>\n<\/ul><\/div>\n<\/p><\/div>\n<div style='flex: 1 1 300px; min-width: 280px;'>\n<div style='border-left: 5px solid #0091ff; border-radius: 5px; padding: 5px; box-shadow: 2px 2px 10px rgba(216&comma;216&comma;216&comma;0.4);'>\n<h3 style='font-size: 22px; border-bottom: 2px solid currentColor; padding-bottom: 5px; margin-top: 0; color: inherit; opacity: 0.8;'>Caracter\u00edsticas f\u00edsicas y el\u00e9ctricas:<\/h3>\n<ul style='padding-left: 20px; font-size: 15px; color: inherit;'>\n<li style='margin-bottom: 5px;'>8 Entradas de alarma<\/li>\n<li style='margin-bottom: 5px;'>8 salidas de alarma<\/li>\n<li style='margin-bottom: 5px;'>8 salidas de relevador<\/li>\n<li style='margin-bottom: 5px;'>Potencia de salida nominal 500W<\/li>\n<li style='margin-bottom: 5px;'>Voltaje de salida 100V<\/li>\n<li style='margin-bottom: 5px;'>Fuente de alimentaci\u00f3n: 110VAC 50\/60Hz<\/li>\n<li style='margin-bottom: 5px;'>Consumo de corriente: 3A<\/li>\n<li style='margin-bottom: 5px;'>Dimensiones (Largo&comma; Ancho&comma; Profundo): 484 x 88 x 353mm<\/li>\n<li style='margin-bottom: 5px;'>Peso neto: 11.4Kg<\/li>\n<li style='margin-bottom: 5px;'>Requiere 24 VDC para respaldo. Usar 2 bater\u00edas PS-12330NB en serie como fuente de respaldo.<\/li>\n<\/ul><\/div>\n<\/p><\/div>\n<\/p><\/div>\n<p> <!-- Imagen secundaria --> <\/p>\n<div style='width: 100%; margin-top: 30px;'> <img style='width: 100%; height: auto; border: 1px solid rgba(150&comma;150&comma;150&comma;0.3); border-radius: 8px;' src='https:\/\/ftp3.syscom.mx\/usuarios\/xguereque\/Imagenes\/epcom-pro-audio\/img_01.jpg' alt=''> <\/div>\n<\/p><\/div>\n","protected":false},"excerpt":{"rendered":"<p>Controlador de Evacuaci\u00f3n Por Voz | 500 W | 8 Zonas independientes | 4 entradas de audio y 2 entradas de micr\u00f3fono<\/p>\n","protected":false},"featured_media":79535,"comment_status":"open","ping_status":"closed","template":"","meta":[],"product_brand":[],"product_cat":[108],"product_tag":[110,109],"class_list":{"0":"post-79536","1":"product","2":"type-product","3":"status-publish","4":"has-post-thumbnail","6":"product_cat-epcom-proaudio","7":"product_tag-epcom-proaudio","8":"product_tag-megafonia-y-audioevacuacion","10":"first","11":"instock","12":"sale","13":"shipping-taxable","14":"purchasable","15":"product-type-simple"},"_links":{"self":[{"href":"https:\/\/soydeaqui.ddns.net\/pachuca\/index.php\/wp-json\/wp\/v2\/product\/79536","targetHints":{"allow":["GET"]}}],"collection":[{"href":"https:\/\/soydeaqui.ddns.net\/pachuca\/index.php\/wp-json\/wp\/v2\/product"}],"about":[{"href":"https:\/\/soydeaqui.ddns.net\/pachuca\/index.php\/wp-json\/wp\/v2\/types\/product"}],"replies":[{"embeddable":true,"href":"https:\/\/soydeaqui.ddns.net\/pachuca\/index.php\/wp-json\/wp\/v2\/comments?post=79536"}],"wp:featuredmedia":[{"embeddable":true,"href":"https:\/\/soydeaqui.ddns.net\/pachuca\/index.php\/wp-json\/wp\/v2\/media\/79535"}],"wp:attachment":[{"href":"https:\/\/soydeaqui.ddns.net\/pachuca\/index.php\/wp-json\/wp\/v2\/media?parent=79536"}],"wp:term":[{"taxonomy":"product_brand","embeddable":true,"href":"https:\/\/soydeaqui.ddns.net\/pachuca\/index.php\/wp-json\/wp\/v2\/product_brand?post=79536"},{"taxonomy":"product_cat","embeddable":true,"href":"https:\/\/soydeaqui.ddns.net\/pachuca\/index.php\/wp-json\/wp\/v2\/product_cat?post=79536"},{"taxonomy":"product_tag","embeddable":true,"href":"https:\/\/soydeaqui.ddns.net\/pachuca\/index.php\/wp-json\/wp\/v2\/product_tag?post=79536"}],"curies":[{"name":"wp","href":"https:\/\/api.w.org\/{rel}","templated":true}]}}