{"id":79359,"date":"2026-03-19T17:19:23","date_gmt":"2026-03-19T17:19:23","guid":{"rendered":"https:\/\/soydeaqui.ddns.net\/pachuca\/index.php\/producto\/radio-modular-antna-integrada-de-8db-hasta-700-mbps-4-9-6-4-ghz-ip67-adaptacion-automatica-al-entorno-monitoreo-a-traves-de-la-nube\/"},"modified":"2026-03-19T17:19:31","modified_gmt":"2026-03-19T17:19:31","slug":"radio-modular-antna-integrada-de-8db-hasta-700-mbps-4-9-6-4-ghz-ip67-adaptacion-automatica-al-entorno-monitoreo-a-traves-de-la-nube","status":"publish","type":"product","link":"https:\/\/soydeaqui.ddns.net\/pachuca\/index.php\/producto\/radio-modular-antna-integrada-de-8db-hasta-700-mbps-4-9-6-4-ghz-ip67-adaptacion-automatica-al-entorno-monitoreo-a-traves-de-la-nube\/","title":{"rendered":"Radio Modular (&#8220;Antna integrada de 8dB&#8221;) hasta 700 Mbps, (4.9 &#8211; 6.4 GHz), IP67, Adaptaci\u00f3n autom\u00e1tica al entorno, Monitoreo a trav\u00e9s de la nube."},"content":{"rendered":"<div style='width: 100%; max-width: 1200px; margin: 0 auto; font-family: sans-serif; line-height: 1.6; color: inherit; background-color: transparent;'>\n<div style='display: flex; flex-wrap: wrap; gap: 30px; margin-bottom: 30px;'>\n<div style='flex: 1 1 300px; min-width: 280px;'> <img style='width: 100%; height: auto; border: 1px solid rgba(150&comma;150&comma;150&comma;0.3); border-radius: 8px;' src='https:\/\/ftp3.syscom.mx\/usuarios\/fotos\/C5C\/87558-mimosa_articulos.jpg' alt=''> <\/div>\n<div style='flex: 1 1 300px; min-width: 280px;'>\n<h3 style='font-size: 22px; border-bottom: 2px solid currentColor; padding-bottom: 5px; margin-top: 0; color: inherit; opacity: 0.8;'>C5X<\/h3>\n<p style='font-size: 16px; color: inherit;'> El Mimosa C5x es la soluci\u00f3n de radio modular m\u00e1s vers\u00e1til de la industria con cinco opciones de ganancia (8&comma; 12&comma; 16&comma; 20 y 25 dBi). La soluci\u00f3n ultrarresistente proporciona operaci\u00f3n de frecuencia extendida de 4.9 a 6.4 GHz&comma; con el mejor ruido de su clase. inmunidad. El C5x&comma; que ofrece lo \u00faltimo en flexibilidad y valor&comma; es la soluci\u00f3n ideal para implementaciones de 5 GHz. El C5x se puede utilizar en modo PTP o PTMP con velocidades de hasta 700 Mbps. <\/p>\n<\/p><\/div>\n<\/p><\/div>\n<div style='display: flex; flex-wrap: wrap; gap: 20px; margin-bottom: 30px;'>\n<div style='flex: 1 1 250px; border: 1px solid rgba(150&comma; 150&comma; 150&comma; 0.4); border-radius: 8px; overflow: hidden; display: flex; flex-direction: column;'>\n<div style='padding: 15px; border-bottom: 1px solid rgba(150&comma; 150&comma; 150&comma; 0.2); font-weight: bold; font-size: 18px; color: inherit;'>Caracter\u00edsticas RF<\/div>\n<div style='padding: 15px; color: inherit;'>\n<ul style='padding-left: 20px; margin: 0; font-size: 14px; list-style-type: disc; color: inherit;'>\n<li style='margin-bottom: 5px;'><strong>Ancho de canal:<\/strong> 20\/40\/80 MHz<\/li>\n<li style='margin-bottom: 5px;'><strong>Rango de Frecuencia:<\/strong> 4.9 a 6.4 GHz<\/li>\n<li style='margin-bottom: 5px;'><strong>Potencia de transmisi\u00f3n:<\/strong> 27 dBm<\/li>\n<li style='margin-bottom: 5px;'>El equipo funciona solo como PTP de otro C5x o como cliente de un A5x o A5c<\/li>\n<li style='margin-bottom: 5px;'><strong>El equipo solo es compatible con el plato N5X20 si ambos son del mismo a\u00f1o de producci\u00f3n<\/strong><\/li>\n<\/ul><\/div>\n<\/p><\/div>\n<div style='flex: 1 1 250px; border: 1px solid rgba(150&comma; 150&comma; 150&comma; 0.4); border-radius: 8px; overflow: hidden; display: flex; flex-direction: column;'>\n<div style='padding: 15px; border-bottom: 1px solid rgba(150&comma; 150&comma; 150&comma; 0.2); font-weight: bold; font-size: 18px; color: inherit;'>Caracter\u00edsticas F\u00edsicas y El\u00e9ctricas<\/div>\n<div style='padding: 15px; color: inherit;'>\n<ul style='padding-left: 20px; margin: 0; font-size: 14px; list-style-type: disc; color: inherit;'>\n<li style='margin-bottom: 5px;'><strong>Consumo m\u00e1ximo de energ\u00eda:<\/strong> 12.9 W<\/li>\n<li style='margin-bottom: 5px;'><strong>Dimensiones:<\/strong> 175 mm x 70 mm x 61 mm<\/li>\n<li style='margin-bottom: 5px;'><strong>Peso:<\/strong> 370 gr<\/li>\n<li style='margin-bottom: 5px;'><strong>Temperatura en Operaci\u00f3n:<\/strong> -40\u00b0 C hasta 55 \u00b0C (-40\u00b0 F hasta 131\u00b0 F)<\/li>\n<li style='margin-bottom: 5px;'><strong>Grado de protecci\u00f3n:<\/strong> IP67<\/li>\n<li style='margin-bottom: 5px;'><strong>1 Puerto Ethernet 10\/100\/1000<\/strong><\/li>\n<\/ul><\/div>\n<\/p><\/div>\n<div style='flex: 1 1 250px; border: 1px solid rgba(150&comma; 150&comma; 150&comma; 0.4); border-radius: 8px; overflow: hidden; display: flex; flex-direction: column;'>\n<div style='padding: 15px; border-bottom: 1px solid rgba(150&comma; 150&comma; 150&comma; 0.2); font-weight: bold; font-size: 18px; color: inherit;'>Accesorios Sugeridos (Venta por separado)<\/div>\n<div style='padding: 15px; color: inherit;'>\n<ul style='padding-left: 20px; margin: 0; font-size: 14px; list-style-type: disc; color: inherit;'>\n<li style='margin-bottom: 5px;'>Inyector PoE modelo <a href='https:\/\/www.syscom.mx\/producto\/POE24V-MIMOSA-NETWORKS-188532.html' target='_blank' rel='noopener' style='color: inherit; text-decoration: underline;'>POE24V<\/a><\/li>\n<li style='margin-bottom: 5px;'>Cable de corriente: <a href='https:\/\/www.syscom.mx\/producto\/PCC53-MIMOSA-NETWORKS-188533.html' target='_blank' rel='noopener' style='color: inherit; text-decoration: underline;'>PCC553<\/a><\/li>\n<\/ul><\/div>\n<\/p><\/div>\n<div style='flex: 1 1 250px; border: 1px solid rgba(150&comma; 150&comma; 150&comma; 0.4); border-radius: 8px; overflow: hidden; display: flex; flex-direction: column;'>\n<div style='padding: 15px; border-bottom: 1px solid rgba(150&comma; 150&comma; 150&comma; 0.2); font-weight: bold; font-size: 18px; color: inherit;'>Gesti\u00f3n y Soporte Avanzados<\/div>\n<div style='padding: 15px; color: inherit;'>\n<ul style='padding-left: 20px; margin: 0; font-size: 14px; list-style-type: disc; color: inherit;'>\n<li style='margin-bottom: 5px;'>Interfaz Local.<\/li>\n<\/ul><\/div>\n<\/p><\/div>\n<div style='flex: 1 1 250px; border: 1px solid rgba(150&comma; 150&comma; 150&comma; 0.4); border-radius: 8px; overflow: hidden; display: flex; flex-direction: column;'>\n<div style='padding: 15px; border-bottom: 1px solid rgba(150&comma; 150&comma; 150&comma; 0.2); font-weight: bold; font-size: 18px; color: inherit;'>Fiabilidad y Garant\u00eda<\/div>\n<div style='padding: 15px; color: inherit;'>\n<ul style='padding-left: 20px; margin: 0; font-size: 14px; list-style-type: disc; color: inherit;'>\n<li style='margin-bottom: 5px;'>Incluye 3 a\u00f1os de Garant\u00eda.<\/li>\n<li style='margin-bottom: 5px;'>Certificaciones RoHS.<\/li>\n<\/ul><\/div>\n<\/p><\/div>\n<\/p><\/div>\n<div style='text-align: center; margin: 30px 0;'> <a href='https:\/\/mimosa.co\/design-tool' target='_blank' style='display: inline-block; text-decoration: none; padding: 0.5rem 1.5rem; border: 1px solid rgba(242&comma; 93&comma; 27&comma; 0.8); border-radius: 4px; background-color: transparent; color: inherit; transition: all 0.15s ease-in-out; font-size: 1rem; font-weight: 400; line-height: 1.5; text-align: center; text-transform: uppercase;'> Herramienta de dise\u00f1o Mimosa <\/a> <\/div>\n<hr style='border: 0; border-top: 1px solid rgba(150&comma; 150&comma; 150&comma; 0.3); margin: 30px 0;'> <\/div>\n","protected":false},"excerpt":{"rendered":"<p>Radio Modular (&#8220;Antna integrada de 8dB&#8221;) hasta 700 Mbps, (4.9 &#8211; 6.4 GHz), IP67, Adaptaci\u00f3n autom\u00e1tica al entorno, Monitoreo a trav\u00e9s de la nube.<\/p>\n","protected":false},"featured_media":79358,"comment_status":"open","ping_status":"closed","template":"","meta":[],"product_brand":[],"product_cat":[1998],"product_tag":[1999,1980,2046],"class_list":{"0":"post-79359","1":"product","2":"type-product","3":"status-publish","4":"has-post-thumbnail","6":"product_cat-5-y-6-ghz","7":"product_tag-5-y-6-ghz","8":"product_tag-enlaces-ptp-y-ptmp","9":"product_tag-mimosa-networks","11":"first","12":"instock","13":"sale","14":"shipping-taxable","15":"purchasable","16":"product-type-simple"},"_links":{"self":[{"href":"https:\/\/soydeaqui.ddns.net\/pachuca\/index.php\/wp-json\/wp\/v2\/product\/79359","targetHints":{"allow":["GET"]}}],"collection":[{"href":"https:\/\/soydeaqui.ddns.net\/pachuca\/index.php\/wp-json\/wp\/v2\/product"}],"about":[{"href":"https:\/\/soydeaqui.ddns.net\/pachuca\/index.php\/wp-json\/wp\/v2\/types\/product"}],"replies":[{"embeddable":true,"href":"https:\/\/soydeaqui.ddns.net\/pachuca\/index.php\/wp-json\/wp\/v2\/comments?post=79359"}],"wp:featuredmedia":[{"embeddable":true,"href":"https:\/\/soydeaqui.ddns.net\/pachuca\/index.php\/wp-json\/wp\/v2\/media\/79358"}],"wp:attachment":[{"href":"https:\/\/soydeaqui.ddns.net\/pachuca\/index.php\/wp-json\/wp\/v2\/media?parent=79359"}],"wp:term":[{"taxonomy":"product_brand","embeddable":true,"href":"https:\/\/soydeaqui.ddns.net\/pachuca\/index.php\/wp-json\/wp\/v2\/product_brand?post=79359"},{"taxonomy":"product_cat","embeddable":true,"href":"https:\/\/soydeaqui.ddns.net\/pachuca\/index.php\/wp-json\/wp\/v2\/product_cat?post=79359"},{"taxonomy":"product_tag","embeddable":true,"href":"https:\/\/soydeaqui.ddns.net\/pachuca\/index.php\/wp-json\/wp\/v2\/product_tag?post=79359"}],"curies":[{"name":"wp","href":"https:\/\/api.w.org\/{rel}","templated":true}]}}