{"id":79094,"date":"2026-03-19T17:08:17","date_gmt":"2026-03-19T17:08:17","guid":{"rendered":"https:\/\/soydeaqui.ddns.net\/pachuca\/index.php\/producto\/switch-poe-de-24-puertos-gigabit-802-3af-at-con-modo-extendido-250-m-2-puertos-sfp-1000sx-pantalla-lcd-para-configuracion-basica-hasta-300-w-para-poe\/"},"modified":"2026-03-19T17:08:26","modified_gmt":"2026-03-19T17:08:26","slug":"switch-poe-de-24-puertos-gigabit-802-3af-at-con-modo-extendido-250-m-2-puertos-sfp-1000sx-pantalla-lcd-para-configuracion-basica-hasta-300-w-para-poe","status":"publish","type":"product","link":"https:\/\/soydeaqui.ddns.net\/pachuca\/index.php\/producto\/switch-poe-de-24-puertos-gigabit-802-3af-at-con-modo-extendido-250-m-2-puertos-sfp-1000sx-pantalla-lcd-para-configuracion-basica-hasta-300-w-para-poe\/","title":{"rendered":"Switch PoE de 24 Puertos Gigabit 802.3af\/at con Modo Extendido 250 m, 2 Puertos SFP 1000SX , Pantalla LCD para Configuraci\u00f3n B\u00e1sica, Hasta 300 W para PoE"},"content":{"rendered":"<div style='width: 100%; max-width: 1200px; margin: 0 auto; font-family: sans-serif; line-height: 1.6; color: inherit; background-color: transparent;'>\n<div style='display: flex; justify-content: center; flex-wrap: wrap; gap: 15px; margin-bottom: 30px;'> <img style='width: 40px; height: auto; border: 1px solid rgba(150&comma;150&comma;150&comma;0.3); border-radius: 8px;' src='https:\/\/www.planet.com.tw\/storage\/icons\/0icon_PoE+.png' alt='PoE+'> <img style='width: 40px; height: auto; border: 1px solid rgba(150&comma;150&comma;150&comma;0.3); border-radius: 8px;' src='https:\/\/www.planet.com.tw\/storage\/icons\/516\/0icon_Port-VLAN.png' alt='Port VLAN'> <img style='width: 40px; height: auto; border: 1px solid rgba(150&comma;150&comma;150&comma;0.3); border-radius: 8px;' src='https:\/\/www.planet.com.tw\/storage\/icons\/7icon_802.3at_30-Watts.png' alt='802.3at 30Watts'> <img style='width: 40px; height: auto; border: 1px solid rgba(150&comma;150&comma;150&comma;0.3); border-radius: 8px;' src='https:\/\/www.planet.com.tw\/storage\/icons\/626\/6icon_Smart-LCD.png' alt='Smart LCD'> <img style='width: 40px; height: auto; border: 1px solid rgba(150&comma;150&comma;150&comma;0.3); border-radius: 8px;' src='https:\/\/www.planet.com.tw\/storage\/icons\/7icon_UTP_Extend_250m.png' alt='UTP Extend 250m'> <img style='width: 40px; height: auto; border: 1px solid rgba(150&comma;150&comma;150&comma;0.3); border-radius: 8px;' src='https:\/\/www.planet.com.tw\/storage\/icons\/4icon_Gigabit-Uplink.png' alt='Gigabit Uplink'> <\/div>\n<div style='text-align: center; margin-bottom: 30px;'> <img style='width: 100%; height: auto; border: 1px solid rgba(150&comma;150&comma;150&comma;0.3); border-radius: 8px; max-width: 600px;' src='https:\/\/www.planet.com.tw\/storage\/products\/49225\/GSW-2620VHPv2_Front-Panel-Introducton_L.png' alt='Panel frontal'> <\/div>\n<div style='display: grid; grid-template-columns: 1fr; gap: 30px; margin-bottom: 30px;'>\n<div style='display: flex; flex-direction: column; align-items: center;'>\n<div style='text-align: center; max-width: 600px;'>\n<h3 style='font-size: 20px; margin-top: 0; color: inherit; opacity: 0.8;'>LCD con Gesti\u00f3n inteligente<\/h3>\n<p style='margin: 10px 0; color: inherit;'>Proporciona un panel de color intuitivo que facilita la gesti\u00f3n Ethernet y la gesti\u00f3n de PD PoE.<\/p>\n<ul style='padding-left: 20px; margin: 15px 0; color: inherit; list-style-type: disc; font-size: 14px;'>\n<li style='margin-bottom: 8px;'>Gesti\u00f3n y estado de PoE<\/li>\n<li style='margin-bottom: 8px;'>Gesti\u00f3n y estado del puerto<\/li>\n<li style='margin-bottom: 8px;'>Modo de conmutaci\u00f3n: Est\u00e1ndar&comma; VLAN&comma; Extender<\/li>\n<li style='margin-bottom: 8px;'>Control de presupuesto y ancho de banda<\/li>\n<li style='margin-bottom: 8px;'>Mantenimiento: protector de pantalla&comma; control de ventiladores&comma; valores predeterminados de f\u00e1brica y configuraci\u00f3n guardada<\/li>\n<\/ul><\/div>\n<\/p><\/div>\n<div style='text-align: center;'> <img style='width: 100%; height: auto; border: 1px solid rgba(150&comma;150&comma;150&comma;0.3); border-radius: 8px; max-width: 600px;' src='https:\/\/www.planet.com.tw\/storage\/products\/49225\/GSW-2620VHPv3-1.png' alt='LCD Panel'> <\/div>\n<\/p><\/div>\n<hr style='border: 0; border-top: 1px solid rgba(150&comma; 150&comma; 150&comma; 0.3); margin: 30px 0;'>\n<div style='display: grid; grid-template-columns: 1fr; gap: 30px; margin-bottom: 30px;'>\n<div style='text-align: center;'> <img style='width: 100%; height: auto; border: 1px solid rgba(150&comma;150&comma;150&comma;0.3); border-radius: 8px; max-width: 600px;' src='https:\/\/www.planet.com.tw\/storage\/products\/49225\/GSW-2620VHPv3-2.png' alt='VLAN Isolation'> <\/div>\n<div style='max-width: 600px; margin: 0 auto;'>\n<h3 style='font-size: 20px; margin-top: 0; color: inherit; opacity: 0.8;'>Modo VLAN Isolation<\/h3>\n<p style='color: inherit; margin: 15px 0;'>Presenta por ejemplo la funci\u00f3n VLAN basada en puerto que puede ayudar a evitar que la multidifusi\u00f3n o la tormenta de transmisi\u00f3n de la c\u00e1mara IP se influencien entre s\u00ed.<\/p>\n<\/p><\/div>\n<\/p><\/div>\n<hr style='border: 0; border-top: 1px solid rgba(150&comma; 150&comma; 150&comma; 0.3); margin: 30px 0;'>\n<div style='display: grid; grid-template-columns: 1fr; gap: 30px; margin-bottom: 30px;'>\n<div style='text-align: center;'> <img style='width: 100%; height: auto; border: 1px solid rgba(150&comma;150&comma;150&comma;0.3); border-radius: 8px; max-width: 600px;' src='https:\/\/www.planet.com.tw\/storage\/products\/49225\/GSW-2620VHPv3-4.png' alt='Modo Extendido 1'> <img style='width: 100%; height: auto; border: 1px solid rgba(150&comma;150&comma;150&comma;0.3); border-radius: 8px; max-width: 600px; margin-top: 15px;' src='https:\/\/www.planet.com.tw\/storage\/products\/49225\/GSW-2620VHPv3-3.png' alt='Modo Extendido 2'> <\/div>\n<div style='max-width: 600px; margin: 0 auto;'>\n<h3 style='font-size: 20px; margin-top: 0; color: inherit; opacity: 0.8;'>Modo Extendido<\/h3>\n<p style='color: inherit; margin: 15px 0;'>Funciona por puerto a 10 Mbps de operaci\u00f3n d\u00faplex&comma; pero puede admitir una salida de alimentaci\u00f3n PoE de 20 Watts en una distancia de hasta 250 metros&comma; superando el l\u00edmite de 100 m del cable Ethernet UTP.<\/p>\n<\/p><\/div>\n<\/p><\/div>\n<hr style='border: 0; border-top: 1px solid rgba(150&comma; 150&comma; 150&comma; 0.3); margin: 30px 0;'>\n<div style='display: flex; flex-wrap: wrap; gap: 20px; margin-bottom: 30px;'>\n<div style='flex: 1 1 250px; border: 1px solid rgba(150&comma; 150&comma; 150&comma; 0.4); border-radius: 8px; overflow: hidden; display: flex; flex-direction: column;'>\n<div style='padding: 15px; border-bottom: 1px solid rgba(150&comma; 150&comma; 150&comma; 0.2); font-weight: bold; font-size: 18px; color: inherit;'>Especificaciones de hardware<\/div>\n<div style='padding: 15px; color: inherit;'>\n<ul style='padding-left: 20px; margin: 0; font-size: 14px; list-style-type: disc;'>\n<li style='margin-bottom: 8px;'><strong>Puerto inyector 802.3af\/802.3at PoE:<\/strong> 24<\/li>\n<li style='margin-bottom: 8px;'><strong>Puertos 10\/100\/1000BASE-T MDI\/MDIX:<\/strong> 24<\/li>\n<li style='margin-bottom: 8px;'><strong>Ranuras 1000BASE-X SFP\/mini-GBIC:<\/strong> 2<\/li>\n<li style='margin-bottom: 8px;'><strong>Switch fabric:<\/strong> 52 Gbps\/sin bloqueo<\/li>\n<li style='margin-bottom: 8px;'><strong>Cambio de rendimiento a 64 bytes:<\/strong> 38&comma;7 Mpps a 64 bytes<\/li>\n<li style='margin-bottom: 8px;'><strong>Tabla de direcciones MAC:<\/strong> 8K<\/li>\n<li style='margin-bottom: 8px;'><strong>Dimensiones:<\/strong> 440 x 233 x 44 mm (altura 1U)<\/li>\n<li style='margin-bottom: 8px;'><strong>Peso:<\/strong> 3&comma;5 kg<\/li>\n<li style='margin-bottom: 8px;'><strong>Requerimientos de energ\u00eda:<\/strong> 100~240 V CA&comma; 50\/60 Hz&comma; 5 A m\u00e1x.<\/li>\n<li style='margin-bottom: 8px;'><strong>Consumo:<\/strong> m\u00e1x. 330 Watts\/1132 BTU<\/li>\n<li style='margin-bottom: 8px;'><strong>Est\u00e1ndar PoE:<\/strong> IEEE 802.3af Alimentaci\u00f3n a trav\u00e9s de Ethernet\/PSE&comma; IEEE 802.3at Alimentaci\u00f3n a trav\u00e9s de Ethernet Plus\/PSE<\/li>\n<li style='margin-bottom: 8px;'><strong>Tipo de fuente de alimentaci\u00f3n PoE:<\/strong> End Span<\/li>\n<li style='margin-bottom: 8px;'><strong>Presupuesto de energ\u00eda PoE:<\/strong> 300 Watts<\/li>\n<li style='margin-bottom: 8px;'><strong>Temperatura:<\/strong> -10 ~ 60 grados C<\/li>\n<li style='margin-bottom: 8px;'><strong>Almacenamiento:<\/strong> Temperatura: -10 ~ 70 grados C&comma; Humedad relativa: 5 ~ 90 % (sin condensaci\u00f3n)<\/li>\n<\/ul><\/div>\n<\/p><\/div>\n<div style='flex: 1 1 250px; border: 1px solid rgba(150&comma; 150&comma; 150&comma; 0.4); border-radius: 8px; overflow: hidden; display: flex; flex-direction: column;'>\n<div style='padding: 15px; border-bottom: 1px solid rgba(150&comma; 150&comma; 150&comma; 0.2); font-weight: bold; font-size: 18px; color: inherit;'>Accesorios que incluye<\/div>\n<div style='padding: 15px; color: inherit;'>\n<ul style='padding-left: 20px; margin: 0; font-size: 14px; list-style-type: disc;'>\n<li style='margin-bottom: 8px;'>1 &#8211; Switch<\/li>\n<li style='margin-bottom: 8px;'>1 &#8211; Manual de usuario<\/li>\n<li style='margin-bottom: 8px;'>1 &#8211; Cable de fuente<\/li>\n<li style='margin-bottom: 8px;'>1 &#8211; Paquete de tornillos<\/li>\n<li style='margin-bottom: 8px;'>2 &#8211; Montaje para rack<\/li>\n<li style='margin-bottom: 8px;'>4 &#8211; Pie de goma<\/li>\n<\/ul><\/div>\n<\/p><\/div>\n<\/p><\/div>\n<\/p><\/div>\n","protected":false},"excerpt":{"rendered":"<p>Switch PoE de 24 Puertos Gigabit 802.3af\/at con Modo Extendido 250 m, 2 Puertos SFP 1000SX , Pantalla LCD para Configuraci\u00f3n B\u00e1sica, Hasta 300 W para PoE<\/p>\n","protected":false},"featured_media":79093,"comment_status":"open","ping_status":"closed","template":"","meta":[],"product_brand":[],"product_cat":[1986],"product_tag":[664,2033,1987],"class_list":{"0":"post-79094","1":"product","2":"type-product","3":"status-publish","4":"has-post-thumbnail","6":"product_cat-switches-poe","7":"product_tag-networking","8":"product_tag-planet","9":"product_tag-switches-poe","11":"first","12":"instock","13":"sale","14":"shipping-taxable","15":"purchasable","16":"product-type-simple"},"_links":{"self":[{"href":"https:\/\/soydeaqui.ddns.net\/pachuca\/index.php\/wp-json\/wp\/v2\/product\/79094","targetHints":{"allow":["GET"]}}],"collection":[{"href":"https:\/\/soydeaqui.ddns.net\/pachuca\/index.php\/wp-json\/wp\/v2\/product"}],"about":[{"href":"https:\/\/soydeaqui.ddns.net\/pachuca\/index.php\/wp-json\/wp\/v2\/types\/product"}],"replies":[{"embeddable":true,"href":"https:\/\/soydeaqui.ddns.net\/pachuca\/index.php\/wp-json\/wp\/v2\/comments?post=79094"}],"wp:featuredmedia":[{"embeddable":true,"href":"https:\/\/soydeaqui.ddns.net\/pachuca\/index.php\/wp-json\/wp\/v2\/media\/79093"}],"wp:attachment":[{"href":"https:\/\/soydeaqui.ddns.net\/pachuca\/index.php\/wp-json\/wp\/v2\/media?parent=79094"}],"wp:term":[{"taxonomy":"product_brand","embeddable":true,"href":"https:\/\/soydeaqui.ddns.net\/pachuca\/index.php\/wp-json\/wp\/v2\/product_brand?post=79094"},{"taxonomy":"product_cat","embeddable":true,"href":"https:\/\/soydeaqui.ddns.net\/pachuca\/index.php\/wp-json\/wp\/v2\/product_cat?post=79094"},{"taxonomy":"product_tag","embeddable":true,"href":"https:\/\/soydeaqui.ddns.net\/pachuca\/index.php\/wp-json\/wp\/v2\/product_tag?post=79094"}],"curies":[{"name":"wp","href":"https:\/\/api.w.org\/{rel}","templated":true}]}}