{"id":78870,"date":"2026-03-19T16:58:47","date_gmt":"2026-03-19T16:58:47","guid":{"rendered":"https:\/\/soydeaqui.ddns.net\/pachuca\/index.php\/producto\/mini-adaptador-usb-inalambrico-n-300-mbps-2-4-ghz-con-1-antena-interna\/"},"modified":"2026-03-19T16:58:55","modified_gmt":"2026-03-19T16:58:55","slug":"mini-adaptador-usb-inalambrico-n-300-mbps-2-4-ghz-con-1-antena-interna","status":"publish","type":"product","link":"https:\/\/soydeaqui.ddns.net\/pachuca\/index.php\/producto\/mini-adaptador-usb-inalambrico-n-300-mbps-2-4-ghz-con-1-antena-interna\/","title":{"rendered":"Mini Adaptador USB inal\u00e1mbrico N 300 Mbps 2.4 GHz con 1 antena interna"},"content":{"rendered":"<div style='width: 100%; max-width: 1200px; margin: 0 auto; font-family: sans-serif; line-height: 1.6; color: inherit; background-color: transparent;'> <!-- Secci\u00f3n de caracter\u00edsticas destacadas --> <\/p>\n<div style='margin-bottom: 30px;'>\n<h2 style='font-size: 20px; border-bottom: 2px solid currentColor; padding-bottom: 5px; margin-top: 0; color: inherit; opacity: 0.8;'>Caracter\u00edsticas Destacadas<\/h2>\n<ul style='padding-left: 20px; font-size: 15px; color: inherit;'>\n<li style='margin-bottom: 10px;'>Velocidad de transferencia datos inal\u00e1mbrica de 300Mbps ideal para video en alta definici\u00f3n sin problemas&comma; streaming de voz y juegos en l\u00ednea<\/li>\n<li style='margin-bottom: 10px;'>Dise\u00f1o de tama\u00f1o miniatura para una portabilidad conveniente con un alto desempe\u00f1o confiable<\/li>\n<li style='margin-bottom: 10px;'>Modo SoftAP \u2013 Convierta una conexi\u00f3n de internet cableada en una PC o Laptop en un hotspot Wi-Fi<\/li>\n<li style='margin-bottom: 10px;'>Configure f\u00e1cilmente una conexi\u00f3n inal\u00e1mbrica segura con s\u00f3lo presionar un bot\u00f3n WPS<\/li>\n<\/ul><\/div>\n<p> <!-- Secci\u00f3n de especificaciones --> <\/p>\n<div style='display: flex; flex-wrap: wrap; gap: 20px; margin-bottom: 30px;'>\n<div style='flex: 1 1 250px; border: 1px solid rgba(150&comma; 150&comma; 150&comma; 0.4); border-radius: 8px; overflow: hidden; display: flex; flex-direction: column;'>\n<div style='padding: 15px; border-bottom: 1px solid rgba(150&comma; 150&comma; 150&comma; 0.2); font-weight: bold; font-size: 18px; color: inherit;'>CARACTER\u00cdSTICAS DE HARDWARE<\/div>\n<div style='padding: 15px; color: inherit;'>\n<ul style='padding-left: 20px; margin: 0; font-size: 14px; list-style-type: disc;'>\n<li style='margin-bottom: 5px;'><strong>Interfaz:<\/strong> USB 2.0<\/li>\n<li style='margin-bottom: 5px;'><strong>Botones:<\/strong> Bot\u00f3n de Configuraci\u00f3n Wi-Fi Protegida (WPS)<\/li>\n<li style='margin-bottom: 5px;'><strong>Dimensiones:<\/strong> 1.54 x 0.72 x 0.31 in. (39 x 18.35 x 7.87mm)<\/li>\n<li style='margin-bottom: 5px;'><strong>Tipo de Antena:<\/strong> Interna<\/li>\n<\/ul><\/div>\n<\/p><\/div>\n<div style='flex: 1 1 250px; border: 1px solid rgba(150&comma; 150&comma; 150&comma; 0.4); border-radius: 8px; overflow: hidden; display: flex; flex-direction: column;'>\n<div style='padding: 15px; border-bottom: 1px solid rgba(150&comma; 150&comma; 150&comma; 0.2); font-weight: bold; font-size: 18px; color: inherit;'>CARACTER\u00cdSTICAS INAL\u00c1MBRICAS<\/div>\n<div style='padding: 15px; color: inherit;'>\n<ul style='padding-left: 20px; margin: 0; font-size: 14px; list-style-type: disc;'>\n<li style='margin-bottom: 5px;'><strong>Est\u00e1ndares Inal\u00e1mbricos:<\/strong> IEEE 802.11b&comma; IEEE 802.11g&comma; IEEE 802.11n<\/li>\n<li style='margin-bottom: 5px;'><strong>Frecuencia:<\/strong> 2.400~2.4835GHz<\/li>\n<li style='margin-bottom: 5px;'><strong>Tasa de Se\u00f1al:<\/strong> 11b: Hasta 11Mbps (din\u00e1mica)&comma; 11g: Hasta 54Mbps (din\u00e1mica)&comma; 11n: Hasta 300Mbps (din\u00e1mica)<\/li>\n<li style='margin-bottom: 5px;'><strong>Sensibilidad de Recepci\u00f3n:<\/strong> 300M: -65dBm@10% PER&comma; 270M: -65dBm@10% PER&comma; 130M: -68dBm@10% PER&comma; 108M: -68dBm@10% PER&comma; 54M: -72dBm@10% PER&comma; 11M: -85dBm@8% PER&comma; 6M: -87dBm@10% PER&comma; 1M: -93dBm@8% PER<\/li>\n<li style='margin-bottom: 5px;'><strong>Potencia de Transmisi\u00f3n:<\/strong> <20dBm (EIRP)<\/li>\n<li style='margin-bottom: 5px;'><strong>Modos Inal\u00e1mbricos:<\/strong> Modo Soft AP&comma; Modo Client (soporta Ad-hoc\/red de infraestructura)<\/li>\n<li style='margin-bottom: 5px;'><strong>Seguridad Inal\u00e1mbrica:<\/strong> 64\/128-bit WEP&comma; WPA-PSK \/ WPA2-PSK&comma; WPA \/ WPA2<\/li>\n<li style='margin-bottom: 5px;'><strong>Tecnolog\u00eda de Modulaci\u00f3n:<\/strong> DBPSK&comma; DQPSK&comma; CCK&comma; OFDM&comma; 16-QAM&comma; 64-QAM<\/li>\n<\/ul><\/div>\n<\/p><\/div>\n<div style='flex: 1 1 250px; border: 1px solid rgba(150&comma; 150&comma; 150&comma; 0.4); border-radius: 8px; overflow: hidden; display: flex; flex-direction: column;'>\n<div style='padding: 15px; border-bottom: 1px solid rgba(150&comma; 150&comma; 150&comma; 0.2); font-weight: bold; font-size: 18px; color: inherit;'>OTROS<\/div>\n<div style='padding: 15px; color: inherit;'>\n<ul style='padding-left: 20px; margin: 0; font-size: 14px; list-style-type: disc;'>\n<li style='margin-bottom: 5px;'><strong>Certificaciones:<\/strong> CE&comma; FCC&comma; IC&comma; RoHS<\/li>\n<li style='margin-bottom: 5px;'><strong>Contenido del Paquete:<\/strong> Adaptador Inal\u00e1mbrico&comma; TL-WN823N&comma; CD de Recursos&comma; Gu\u00eda de R\u00e1pida Instalaci\u00f3n<\/li>\n<li style='margin-bottom: 5px;'><strong>Requisitos del sistema:<\/strong> Windows 8.1(32\/64bits)&comma; Windows 8(32\/64bits)&comma; Windows 7(32\/64bits)&comma; Windows XP(32\/64bits)&comma; Mac OS X 10.7~10.10&comma; Linux<\/li>\n<li style='margin-bottom: 5px;'><strong>Factores Ambientales:<\/strong> Operating Temperature: 0\u00b0C~40\u00b0C (32\u00b0F~104\u00b0F)&comma; Storage Temperature: -40\u00b0C~70\u00b0C (-40\u00b0F~158\u00b0F)&comma; Operating Humidity: 10%~90% non-condensing&comma; Storage Humidity: 5%~90% non-condensing<\/li>\n<\/ul><\/div>\n<\/p><\/div>\n<\/p><\/div>\n<\/p><\/div>\n","protected":false},"excerpt":{"rendered":"<p>Mini Adaptador USB inal\u00e1mbrico N 300 Mbps 2.4 GHz con 1 antena interna<\/p>\n","protected":false},"featured_media":78869,"comment_status":"open","ping_status":"closed","template":"","meta":[],"product_brand":[],"product_cat":[2030],"product_tag":[2031,1479,71],"class_list":{"0":"post-78870","1":"product","2":"type-product","3":"status-publish","4":"has-post-thumbnail","6":"product_cat-adaptadores-inalambricos","7":"product_tag-adaptadores-inalambricos","8":"product_tag-redes-wifi","9":"product_tag-tp-link","11":"first","12":"instock","13":"sale","14":"shipping-taxable","15":"purchasable","16":"product-type-simple"},"_links":{"self":[{"href":"https:\/\/soydeaqui.ddns.net\/pachuca\/index.php\/wp-json\/wp\/v2\/product\/78870","targetHints":{"allow":["GET"]}}],"collection":[{"href":"https:\/\/soydeaqui.ddns.net\/pachuca\/index.php\/wp-json\/wp\/v2\/product"}],"about":[{"href":"https:\/\/soydeaqui.ddns.net\/pachuca\/index.php\/wp-json\/wp\/v2\/types\/product"}],"replies":[{"embeddable":true,"href":"https:\/\/soydeaqui.ddns.net\/pachuca\/index.php\/wp-json\/wp\/v2\/comments?post=78870"}],"wp:featuredmedia":[{"embeddable":true,"href":"https:\/\/soydeaqui.ddns.net\/pachuca\/index.php\/wp-json\/wp\/v2\/media\/78869"}],"wp:attachment":[{"href":"https:\/\/soydeaqui.ddns.net\/pachuca\/index.php\/wp-json\/wp\/v2\/media?parent=78870"}],"wp:term":[{"taxonomy":"product_brand","embeddable":true,"href":"https:\/\/soydeaqui.ddns.net\/pachuca\/index.php\/wp-json\/wp\/v2\/product_brand?post=78870"},{"taxonomy":"product_cat","embeddable":true,"href":"https:\/\/soydeaqui.ddns.net\/pachuca\/index.php\/wp-json\/wp\/v2\/product_cat?post=78870"},{"taxonomy":"product_tag","embeddable":true,"href":"https:\/\/soydeaqui.ddns.net\/pachuca\/index.php\/wp-json\/wp\/v2\/product_tag?post=78870"}],"curies":[{"name":"wp","href":"https:\/\/api.w.org\/{rel}","templated":true}]}}