{"id":78839,"date":"2026-03-19T16:57:33","date_gmt":"2026-03-19T16:57:33","guid":{"rendered":"https:\/\/soydeaqui.ddns.net\/pachuca\/index.php\/producto\/router-inalambrico-wisp-2-4-ghz-300-mbps-3-antenas-externas-omnidireccional-5-dbi-4-puertos-lan-10-100-mbps-1-puerto-wan-10-100-mbps-iptv-ipv6\/"},"modified":"2026-03-19T16:57:40","modified_gmt":"2026-03-19T16:57:40","slug":"router-inalambrico-wisp-2-4-ghz-300-mbps-3-antenas-externas-omnidireccional-5-dbi-4-puertos-lan-10-100-mbps-1-puerto-wan-10-100-mbps-iptv-ipv6","status":"publish","type":"product","link":"https:\/\/soydeaqui.ddns.net\/pachuca\/index.php\/producto\/router-inalambrico-wisp-2-4-ghz-300-mbps-3-antenas-externas-omnidireccional-5-dbi-4-puertos-lan-10-100-mbps-1-puerto-wan-10-100-mbps-iptv-ipv6\/","title":{"rendered":"Router Inal\u00e1mbrico WISP, 2.4 GHz, 300 Mbps, 3 antenas externas omnidireccional 5 dBi, 4 Puertos LAN 10\/100 Mbps, 1 Puerto WAN 10\/100 Mbps, IPTV, IPV6"},"content":{"rendered":"<div style='width: 100%; max-width: 1200px; margin: 0 auto; font-family: sans-serif; line-height: 1.6; color: inherit; background-color: transparent;'>\n<div style='display: flex; flex-wrap: wrap; gap: 30px; margin-bottom: 30px;'>\n<div style='flex: 1 1 500px; min-width: 280px;'> <img style='width: 100%; height: auto; border: 1px solid rgba(150&comma;150&comma;150&comma;0.3); border-radius: 8px;' src='https:\/\/ftp3.syscom.mx\/usuarios\/fotos\/TLWR845N\/163760-tl-wr845n_un_v1_1191_normal_1.00_20160125105447.jpg' alt=''> <\/div>\n<div style='flex: 1 1 500px; min-width: 280px;'>\n<h1 style='font-size: 24px; margin-top: 0; color: inherit;'>Router inal\u00e1mbrico N 300Mbps<\/h1>\n<div style='margin: 15px 0;'><\/div>\n<ul style='padding-left: 20px; font-size: 15px; color: inherit;'>\n<li style='margin-bottom: 8px;'>Velocidad inal\u00e1mbrica de 300Mbps ideal para aplicaciones sensibles a la interrupci\u00f3n como transmisi\u00f3n de video HD<\/li>\n<li style='margin-bottom: 8px;'>Tres antenas aumentan la robustez y la estabilidad inal\u00e1mbricas.<\/li>\n<li style='margin-bottom: 8px;'>F\u00e1cil encriptaci\u00f3n de seguridad inal\u00e1mbrica con solo presionar el bot\u00f3n WPS<\/li>\n<li style='margin-bottom: 8px;'>El control de ancho de banda basado en IP permite a los administradores determinar cuanto ancho de banda se asigna a cada PC<\/li>\n<li style='margin-bottom: 8px;'>Compatible con IPv6&comma; la versi\u00f3n m\u00e1s reciente del protocolo de Internet<\/li>\n<li style='margin-bottom: 8px;'>La aplicaci\u00f3n TP-LINK Tether permite una instalaci\u00f3n r\u00e1pida y una gesti\u00f3n sencilla desde cualquier dispositivo m\u00f3vil<\/li>\n<\/ul><\/div>\n<\/p><\/div>\n<div style='display: flex; flex-wrap: wrap; gap: 20px; margin-bottom: 30px;'>\n<div style='flex: 1 1 300px; min-width: 250px; border: 1px solid rgba(150&comma; 150&comma; 150&comma; 0.4); border-radius: 8px; overflow: hidden; display: flex; flex-direction: column;'>\n<div style='padding: 15px; border-bottom: 1px solid rgba(150&comma; 150&comma; 150&comma; 0.2); font-weight: bold; font-size: 18px; color: inherit;'>Caracter\u00edsticas principales<\/div>\n<div style='padding: 15px; color: inherit;'>\n<ul style='padding-left: 20px; margin: 0; font-size: 14px; list-style-type: disc;'>\n<li style='margin-bottom: 5px;'><strong>Modos de operacion:<\/strong> Router&comma; AP&comma; Extensor de rango y WISP.<\/li>\n<li style='margin-bottom: 5px;'><strong>Seguridad:<\/strong> 64\/128\/152-bit WEP \/ WPA \/ WPA2&comma;WPA-PSK \/ WPA2-PSK.<\/li>\n<li style='margin-bottom: 5px;'><strong>Puertos LAN:<\/strong> 4 Puertos 10\/100.<\/li>\n<li style='margin-bottom: 5px;'><strong>Puerto WAN:<\/strong> 1 Puerto 10\/100.<\/li>\n<li style='margin-bottom: 5px;'><strong>Antenas:<\/strong> 3 Antenas Omnidireccionales de 5dBi.<\/li>\n<li style='margin-bottom: 5px;'><strong>Frecuencia:<\/strong> 2.4GHz.<\/li>\n<li style='margin-bottom: 5px;'><strong>Velocidad:<\/strong> 300Mbps (802.11n).<\/li>\n<li style='margin-bottom: 5px;'><strong>Tipo de WAN:<\/strong> Dynamic IP\/Static IP\/PPPoE\/PPTP\/L2TP\/BigPond.<\/li>\n<li style='margin-bottom: 5px;'><strong>VPN Pass-Through:<\/strong> PPTP&comma; L2TP&comma; IPSec (ESP Head).<\/li>\n<\/ul><\/div>\n<\/p><\/div>\n<div style='flex: 1 1 300px; min-width: 250px; border: 1px solid rgba(150&comma; 150&comma; 150&comma; 0.4); border-radius: 8px; overflow: hidden; display: flex; flex-direction: column;'>\n<div style='padding: 15px; border-bottom: 1px solid rgba(150&comma; 150&comma; 150&comma; 0.2); font-weight: bold; font-size: 18px; color: inherit;'>Caracter\u00edsticas F\u00edsicas y El\u00e9ctricas<\/div>\n<div style='padding: 15px; color: inherit;'>\n<ul style='padding-left: 20px; margin: 0; font-size: 14px; list-style-type: disc;'>\n<li style='margin-bottom: 5px;'><strong>Alimentaci\u00f3n:<\/strong> 9V y 0.6A (fuente incluida).<\/li>\n<li style='margin-bottom: 5px;'><strong>Antenas:<\/strong> 3 antenas de 5dBi.<\/li>\n<li style='margin-bottom: 5px;'><strong>Dimensiones:<\/strong> 9.1 x 5.7 x 1.4 in. (230 x 144 x 35 mm)<\/li>\n<li style='margin-bottom: 5px;'><strong>Material:<\/strong> pl\u00e1stico.<\/li>\n<li style='margin-bottom: 5px;'><strong>Temperatura de operaci\u00f3n:<\/strong> 0\u00ba ~ 40\u00ba C.<\/li>\n<\/ul><\/div>\n<\/p><\/div>\n<div style='flex: 1 1 300px; min-width: 250px; border: 1px solid rgba(150&comma; 150&comma; 150&comma; 0.4); border-radius: 8px; overflow: hidden; display: flex; flex-direction: column;'>\n<div style='padding: 15px; border-bottom: 1px solid rgba(150&comma; 150&comma; 150&comma; 0.2); font-weight: bold; font-size: 18px; color: inherit;'>Contenido<\/div>\n<div style='padding: 15px; color: inherit;'>\n<ul style='padding-left: 20px; margin: 0; font-size: 14px; list-style-type: disc;'>\n<li style='margin-bottom: 5px;'>Router TL-WR845N.<\/li>\n<li style='margin-bottom: 5px;'>Fuente.<\/li>\n<li style='margin-bottom: 5px;'>Cable Ethernet.<\/li>\n<li style='margin-bottom: 5px;'>Gu\u00eda de instalaci\u00f3n r\u00e1pida.<\/li>\n<\/ul><\/div>\n<\/p><\/div>\n<\/p><\/div>\n<div style='width: 100%; margin: 30px 0;'> <img style='width: 100%; height: auto; border: 1px solid rgba(150&comma;150&comma;150&comma;0.3); border-radius: 8px;' src='https:\/\/ftp3.syscom.mx\/usuarios\/fotos\/TLWR845N\/163760-captura_de_pantalla_2020-07-01_a_la(s)_16.48.38.png' alt=''> <\/div>\n<hr style='border: 0; border-top: 1px solid rgba(150&comma; 150&comma; 150&comma; 0.3); margin: 30px 0;'> <\/div>\n","protected":false},"excerpt":{"rendered":"<p>Router Inal\u00e1mbrico WISP, 2.4 GHz, 300 Mbps, 3 antenas externas omnidireccional 5 dBi, 4 Puertos LAN 10\/100 Mbps, 1 Puerto WAN 10\/100 Mbps, IPTV, IPV6<\/p>\n","protected":false},"featured_media":78838,"comment_status":"open","ping_status":"closed","template":"","meta":[],"product_brand":[],"product_cat":[2036,2035,2034],"product_tag":[2039,2038,664,2037,71],"class_list":{"0":"post-78839","1":"product","2":"type-product","3":"status-publish","4":"has-post-thumbnail","6":"product_cat-balanceadores","7":"product_cat-firewalls","8":"product_cat-routers","9":"product_tag-balanceadores","10":"product_tag-firewalls","11":"product_tag-networking","12":"product_tag-routers","13":"product_tag-tp-link","15":"first","16":"instock","17":"sale","18":"shipping-taxable","19":"purchasable","20":"product-type-simple"},"_links":{"self":[{"href":"https:\/\/soydeaqui.ddns.net\/pachuca\/index.php\/wp-json\/wp\/v2\/product\/78839","targetHints":{"allow":["GET"]}}],"collection":[{"href":"https:\/\/soydeaqui.ddns.net\/pachuca\/index.php\/wp-json\/wp\/v2\/product"}],"about":[{"href":"https:\/\/soydeaqui.ddns.net\/pachuca\/index.php\/wp-json\/wp\/v2\/types\/product"}],"replies":[{"embeddable":true,"href":"https:\/\/soydeaqui.ddns.net\/pachuca\/index.php\/wp-json\/wp\/v2\/comments?post=78839"}],"wp:featuredmedia":[{"embeddable":true,"href":"https:\/\/soydeaqui.ddns.net\/pachuca\/index.php\/wp-json\/wp\/v2\/media\/78838"}],"wp:attachment":[{"href":"https:\/\/soydeaqui.ddns.net\/pachuca\/index.php\/wp-json\/wp\/v2\/media?parent=78839"}],"wp:term":[{"taxonomy":"product_brand","embeddable":true,"href":"https:\/\/soydeaqui.ddns.net\/pachuca\/index.php\/wp-json\/wp\/v2\/product_brand?post=78839"},{"taxonomy":"product_cat","embeddable":true,"href":"https:\/\/soydeaqui.ddns.net\/pachuca\/index.php\/wp-json\/wp\/v2\/product_cat?post=78839"},{"taxonomy":"product_tag","embeddable":true,"href":"https:\/\/soydeaqui.ddns.net\/pachuca\/index.php\/wp-json\/wp\/v2\/product_tag?post=78839"}],"curies":[{"name":"wp","href":"https:\/\/api.w.org\/{rel}","templated":true}]}}