{"id":78801,"date":"2026-03-19T16:55:56","date_gmt":"2026-03-19T16:55:56","guid":{"rendered":"https:\/\/soydeaqui.ddns.net\/pachuca\/index.php\/producto\/enlace-completo-para-backhaul-en-5-ghz-hasta-1-gbps-con-radios-af5xhd-de-ubiquiti-y-ultra-horn-ultra-rechazo-al-ruido-para-enlaces-largos-sin-perdidas\/"},"modified":"2026-03-19T16:55:58","modified_gmt":"2026-03-19T16:55:58","slug":"enlace-completo-para-backhaul-en-5-ghz-hasta-1-gbps-con-radios-af5xhd-de-ubiquiti-y-ultra-horn-ultra-rechazo-al-ruido-para-enlaces-largos-sin-perdidas","status":"publish","type":"product","link":"https:\/\/soydeaqui.ddns.net\/pachuca\/index.php\/producto\/enlace-completo-para-backhaul-en-5-ghz-hasta-1-gbps-con-radios-af5xhd-de-ubiquiti-y-ultra-horn-ultra-rechazo-al-ruido-para-enlaces-largos-sin-perdidas\/","title":{"rendered":"Enlace completo para Backhaul en 5 GHz hasta 1 Gbps con radios AF5XHD de Ubiquiti y Ultra Horn, ultra rechazo al ruido para enlaces largos, sin perdidas"},"content":{"rendered":"<div style='width: 100%; max-width: 1200px; margin: 0 auto; font-family: sans-serif; line-height: 1.6; color: inherit; background-color: transparent;'>\n<div style='margin-bottom: 30px;'>\n<h5 style='font-size: 18px; margin-top: 0; margin-bottom: 15px; color: inherit; border-bottom: 2px solid currentColor; padding-bottom: 5px; opacity: 0.8;'>Kit incluye lo siguiente:<\/h5>\n<ul style='padding-left: 20px; font-size: 15px; color: inherit;'>\n<li style='margin-bottom: 5px;'>2x AF5XHD<\/li>\n<li style='margin-bottom: 5px;'>2x TPAPAF<\/li>\n<li style='margin-bottom: 5px;'>2x UHTP524<\/li>\n<li style='margin-bottom: 5px;'>*Se recomienda agregar protector contra descargas (por cada AF5XHD) modelo <a href='https:\/\/www.syscom.mx\/producto\/TALP-55-1000-TRANSTECTOR-65278.html' style='color: #0066cc; text-decoration: underline;'>TALP-55-1000<\/a><\/li>\n<\/ul><\/div>\n<div style='margin-bottom: 30px;'>\n<h3 style='font-size: 22px; margin-top: 0; margin-bottom: 15px; color: inherit; border-bottom: 2px solid currentColor; padding-bottom: 5px; opacity: 0.8;'>La antena definitiva para enlaces largos en ambientes de alto ruido<\/h3>\n<p style='font-size: 15px; color: inherit; margin-bottom: 15px;'>Las antenas UltraHorn\u2122 TP son antenas tipo horn escalares altamente direccionales. Ofrecen todos los beneficios de las antenas escalares tipo horn: ultra rechazo al ruido&comma; conexi\u00f3n al radio sin p\u00e9rdidas y transmisi\u00f3n sim\u00e9trica sin l\u00f3bulos laterales. Estas caracter\u00edsticas \u00fanicas de radiaci\u00f3n las hace excelentes antenas para realizar enlaces a largas distancias en ambientes con altos niveles de ruido.<\/p>\n<p> <img style='width: 100%; height: auto; border: 1px solid rgba(150&comma;150&comma;150&comma;0.3); border-radius: 8px;' src='https:\/\/www.rfelements.com\/assets\/Uploads\/uh-ptp-cover-1-new.jpg' alt=''> <\/div>\n<div style='margin-bottom: 30px;'>\n<h3 style='font-size: 22px; margin-top: 0; margin-bottom: 15px; color: inherit; border-bottom: 2px solid currentColor; padding-bottom: 5px; opacity: 0.8;'>Rechazo definitivo al ruido<\/h3>\n<p style='font-size: 15px; color: inherit; margin-bottom: 15px;'>Las antenas UltraHorn\u2122 TP no tienen l\u00f3bulos laterales lo que les permite rechazar el ruido. La radiaci\u00f3n lateral est\u00e1 directamente relacionada con el ruido: los radios transmiten y tambien reciben interferencia de todas direcciones. Los l\u00f3bulos laterales de las antena tradicionales son enormes&comma; algunas veces casi de la mitad del tama\u00f1o del l\u00f3bulo principal y por lo tanto tienen un grand\u00edsimo impacto en el desempe\u00f1o general de la antena. Las antenas UltraHorn\u2122 TP reciben significativamente menos ruido lo que les permite tener un rendimiento sorprendente en ambientes ruidosos.<\/p>\n<div style='position: relative; padding-bottom: 56.25%; height: 0; overflow: hidden; margin-bottom: 30px;'>   <\/div>\n<div style='position: relative; padding-bottom: 56.25%; height: 0; overflow: hidden; margin-bottom: 30px;'>   <\/div>\n<\/p><\/div>\n<div style='margin-bottom: 30px;'>\n<h3 style='font-size: 22px; margin-top: 0; margin-bottom: 15px; color: inherit; border-bottom: 2px solid currentColor; padding-bottom: 5px; opacity: 0.8;'>Sin p\u00e9rdida<\/h3>\n<p style='font-size: 15px; color: inherit; margin-bottom: 15px;'>Compatibles con el conector TwistPort\u2122&comma; un puerto de gu\u00eda de onda de r\u00e1pido ensamble con patente pendiente.<br \/>Ya no se requieren conectores o cables coaxiales&comma; eso hace que la conexi\u00f3n sea virtualmente sin p\u00e9rdida.<br \/>La conexi\u00f3n del radio se hace brillantemente simple &#8211; &#8216;gira y ensambla&#8217; &#8211; todo con una mano!<\/p>\n<p> <img style='width: 100%; height: auto; border: 1px solid rgba(150&comma;150&comma;150&comma;0.3); border-radius: 8px;' src='https:\/\/www.rfelements.com\/assets\/Uploads\/uh-ptp-zero-loss-1-new2.jpg' alt=''> <\/div>\n<div style='margin-bottom: 30px;'>\n<h3 style='font-size: 22px; margin-top: 0; margin-bottom: 15px; color: inherit; border-bottom: 2px solid currentColor; padding-bottom: 5px; opacity: 0.8;'>Caracter\u00edsticas del radio AF5XHD<\/h3>\n<div style='display: flex; flex-wrap: wrap; gap: 20px;'>\n<div style='flex: 1 1 250px; border: 1px solid rgba(150&comma; 150&comma; 150&comma; 0.4); border-radius: 8px; overflow: hidden; display: flex; flex-direction: column;'>\n<div style='padding: 15px; border-bottom: 1px solid rgba(150&comma; 150&comma; 150&comma; 0.2); font-weight: bold; font-size: 18px; color: inherit;'>Puertos<\/div>\n<div style='padding: 15px; color: inherit;'>\n<ul style='padding-left: 20px; margin: 0; font-size: 14px; list-style-type: disc;'>\n<li style='margin-bottom: 5px;'>1 puerto de datos 10\/100\/1000 Mbps<\/li>\n<li style='margin-bottom: 5px;'>1 puerto de administraci\u00f3n 10\/100\/1000 Mbps<\/li>\n<li style='margin-bottom: 5px;'>Bluetooth v4.0<\/li>\n<\/ul><\/div>\n<\/p><\/div>\n<div style='flex: 1 1 250px; border: 1px solid rgba(150&comma; 150&comma; 150&comma; 0.4); border-radius: 8px; overflow: hidden; display: flex; flex-direction: column;'>\n<div style='padding: 15px; border-bottom: 1px solid rgba(150&comma; 150&comma; 150&comma; 0.2); font-weight: bold; font-size: 18px; color: inherit;'>Conectores RF<\/div>\n<div style='padding: 15px; color: inherit;'>\n<ul style='padding-left: 20px; margin: 0; font-size: 14px; list-style-type: disc;'>\n<li style='margin-bottom: 5px;'>2 x RP-SMA<\/li>\n<li style='margin-bottom: 5px;'>1 x GPS<\/li>\n<\/ul><\/div>\n<\/p><\/div>\n<div style='flex: 1 1 250px; border: 1px solid rgba(150&comma; 150&comma; 150&comma; 0.4); border-radius: 8px; overflow: hidden; display: flex; flex-direction: column;'>\n<div style='padding: 15px; border-bottom: 1px solid rgba(150&comma; 150&comma; 150&comma; 0.2); font-weight: bold; font-size: 18px; color: inherit;'>Sistema Operativo<\/div>\n<div style='padding: 15px; color: inherit;'>\n<ul style='padding-left: 20px; margin: 0; font-size: 14px; list-style-type: disc;'>\n<li style='margin-bottom: 5px;'>airOS\u00ae F<\/li>\n<\/ul><\/div>\n<\/p><\/div>\n<div style='flex: 1 1 250px; border: 1px solid rgba(150&comma; 150&comma; 150&comma; 0.4); border-radius: 8px; overflow: hidden; display: flex; flex-direction: column;'>\n<div style='padding: 15px; border-bottom: 1px solid rgba(150&comma; 150&comma; 150&comma; 0.2); font-weight: bold; font-size: 18px; color: inherit;'>Caracter\u00edsticas<\/div>\n<div style='padding: 15px; color: inherit;'>\n<ul style='padding-left: 20px; margin: 0; font-size: 14px; list-style-type: disc;'>\n<li style='margin-bottom: 5px;'>Modo de operaci\u00f3n: Master\/Slave<\/li>\n<li style='margin-bottom: 5px;'>Throughput: 2 Mpps<\/li>\n<li style='margin-bottom: 5px;'>Anchos de canal ajustable: 10\/20\/30\/40\/50\/60\/80\/100 MHz<\/li>\n<li style='margin-bottom: 5px;'>Soporte de OFDM y OFDMA<\/li>\n<li style='margin-bottom: 5px;'>Configuraci\u00f3n v\u00eda Bluetooth<\/li>\n<li style='margin-bottom: 5px;'>Procesador propietario: airFiber LTU IC<\/li>\n<li style='margin-bottom: 5px;'>Seguridad AES-256<\/li>\n<li style='margin-bottom: 5px;'>Sincronizaci\u00f3n GPS<\/li>\n<li style='margin-bottom: 5px;'>An\u00e1lisis de espectro dedicado<\/li>\n<li style='margin-bottom: 5px;'>Ultra baja latencia<\/li>\n<\/ul><\/div>\n<\/p><\/div>\n<div style='flex: 1 1 250px; border: 1px solid rgba(150&comma; 150&comma; 150&comma; 0.4); border-radius: 8px; overflow: hidden; display: flex; flex-direction: column;'>\n<div style='padding: 15px; border-bottom: 1px solid rgba(150&comma; 150&comma; 150&comma; 0.2); font-weight: bold; font-size: 18px; color: inherit;'>Caracter\u00edsticas F\u00edsicas y El\u00e9ctricas<\/div>\n<div style='padding: 15px; color: inherit;'>\n<ul style='padding-left: 20px; margin: 0; font-size: 14px; list-style-type: disc;'>\n<li style='margin-bottom: 5px;'>Alimentaci\u00f3n: 19 &#8211; 50 VDC<\/li>\n<li style='margin-bottom: 5px;'>Dimensiones: 224 x 82 x 48 mm<\/li>\n<li style='margin-bottom: 5px;'>Peso: 0.35 Kg<\/li>\n<li style='margin-bottom: 5px;'>Temperatura de Operaci\u00f3n: -40\u00b0C a 55\u00b0C<\/li>\n<\/ul><\/div>\n<\/p><\/div>\n<div style='flex: 1 1 250px; border: 1px solid rgba(150&comma; 150&comma; 150&comma; 0.4); border-radius: 8px; overflow: hidden; display: flex; flex-direction: column;'>\n<div style='padding: 15px; border-bottom: 1px solid rgba(150&comma; 150&comma; 150&comma; 0.2); font-weight: bold; font-size: 18px; color: inherit;'>Incluye<\/div>\n<div style='padding: 15px; color: inherit;'>\n<ul style='padding-left: 20px; margin: 0; font-size: 14px; list-style-type: disc;'>\n<li style='margin-bottom: 5px;'>Adaptador PoE Gigabit 24 VDC 1 A<\/li>\n<\/ul><\/div>\n<\/p><\/div>\n<div style='flex: 1 1 250px; border: 1px solid rgba(150&comma; 150&comma; 150&comma; 0.4); border-radius: 8px; overflow: hidden; display: flex; flex-direction: column;'>\n<div style='padding: 15px; border-bottom: 1px solid rgba(150&comma; 150&comma; 150&comma; 0.2); font-weight: bold; font-size: 18px; color: inherit;'>Garant\u00eda<\/div>\n<div style='padding: 15px; color: inherit;'>\n<ul style='padding-left: 20px; margin: 0; font-size: 14px; list-style-type: disc;'>\n<li style='margin-bottom: 5px;'>1 A\u00f1o<\/li>\n<\/ul><\/div>\n<\/p><\/div>\n<\/p><\/div>\n<\/p><\/div>\n<div style='margin-bottom: 30px;'>\n<p style='font-size: 15px; color: inherit; margin-bottom: 15px;'><strong style='font-weight: bold; color: inherit;'>ADVERTENCIA:<\/strong> Si no conecta a tierra correctamente&comma; se anular\u00e1 su garant\u00eda.<\/p>\n<\/p><\/div>\n<\/p><\/div>\n","protected":false},"excerpt":{"rendered":"<p>Enlace completo para Backhaul en 5 GHz hasta 1 Gbps con radios AF5XHD de Ubiquiti y Ultra Horn, ultra rechazo al ruido para enlaces largos, sin perdidas<\/p>\n","protected":false},"featured_media":78800,"comment_status":"open","ping_status":"closed","template":"","meta":[],"product_brand":[],"product_cat":[1998],"product_tag":[1999,1980,63],"class_list":{"0":"post-78801","1":"product","2":"type-product","3":"status-publish","4":"has-post-thumbnail","6":"product_cat-5-y-6-ghz","7":"product_tag-5-y-6-ghz","8":"product_tag-enlaces-ptp-y-ptmp","9":"product_tag-syscom","11":"first","12":"outofstock","13":"sale","14":"shipping-taxable","15":"purchasable","16":"product-type-simple"},"_links":{"self":[{"href":"https:\/\/soydeaqui.ddns.net\/pachuca\/index.php\/wp-json\/wp\/v2\/product\/78801","targetHints":{"allow":["GET"]}}],"collection":[{"href":"https:\/\/soydeaqui.ddns.net\/pachuca\/index.php\/wp-json\/wp\/v2\/product"}],"about":[{"href":"https:\/\/soydeaqui.ddns.net\/pachuca\/index.php\/wp-json\/wp\/v2\/types\/product"}],"replies":[{"embeddable":true,"href":"https:\/\/soydeaqui.ddns.net\/pachuca\/index.php\/wp-json\/wp\/v2\/comments?post=78801"}],"wp:featuredmedia":[{"embeddable":true,"href":"https:\/\/soydeaqui.ddns.net\/pachuca\/index.php\/wp-json\/wp\/v2\/media\/78800"}],"wp:attachment":[{"href":"https:\/\/soydeaqui.ddns.net\/pachuca\/index.php\/wp-json\/wp\/v2\/media?parent=78801"}],"wp:term":[{"taxonomy":"product_brand","embeddable":true,"href":"https:\/\/soydeaqui.ddns.net\/pachuca\/index.php\/wp-json\/wp\/v2\/product_brand?post=78801"},{"taxonomy":"product_cat","embeddable":true,"href":"https:\/\/soydeaqui.ddns.net\/pachuca\/index.php\/wp-json\/wp\/v2\/product_cat?post=78801"},{"taxonomy":"product_tag","embeddable":true,"href":"https:\/\/soydeaqui.ddns.net\/pachuca\/index.php\/wp-json\/wp\/v2\/product_tag?post=78801"}],"curies":[{"name":"wp","href":"https:\/\/api.w.org\/{rel}","templated":true}]}}