{"id":7876,"date":"2026-03-18T07:01:52","date_gmt":"2026-03-18T07:01:52","guid":{"rendered":"https:\/\/soydeaqui.ddns.net\/pachuca\/index.php\/producto\/sensor-magnetico-inalambrico-para-exterior-con-entrada-auxiliar-para-conexion-de-dispositivos-cableados\/"},"modified":"2026-03-18T07:01:57","modified_gmt":"2026-03-18T07:01:57","slug":"sensor-magnetico-inalambrico-para-exterior-con-entrada-auxiliar-para-conexion-de-dispositivos-cableados","status":"publish","type":"product","link":"https:\/\/soydeaqui.ddns.net\/pachuca\/index.php\/producto\/sensor-magnetico-inalambrico-para-exterior-con-entrada-auxiliar-para-conexion-de-dispositivos-cableados\/","title":{"rendered":"Sensor Magn\u00e9tico Inalambrico para EXTERIOR con ENTRADA AUXILIAR para conexi\u00f3n de dispositivos cableados"},"content":{"rendered":"<div style='width: 100%; max-width: 1200px; margin: 0 auto; font-family: sans-serif; line-height: 1.6; color: inherit; background-color: transparent;'>\n<p style='text-align: center;'><img style='width: 250px; height: auto; border: 1px solid rgba(150&comma;150&comma;150&comma;0.3); border-radius: 8px;' src='https:\/\/ftp3.syscom.mx\/usuarios\/vvega\/sfire\/SFIRE_LOGO.png' alt=''><\/p>\n<p><span style='font-size: 14pt;'>Sensor de puerta \/ ventana para exteriores El sensor para exteriores resistente al agua es perfecto para la detecci\u00f3n de puertas&comma; puertas de dependencias o para asegurar equipos mec\u00e1nicos externos como unidades de aire acondicionado. El sensor ofrece un GAP de 7.5 cms o una entrada externa para permitir el uso de un interruptor cableado externo. La antena grande y de alta potencia proporciona el rango inal\u00e1mbrico adicional requerido para la mayor\u00eda de las aplicaciones al aire libre.<\/span><\/p>\n<div style='display: flex; flex-wrap: wrap; gap: 30px; margin-top: 30px;'>\n<div style='flex: 1 1 300px; min-width: 280px;'>\n<h3 style='font-size: 22px; border-bottom: 2px solid currentColor; padding-bottom: 5px; margin-top: 0; color: inherit; opacity: 0.8;'>Caracter\u00edsticas principales:<\/h3>\n<ul style='padding-left: 20px; font-size: 15px; color: inherit;'>\n<li style='margin-bottom: 5px;'>Compatible con Paneles Honeywell y PRO4GLTEM<\/li>\n<li style='margin-bottom: 5px;'>Contacto Magentico con GAP 7.5 cms (MAX)<\/li>\n<li style='margin-bottom: 5px;'>Uso en Exterior&comma; Proteccion IP 56<\/li>\n<li style='margin-bottom: 5px;'>Contacto Magnetico + Zona Externa Cableada (NC&comma; C&comma; NO)<\/li>\n<\/ul><\/div>\n<div style='flex: 1 1 300px; min-width: 280px;'>\n<h3 style='font-size: 22px; border-bottom: 2px solid currentColor; padding-bottom: 5px; margin-top: 0; color: inherit; opacity: 0.8;'>Caracter\u00edsticas F\u00edsicas y El\u00e9ctricas:<\/h3>\n<ul style='padding-left: 20px; font-size: 15px; color: inherit;'>\n<li style='margin-bottom: 5px;'>Frecuencia 345Mhz<\/li>\n<li style='margin-bottom: 5px;'>Bateria 2 baterias AA 1.5V<\/li>\n<li style='margin-bottom: 5px;'>Duraci\u00f3n Aproximada de Bateria de 10 a\u00f1os<\/li>\n<li style='margin-bottom: 5px;'>Temperatura Operaci\u00f3n de -40\u00b0 a 60\u00b0 C<\/li>\n<li style='margin-bottom: 5px;'>Dimensiones: SENSOR 12.6 x 5.3 x 3.5 cms \/ Iman 10.4x3x2.5 cms<\/li>\n<\/ul><\/div>\n<div style='flex: 1 1 300px; min-width: 280px;'>\n<h3 style='font-size: 22px; border-bottom: 2px solid currentColor; padding-bottom: 5px; margin-top: 0; color: inherit; opacity: 0.8;'>Contenido:<\/h3>\n<ul style='padding-left: 20px; font-size: 15px; color: inherit;'>\n<li style='margin-bottom: 5px;'>Contacto magnetico para exterior<\/li>\n<li style='margin-bottom: 5px;'>2 Baterias AA 1.5V<\/li>\n<li style='margin-bottom: 5px;'>Iman para exterior<\/li>\n<\/ul><\/div>\n<\/p><\/div>\n<\/p><\/div>\n","protected":false},"excerpt":{"rendered":"<p>Sensor Magn\u00e9tico Inalambrico para EXTERIOR con ENTRADA AUXILIAR para conexi\u00f3n de dispositivos cableados<\/p>\n","protected":false},"featured_media":7875,"comment_status":"open","ping_status":"closed","template":"","meta":[],"product_brand":[],"product_cat":[117],"product_tag":[118,114,79],"class_list":{"0":"post-7876","1":"product","2":"type-product","3":"status-publish","4":"has-post-thumbnail","6":"product_cat-contacto-magnetico-inalambrico","7":"product_tag-contacto-magnetico-inalambrico","8":"product_tag-contactos-magneticos","9":"product_tag-sfire","11":"first","12":"instock","13":"sale","14":"shipping-taxable","15":"purchasable","16":"product-type-simple"},"_links":{"self":[{"href":"https:\/\/soydeaqui.ddns.net\/pachuca\/index.php\/wp-json\/wp\/v2\/product\/7876","targetHints":{"allow":["GET"]}}],"collection":[{"href":"https:\/\/soydeaqui.ddns.net\/pachuca\/index.php\/wp-json\/wp\/v2\/product"}],"about":[{"href":"https:\/\/soydeaqui.ddns.net\/pachuca\/index.php\/wp-json\/wp\/v2\/types\/product"}],"replies":[{"embeddable":true,"href":"https:\/\/soydeaqui.ddns.net\/pachuca\/index.php\/wp-json\/wp\/v2\/comments?post=7876"}],"wp:featuredmedia":[{"embeddable":true,"href":"https:\/\/soydeaqui.ddns.net\/pachuca\/index.php\/wp-json\/wp\/v2\/media\/7875"}],"wp:attachment":[{"href":"https:\/\/soydeaqui.ddns.net\/pachuca\/index.php\/wp-json\/wp\/v2\/media?parent=7876"}],"wp:term":[{"taxonomy":"product_brand","embeddable":true,"href":"https:\/\/soydeaqui.ddns.net\/pachuca\/index.php\/wp-json\/wp\/v2\/product_brand?post=7876"},{"taxonomy":"product_cat","embeddable":true,"href":"https:\/\/soydeaqui.ddns.net\/pachuca\/index.php\/wp-json\/wp\/v2\/product_cat?post=7876"},{"taxonomy":"product_tag","embeddable":true,"href":"https:\/\/soydeaqui.ddns.net\/pachuca\/index.php\/wp-json\/wp\/v2\/product_tag?post=7876"}],"curies":[{"name":"wp","href":"https:\/\/api.w.org\/{rel}","templated":true}]}}