{"id":78727,"date":"2026-03-19T16:52:52","date_gmt":"2026-03-19T16:52:52","guid":{"rendered":"https:\/\/soydeaqui.ddns.net\/pachuca\/index.php\/producto\/punto-de-acceso-omada-frecuencia-2-4-ghz-n-300-aplicaciones-para-exterior-configuracion-stand-alone-o-por-controlador-proteccion-exterior-ip65-alimentacion-poe-pasivo-24-vcc\/"},"modified":"2026-03-19T16:53:09","modified_gmt":"2026-03-19T16:53:09","slug":"punto-de-acceso-omada-frecuencia-2-4-ghz-n-300-aplicaciones-para-exterior-configuracion-stand-alone-o-por-controlador-proteccion-exterior-ip65-alimentacion-poe-pasivo-24-vcc","status":"publish","type":"product","link":"https:\/\/soydeaqui.ddns.net\/pachuca\/index.php\/producto\/punto-de-acceso-omada-frecuencia-2-4-ghz-n-300-aplicaciones-para-exterior-configuracion-stand-alone-o-por-controlador-proteccion-exterior-ip65-alimentacion-poe-pasivo-24-vcc\/","title":{"rendered":"Punto de acceso Omada \/ Frecuencia 2.4 GHz N 300 \/ Aplicaciones para  Exterior  \/ Configuraci\u00f3n Stand-Alone o Por Controlador \/ Protecci\u00f3n Exterior IP65 \/ Alimentaci\u00f3n PoE Pasivo 24 Vcc"},"content":{"rendered":"<div style='width: 100%; max-width: 1200px; margin: 0 auto; font-family: sans-serif; line-height: 1.6; color: inherit; background-color: transparent;'> <!-- Enlaces y advertencia --> <\/p>\n<div style='text-align: center; margin: 30px 0;'>\n<h2 style='margin: 0;'><a href='https:\/\/www.tp-link.com\/es\/omada-sdn\/' style='color: inherit; text-decoration: none; font-size: 1.5em;'>Aprende m\u00e1s sobre Omada Cloud<\/a><\/h2>\n<h2 style='margin-top: 20px; color: #e74c3c; font-size: 1.5em;'><span style='color: inherit;'>No Funciona Para las Licencias Omada<\/span><\/h2>\n<\/p><\/div>\n<p> <!-- Imagen principal --> <\/p>\n<div style='margin: 30px 0;'> <img style='width: 100%; height: auto; border: 1px solid rgba(150&comma;150&comma;150&comma;0.3); border-radius: 8px; display: block; margin: 0 auto;' src='https:\/\/ftp3.syscom.mx\/usuarios\/fotos\/EAP110OUTDOOR\/160007-image_-_2023-02-24t103441.981.png' alt=''> <\/div>\n<p> <!-- Secciones con im\u00e1genes --> <\/p>\n<div style='margin: 30px 0;'>\n<div style='margin-bottom: 30px; text-align: center;'>\n<h3 style='font-size: 22px; border-bottom: 2px solid currentColor; padding-bottom: 5px; margin-top: 0; color: inherit; opacity: 0.8;'>Recuperaci\u00f3n de se\u00f1al&comma; conectando la m\u00e1s adecuada.<\/h3>\n<p> <img style='width: 100%; height: auto; border: 1px solid rgba(150&comma;150&comma;150&comma;0.3); border-radius: 8px; display: block; margin: 15px auto 0;' src='https:\/\/ftp3.syscom.mx\/usuarios\/fotos\/EAP225OUTDOOR\/162963-image_-_2023-02-23t140008.465.png' alt=''> <\/div>\n<div style='margin-bottom: 30px; text-align: center;'>\n<h3 style='font-size: 22px; border-bottom: 2px solid currentColor; padding-bottom: 5px; margin-top: 0; color: inherit; opacity: 0.8;'>Conexiones sin interrupci\u00f3n.<\/h3>\n<p> <img style='width: 100%; height: auto; border: 1px solid rgba(150&comma;150&comma;150&comma;0.3); border-radius: 8px; display: block; margin: 15px auto 0;' src='https:\/\/ftp3.syscom.mx\/usuarios\/fotos\/EAP225OUTDOOR\/162963-image_-_2023-02-23t140002.647.png' alt=''> <\/div>\n<div style='margin-bottom: 30px; text-align: center;'>\n<h3 style='font-size: 22px; border-bottom: 2px solid currentColor; padding-bottom: 5px; margin-top: 0; color: inherit; opacity: 0.8;'>Antenas de largo alcance.<\/h3>\n<p> <img style='width: 100%; height: auto; border: 1px solid rgba(150&comma;150&comma;150&comma;0.3); border-radius: 8px; display: block; margin: 15px auto 0;' src='https:\/\/ftp3.syscom.mx\/usuarios\/fotos\/EAP110OUTDOOR\/160007-captura_de_pantalla_2024-02-16_a_la(s)_2.41.57 p.m..png' alt=''> <\/div>\n<\/p><\/div>\n<p> <!-- Especificaciones y caracter\u00edsticas --> <\/p>\n<div style='display: flex; flex-wrap: wrap; gap: 20px; margin-top: 30px;'> <!-- Especificaciones --> <\/p>\n<div style='flex: 1 1 300px; border: 1px solid rgba(150&comma; 150&comma; 150&comma; 0.4); border-radius: 8px; overflow: hidden;'>\n<div style='padding: 15px; border-bottom: 1px solid rgba(150&comma; 150&comma; 150&comma; 0.2); font-weight: bold; font-size: 18px; color: inherit;'>Especificaciones<\/div>\n<div style='padding: 15px; color: inherit;'>\n<ul style='padding-left: 20px; margin: 0; font-size: 14px; list-style-type: disc;'>\n<li style='margin-bottom: 5px;'><strong>Dimensiones:<\/strong> 216 x 46 x 27 mm<\/li>\n<li style='margin-bottom: 5px;'><strong>Puertos:<\/strong> (1) 10\/100 Mbps RJ45 PoE<\/li>\n<li style='margin-bottom: 5px;'><strong>Bot\u00f3n Reset:<\/strong> S\u00ed<\/li>\n<li style='margin-bottom: 5px;'><strong>Carcasa resistente:<\/strong> Protecci\u00f3n IP65<\/li>\n<li style='margin-bottom: 5px;'><strong>Alimentaci\u00f3n:<\/strong> PoE 24 Vcc pasivo<br \/>Consumo m\u00e1x: 3.1W<\/li>\n<li style='margin-bottom: 5px;'><strong>Antenas:<\/strong> 2.4 GHz: 2&#215;3 dBi<\/li>\n<li style='margin-bottom: 5px;'><strong>Montaje:<\/strong> M\u00e1stil\/Pared (montaje incluido)<\/li>\n<li style='margin-bottom: 5px;'><strong>Gesti\u00f3n web:<\/strong> S\u00ed<\/li>\n<li style='margin-bottom: 5px;'><strong>Garant\u00eda:<\/strong> 2 a\u00f1os<\/li>\n<li style='margin-bottom: 5px;'><strong>Est\u00e1ndares inal\u00e1mbricos:<\/strong> IEEE 802.11 n\/b\/g\/a<\/li>\n<li style='margin-bottom: 5px;'><strong>Potencia de transmisi\u00f3n:<\/strong> CE: &lt;20 dBm 2.4 GHz<br \/>FCC: &lt;22 dBm 2.4 GHz<\/li>\n<li style='margin-bottom: 5px;'><strong>Temperatura de operaci\u00f3n:<\/strong> -30 a 65\u00b0 C<\/li>\n<li style='margin-bottom: 5px;'><strong>Certificaciones:<\/strong> CE&comma; FCC&comma; RoHS<\/li>\n<\/ul><\/div>\n<\/p><\/div>\n<p> <!-- Caracter\u00edsticas --> <\/p>\n<div style='flex: 1 1 300px; border: 1px solid rgba(150&comma; 150&comma; 150&comma; 0.4); border-radius: 8px; overflow: hidden;'>\n<div style='padding: 15px; border-bottom: 1px solid rgba(150&comma; 150&comma; 150&comma; 0.2); font-weight: bold; font-size: 18px; color: inherit;'>Caracter\u00edsticas<\/div>\n<div style='padding: 15px; color: inherit;'>\n<ul style='padding-left: 20px; margin: 0; font-size: 14px; list-style-type: disc;'>\n<li style='margin-bottom: 5px;'>L\u00edmite de tr\u00e1fico<\/li>\n<li style='margin-bottom: 5px;'>M\u00faltiples SSID (hasta 16&comma; 8 por banda)<\/li>\n<li style='margin-bottom: 5px;'>Asignaci\u00f3n autom\u00e1tica de canales<\/li>\n<li style='margin-bottom: 5px;'>Programa de reinicio<\/li>\n<li style='margin-bottom: 5px;'>Portal cautivo (hotspot)<\/li>\n<li style='margin-bottom: 5px;'>App Omada<\/li>\n<li style='margin-bottom: 5px;'>MU-MIMO<\/li>\n<\/ul><\/div>\n<\/p><\/div>\n<p> <!-- Otros --> <\/p>\n<div style='flex: 1 1 300px; border: 1px solid rgba(150&comma; 150&comma; 150&comma; 0.4); border-radius: 8px; overflow: hidden;'>\n<div style='padding: 15px; border-bottom: 1px solid rgba(150&comma; 150&comma; 150&comma; 0.2); font-weight: bold; font-size: 18px; color: inherit;'>Otros<\/div>\n<div style='padding: 15px; color: inherit;'>\n<ul style='padding-left: 20px; margin: 0; font-size: 14px; list-style-type: disc;'>\n<li style='margin-bottom: 5px;'>EAP110-OUTDOOR<\/li>\n<li style='margin-bottom: 5px;'>Inyector PoE Pasivo 24 Vcc<\/li>\n<li style='margin-bottom: 5px;'>Goma a prueba de agua<\/li>\n<li style='margin-bottom: 5px;'>Antenas a prueba de agua<\/li>\n<li style='margin-bottom: 5px;'>Kits de montaje Pared<\/li>\n<li style='margin-bottom: 5px;'>Gu\u00eda de instalaci\u00f3n<\/li>\n<\/ul><\/div>\n<\/p><\/div>\n<\/p><\/div>\n<p> <!-- Separador final --> <\/p>\n<hr style='border: 0; border-top: 1px solid rgba(150&comma; 150&comma; 150&comma; 0.3); margin: 30px 0;'> <\/div>\n","protected":false},"excerpt":{"rendered":"<p>Punto de acceso Omada \/ Frecuencia 2.4 GHz N 300 \/ Aplicaciones para  Exterior  \/ Configuraci\u00f3n Stand-Alone o Por Controlador \/ Protecci\u00f3n Exterior IP65 \/ Alimentaci\u00f3n PoE Pasivo 24 Vcc<\/p>\n","protected":false},"featured_media":78726,"comment_status":"open","ping_status":"closed","template":"","meta":[],"product_brand":[],"product_cat":[1794],"product_tag":[1795,1479,71],"class_list":{"0":"post-78727","1":"product","2":"type-product","3":"status-publish","4":"has-post-thumbnail","6":"product_cat-puntos-de-acceso","7":"product_tag-puntos-de-acceso","8":"product_tag-redes-wifi","9":"product_tag-tp-link","11":"first","12":"instock","13":"sale","14":"shipping-taxable","15":"purchasable","16":"product-type-simple"},"_links":{"self":[{"href":"https:\/\/soydeaqui.ddns.net\/pachuca\/index.php\/wp-json\/wp\/v2\/product\/78727","targetHints":{"allow":["GET"]}}],"collection":[{"href":"https:\/\/soydeaqui.ddns.net\/pachuca\/index.php\/wp-json\/wp\/v2\/product"}],"about":[{"href":"https:\/\/soydeaqui.ddns.net\/pachuca\/index.php\/wp-json\/wp\/v2\/types\/product"}],"replies":[{"embeddable":true,"href":"https:\/\/soydeaqui.ddns.net\/pachuca\/index.php\/wp-json\/wp\/v2\/comments?post=78727"}],"wp:featuredmedia":[{"embeddable":true,"href":"https:\/\/soydeaqui.ddns.net\/pachuca\/index.php\/wp-json\/wp\/v2\/media\/78726"}],"wp:attachment":[{"href":"https:\/\/soydeaqui.ddns.net\/pachuca\/index.php\/wp-json\/wp\/v2\/media?parent=78727"}],"wp:term":[{"taxonomy":"product_brand","embeddable":true,"href":"https:\/\/soydeaqui.ddns.net\/pachuca\/index.php\/wp-json\/wp\/v2\/product_brand?post=78727"},{"taxonomy":"product_cat","embeddable":true,"href":"https:\/\/soydeaqui.ddns.net\/pachuca\/index.php\/wp-json\/wp\/v2\/product_cat?post=78727"},{"taxonomy":"product_tag","embeddable":true,"href":"https:\/\/soydeaqui.ddns.net\/pachuca\/index.php\/wp-json\/wp\/v2\/product_tag?post=78727"}],"curies":[{"name":"wp","href":"https:\/\/api.w.org\/{rel}","templated":true}]}}