{"id":78696,"date":"2026-03-19T16:51:38","date_gmt":"2026-03-19T16:51:38","guid":{"rendered":"https:\/\/soydeaqui.ddns.net\/pachuca\/index.php\/producto\/switch-no-administrable-8-puertos-gigabit-con-modo-extender-a-250-m-2-puertos-uplink-10-100-1000-mbps-2-puertos-sfp\/"},"modified":"2026-03-19T16:51:49","modified_gmt":"2026-03-19T16:51:49","slug":"switch-no-administrable-8-puertos-gigabit-con-modo-extender-a-250-m-2-puertos-uplink-10-100-1000-mbps-2-puertos-sfp","status":"publish","type":"product","link":"https:\/\/soydeaqui.ddns.net\/pachuca\/index.php\/producto\/switch-no-administrable-8-puertos-gigabit-con-modo-extender-a-250-m-2-puertos-uplink-10-100-1000-mbps-2-puertos-sfp\/","title":{"rendered":"Switch No Administrable 8 Puertos Gigabit con Modo Extender a 250 m,  2 Puertos Uplink 10\/100\/1000 Mbps, 2 Puertos SFP"},"content":{"rendered":"<div style='width: 100%; max-width: 1200px; margin: 0 auto; font-family: sans-serif; line-height: 1.6; color: inherit; background-color: transparent;'> <!-- Imagen principal --> <\/p>\n<div style='width: 100%; margin-bottom: 30px;'> <img style='width: 100%; height: auto; border: 1px solid rgba(150&comma;150&comma;150&comma;0.3); border-radius: 8px;' src='https:\/\/ftp3.syscom.mx\/usuarios\/fotos\/GSD1222VHP\/161040-banner_gsd-1222vhp.png' alt='Banner GSD-1222VHP'> <\/p>\n<p style='margin-top: 15px; font-size: 14px; color: inherit; opacity: 0.8; text-align: center;'>Solo &#8216;Plug and Watch&#8217; para una Soluci\u00f3n R\u00e1pida<\/p>\n<\/p><\/div>\n<p> <!-- Descripci\u00f3n general --> <\/p>\n<div style='margin-bottom: 30px;'>\n<p style='margin-top: 0; margin-bottom: 15px; color: inherit; font-size: 15px;'> PLANET GSD-1222VHP es una soluci\u00f3n Power over Ethernet ideal Plug and Watch que proporciona una instalaci\u00f3n r\u00e1pida&comma; monitoreo de estado de trabajo PoE en tiempo real y soluci\u00f3n de problemas inmediata a trav\u00e9s de su pantalla LCD \u00fanica para mejorar la eficiencia y calidad del trabajo sin necesidad de PC o software. <\/p>\n<\/p><\/div>\n<p> <!-- Imagen secundaria --> <\/p>\n<div style='width: 100%; margin-bottom: 30px;'> <img style='width: 100%; height: auto; border: 1px solid rgba(150&comma;150&comma;150&comma;0.3); border-radius: 8px;' src='https:\/\/ftp3.syscom.mx\/usuarios\/fotos\/GSD1222VHP\/161040-gsd1222vhp_1.png' alt='GSD1222VHP vista frontal'> <\/div>\n<p> <!-- Secci\u00f3n de especificaciones con cards --> <\/p>\n<div style='display: flex; flex-wrap: wrap; gap: 20px; margin-bottom: 30px;'> <!-- Puerto f\u00edsico --> <\/p>\n<div style='flex: 1 1 250px; border: 1px solid rgba(150&comma; 150&comma; 150&comma; 0.4); border-radius: 8px; overflow: hidden; display: flex; flex-direction: column;'>\n<div style='padding: 15px; border-bottom: 1px solid rgba(150&comma; 150&comma; 150&comma; 0.2); font-weight: bold; font-size: 18px; color: inherit;'>Puerto f\u00edsico<\/div>\n<div style='padding: 15px; color: inherit;'>\n<ul style='padding-left: 20px; margin: 0; font-size: 14px; list-style-type: disc;'>\n<li style='margin-bottom: 5px;'>8 puertos 10\/100 \/ 1000BASE-T Gigabit RJ45 de cobre<\/li>\n<li style='margin-bottom: 5px;'>2 interfaces SFP 1000BASE-X mini-GBIC<\/li>\n<li style='margin-bottom: 5px;'>2 interfaces 10\/100 \/ 1000BASE-T TP<\/li>\n<\/ul><\/div>\n<\/p><\/div>\n<p> <!-- Alimentaci\u00f3n a trav\u00e9s de Ethernet --> <\/p>\n<div style='flex: 1 1 250px; border: 1px solid rgba(150&comma; 150&comma; 150&comma; 0.4); border-radius: 8px; overflow: hidden; display: flex; flex-direction: column;'>\n<div style='padding: 15px; border-bottom: 1px solid rgba(150&comma; 150&comma; 150&comma; 0.2); font-weight: bold; font-size: 18px; color: inherit;'>Alimentaci\u00f3n a trav\u00e9s de Ethernet<\/div>\n<div style='padding: 15px; color: inherit;'>\n<ul style='padding-left: 20px; margin: 0; font-size: 14px; list-style-type: disc;'>\n<li style='margin-bottom: 5px;'>Cumple con IEEE 802.3af \/ en Power over Ethernet span-span PSE<\/li>\n<li style='margin-bottom: 5px;'>Hasta 8 puertos de dispositivos IEEE 802.3af \/ 802.3at alimentados<\/li>\n<li style='margin-bottom: 5px;'>Admite potencia PoE de hasta 32 vatios por cada puerto PoE<\/li>\n<li style='margin-bottom: 5px;'>Cada puerto admite alimentaci\u00f3n de CC de 54 V para dispositivos con alimentaci\u00f3n PoE<\/li>\n<li style='margin-bottom: 5px;'>Presupuesto PoE de 120 vatios<\/li>\n<li style='margin-bottom: 5px;'>Detecta autom\u00e1ticamente el dispositivo motorizado (PD)<\/li>\n<li style='margin-bottom: 5px;'>La protecci\u00f3n de circuito evita la interferencia de potencia entre los puertos<\/li>\n<li style='margin-bottom: 5px;'>Alimentaci\u00f3n remota de hasta 100 m en modo est\u00e1ndar y 250 m en modo extendido<\/li>\n<\/ul><\/div>\n<\/p><\/div>\n<p> <!-- Rendimiento --> <\/p>\n<div style='flex: 1 1 250px; border: 1px solid rgba(150&comma; 150&comma; 150&comma; 0.4); border-radius: 8px; overflow: hidden; display: flex; flex-direction: column;'>\n<div style='padding: 15px; border-bottom: 1px solid rgba(150&comma; 150&comma; 150&comma; 0.2); font-weight: bold; font-size: 18px; color: inherit;'>Rendimiento<\/div>\n<div style='padding: 15px; color: inherit;'>\n<ul style='padding-left: 20px; margin: 0; font-size: 14px; list-style-type: disc;'>\n<li style='margin-bottom: 5px;'>Throughput: 18 Mpps @ 64 bytes<\/li>\n<li style='margin-bottom: 5px;'>Capacidad del Switch: 24 Gbps<\/li>\n<li style='margin-bottom: 5px;'>Presupuesto PoE: 120 watts<\/li>\n<li style='margin-bottom: 5px;'>Configuracion de pines PoE: 1\/2(+)&comma; 3\/6(-) Type End-Span<\/li>\n<\/ul><\/div>\n<\/p><\/div>\n<p> <!-- Caracter\u00edsticas F\u00edsicas --> <\/p>\n<div style='flex: 1 1 250px; border: 1px solid rgba(150&comma; 150&comma; 150&comma; 0.4); border-radius: 8px; overflow: hidden; display: flex; flex-direction: column;'>\n<div style='padding: 15px; border-bottom: 1px solid rgba(150&comma; 150&comma; 150&comma; 0.2); font-weight: bold; font-size: 18px; color: inherit;'>Caracter\u00edsticas F\u00edsicas<\/div>\n<div style='padding: 15px; color: inherit;'>\n<ul style='padding-left: 20px; margin: 0; font-size: 14px; list-style-type: disc;'>\n<li style='margin-bottom: 5px;'>Dimensiones: 180 x 280 x 44 mm<\/li>\n<li style='margin-bottom: 5px;'>Consumo de energia: 130 watts \/ 446 BTU<\/li>\n<\/ul><\/div>\n<\/p><\/div>\n<\/p><\/div>\n<p> <!-- Separador final --> <\/p>\n<hr style='border: 0; border-top: 1px solid rgba(150&comma; 150&comma; 150&comma; 0.3); margin: 30px 0;'> <\/div>\n","protected":false},"excerpt":{"rendered":"<p>Switch No Administrable 8 Puertos Gigabit con Modo Extender a 250 m,  2 Puertos Uplink 10\/100\/1000 Mbps, 2 Puertos SFP<\/p>\n","protected":false},"featured_media":78695,"comment_status":"open","ping_status":"closed","template":"","meta":[],"product_brand":[],"product_cat":[1986],"product_tag":[664,2033,1987],"class_list":{"0":"post-78696","1":"product","2":"type-product","3":"status-publish","4":"has-post-thumbnail","6":"product_cat-switches-poe","7":"product_tag-networking","8":"product_tag-planet","9":"product_tag-switches-poe","11":"first","12":"instock","13":"sale","14":"shipping-taxable","15":"purchasable","16":"product-type-simple"},"_links":{"self":[{"href":"https:\/\/soydeaqui.ddns.net\/pachuca\/index.php\/wp-json\/wp\/v2\/product\/78696","targetHints":{"allow":["GET"]}}],"collection":[{"href":"https:\/\/soydeaqui.ddns.net\/pachuca\/index.php\/wp-json\/wp\/v2\/product"}],"about":[{"href":"https:\/\/soydeaqui.ddns.net\/pachuca\/index.php\/wp-json\/wp\/v2\/types\/product"}],"replies":[{"embeddable":true,"href":"https:\/\/soydeaqui.ddns.net\/pachuca\/index.php\/wp-json\/wp\/v2\/comments?post=78696"}],"wp:featuredmedia":[{"embeddable":true,"href":"https:\/\/soydeaqui.ddns.net\/pachuca\/index.php\/wp-json\/wp\/v2\/media\/78695"}],"wp:attachment":[{"href":"https:\/\/soydeaqui.ddns.net\/pachuca\/index.php\/wp-json\/wp\/v2\/media?parent=78696"}],"wp:term":[{"taxonomy":"product_brand","embeddable":true,"href":"https:\/\/soydeaqui.ddns.net\/pachuca\/index.php\/wp-json\/wp\/v2\/product_brand?post=78696"},{"taxonomy":"product_cat","embeddable":true,"href":"https:\/\/soydeaqui.ddns.net\/pachuca\/index.php\/wp-json\/wp\/v2\/product_cat?post=78696"},{"taxonomy":"product_tag","embeddable":true,"href":"https:\/\/soydeaqui.ddns.net\/pachuca\/index.php\/wp-json\/wp\/v2\/product_tag?post=78696"}],"curies":[{"name":"wp","href":"https:\/\/api.w.org\/{rel}","templated":true}]}}