{"id":78571,"date":"2026-03-19T16:46:33","date_gmt":"2026-03-19T16:46:33","guid":{"rendered":"https:\/\/soydeaqui.ddns.net\/pachuca\/index.php\/producto\/adaptador-twistport-para-rocket-ltu-r5-ac-prism-rp-5ac-gen2-af-5x-y-af-5xhd-de-ubiquiti-rango-de-operacion-5180-6400-mhz\/"},"modified":"2026-03-19T16:46:58","modified_gmt":"2026-03-19T16:46:58","slug":"adaptador-twistport-para-rocket-ltu-r5-ac-prism-rp-5ac-gen2-af-5x-y-af-5xhd-de-ubiquiti-rango-de-operacion-5180-6400-mhz","status":"publish","type":"product","link":"https:\/\/soydeaqui.ddns.net\/pachuca\/index.php\/producto\/adaptador-twistport-para-rocket-ltu-r5-ac-prism-rp-5ac-gen2-af-5x-y-af-5xhd-de-ubiquiti-rango-de-operacion-5180-6400-mhz\/","title":{"rendered":"Adaptador TwistPort para Rocket LTU, R5-AC-PRISM, RP-5AC-GEN2, AF-5X y AF-5XHD de Ubiquiti, rango de operaci\u00f3n 5180-6400 MHz"},"content":{"rendered":"<div style='width: 100%; max-width: 1200px; margin: 0 auto; font-family: sans-serif; line-height: 1.6; color: inherit; background-color: transparent;'>\n<div style='display: flex; flex-wrap: wrap; gap: 30px; margin-bottom: 30px;'>\n<div style='flex: 1 1 300px; min-width: 280px;'>\n<h3 style='font-size: 22px; border-bottom: 2px solid currentColor; padding-bottom: 5px; margin-top: 0; color: inherit; opacity: 0.8;'>\u00bfQu\u00e9 es el adaptador TwistPort?<\/h3>\n<p style='font-size: 15px; color: inherit;'>El adaptador TwistPort adapta las radios de terceros al conector de la gu\u00eda de ondas TwistPort<sup>TM<\/sup> propiedad de los elementos de RF. La integraci\u00f3n de la radio es sencilla y no requiere herramientas. Hacer que las radios de terceros sean compatibles con TwistPort<sup>TM<\/sup> permite el uso de la radio con cualquier antena TwistPort<sup>TM<\/sup> jam\u00e1s creada y permite un rendimiento superior&comma; inmunidad al ruido y escalabilidad de la red.<\/p>\n<div style='position: relative; padding-bottom: 56.25%; height: 0; overflow: hidden; margin-bottom: 30px;'>   <\/div>\n<\/p><\/div>\n<\/p><\/div>\n<div style='display: flex; flex-wrap: wrap; gap: 30px; margin-bottom: 30px;'>\n<div style='flex: 1 1 300px; min-width: 280px;'>\n<h3 style='font-size: 22px; border-bottom: 2px solid currentColor; padding-bottom: 5px; margin-top: 0; color: inherit; opacity: 0.8;'>Para Rocket<sup>\u00ae<\/sup> Prism 5AC y airFiber<sup>\u00ae<\/sup> 5X<\/h3>\n<p style='font-size: 15px; color: inherit;'>Este TP-A tambi\u00e9n es compatible con el m\u00e1s nuevo Gen 2 de Rocket Prism 5AC y con los radios AF-5XHD airFiber<sup>\u00ae<\/sup>. La lista completa de radios compatibles incluye: UBNT<sup>TM<\/sup> Rocket Prism 5AC&comma; Rocket Prism 5AC Gen2&comma; airFiber<sup>\u00ae<\/sup> 5X y airFiber 5XHD. La ruta de migraci\u00f3n de Rocket Prism 5AC a la plataforma airFiber 5X es sencilla y efectiva&comma; ya que no se requiere inversi\u00f3n adicional en TP-A.<\/p>\n<\/p><\/div>\n<\/p><\/div>\n<div style='display: flex; flex-wrap: wrap; gap: 20px; margin-bottom: 30px;'>\n<div style='flex: 1 1 250px; border: 1px solid rgba(150&comma; 150&comma; 150&comma; 0.4); border-radius: 8px; overflow: hidden; display: flex; flex-direction: column;'>\n<div style='padding: 15px; border-bottom: 1px solid rgba(150&comma; 150&comma; 150&comma; 0.2); font-weight: bold; font-size: 18px; color: inherit;'>Im\u00e1genes del producto<\/div>\n<div style='padding: 15px; color: inherit;'>\n<div style='display: grid; grid-template-columns: repeat(auto-fill&comma; minmax(150px&comma; 1fr)); gap: 15px;'> <img style='width: 100%; height: auto; border: 1px solid rgba(150&comma;150&comma;150&comma;0.3); border-radius: 8px;' src='https:\/\/rfelements.com\/assets\/Uploads\/TPA-PAF-Rocket-Prism-5AC.jpg' alt='TPA PAF Rocket Prism 5AC'> <img style='width: 100%; height: auto; border: 1px solid rgba(150&comma;150&comma;150&comma;0.3); border-radius: 8px;' src='https:\/\/rfelements.com\/assets\/Uploads\/TPA-PAF-Rocket-Prism-5AC-Gen2.jpg' alt='TPA PAF Rocket Prism 5AC Gen2'> <img style='width: 100%; height: auto; border: 1px solid rgba(150&comma;150&comma;150&comma;0.3); border-radius: 8px;' src='https:\/\/rfelements.com\/assets\/Uploads\/TPA-PAF-airFiber-5X.jpg' alt='TPA PAF airFiber 5X'> <img style='width: 100%; height: auto; border: 1px solid rgba(150&comma;150&comma;150&comma;0.3); border-radius: 8px;' src='https:\/\/rfelements.com\/assets\/Uploads\/TPA-PAF-airFiber-5XHD.jpg' alt='TPA PAF airFiber 5XHD'> <\/div>\n<\/p><\/div>\n<\/p><\/div>\n<\/p><\/div>\n<div style='display: flex; flex-wrap: wrap; gap: 30px; margin-bottom: 30px;'>\n<div style='flex: 1 1 300px; min-width: 280px;'>\n<h3 style='font-size: 22px; border-bottom: 2px solid currentColor; padding-bottom: 5px; margin-top: 0; color: inherit; opacity: 0.8;'>Integraci\u00f3n de antena GPS<\/h3>\n<p style='font-size: 15px; color: inherit;'>TP-A PAF contiene un espacio bien protegido para la antena GPS que viene con radios UBNT<sup>\u00ae<\/sup>. Despu\u00e9s de la integraci\u00f3n&comma; la antena del GPS y el cable de la antena est\u00e1n cubiertos y bien protegidos. No m\u00e1s problemas con la instalaci\u00f3n de la antena o con la resoluci\u00f3n de problemas de antenas GPS da\u00f1adas.<\/p>\n<div style='position: relative; padding-bottom: 56.25%; height: 0; overflow: hidden; margin-bottom: 30px;'>   <\/div>\n<\/p><\/div>\n<\/p><\/div>\n<div style='display: flex; flex-wrap: wrap; gap: 30px; margin-bottom: 30px;'>\n<div style='flex: 1 1 300px; min-width: 280px;'>\n<h3 style='font-size: 22px; border-bottom: 2px solid currentColor; padding-bottom: 5px; margin-top: 0; color: inherit; opacity: 0.8;'>Rendimiento l\u00edder en el mercado<\/h3>\n<p style='font-size: 15px; color: inherit;'>Los adaptadores TwistPort<sup>TM<\/sup> cubren un espectro de banda ultraancha de 5180-6400 MHz y operan con excelente eficiencia con VSWR muy bien administrado.<\/p>\n<\/p><\/div>\n<\/p><\/div>\n<div style='display: flex; flex-wrap: wrap; gap: 30px; margin-bottom: 30px;'>\n<div style='flex: 1 1 300px; min-width: 280px;'>\n<h3 style='font-size: 22px; border-bottom: 2px solid currentColor; padding-bottom: 5px; margin-top: 0; color: inherit; opacity: 0.8;'>F\u00e1cil instalaci\u00f3n<\/h3>\n<div style='position: relative; padding-bottom: 56.25%; height: 0; overflow: hidden; margin-bottom: 30px;'>   <\/div>\n<\/p><\/div>\n<\/p><\/div>\n<div style='display: flex; flex-wrap: wrap; gap: 30px; margin-bottom: 30px;'>\n<div style='flex: 1 1 300px; min-width: 280px;'>\n<h3 style='font-size: 22px; border-bottom: 2px solid currentColor; padding-bottom: 5px; margin-top: 0; color: inherit; opacity: 0.8;'>Tutorial para que sea compatible con Rocket LTU<\/h3>\n<div style='position: relative; padding-bottom: 56.25%; height: 0; overflow: hidden; margin-bottom: 30px;'>   <\/div>\n<\/p><\/div>\n<\/p><\/div>\n<hr style='border: 0; border-top: 1px solid rgba(150&comma; 150&comma; 150&comma; 0.3); margin: 30px 0;'> <\/div>\n","protected":false},"excerpt":{"rendered":"<p>Adaptador TwistPort para Rocket LTU, R5-AC-PRISM, RP-5AC-GEN2, AF-5X y AF-5XHD de Ubiquiti, rango de operaci\u00f3n 5180-6400 MHz<\/p>\n","protected":false},"featured_media":78570,"comment_status":"open","ping_status":"closed","template":"","meta":[],"product_brand":[],"product_cat":[1983],"product_tag":[93,1404,1988],"class_list":{"0":"post-78571","1":"product","2":"type-product","3":"status-publish","4":"has-post-thumbnail","6":"product_cat-accesorios-antenas-redes-e-it","7":"product_tag-accesorios","8":"product_tag-antenas","9":"product_tag-rf-elements","11":"first","12":"instock","13":"sale","14":"shipping-taxable","15":"purchasable","16":"product-type-simple"},"_links":{"self":[{"href":"https:\/\/soydeaqui.ddns.net\/pachuca\/index.php\/wp-json\/wp\/v2\/product\/78571","targetHints":{"allow":["GET"]}}],"collection":[{"href":"https:\/\/soydeaqui.ddns.net\/pachuca\/index.php\/wp-json\/wp\/v2\/product"}],"about":[{"href":"https:\/\/soydeaqui.ddns.net\/pachuca\/index.php\/wp-json\/wp\/v2\/types\/product"}],"replies":[{"embeddable":true,"href":"https:\/\/soydeaqui.ddns.net\/pachuca\/index.php\/wp-json\/wp\/v2\/comments?post=78571"}],"wp:featuredmedia":[{"embeddable":true,"href":"https:\/\/soydeaqui.ddns.net\/pachuca\/index.php\/wp-json\/wp\/v2\/media\/78570"}],"wp:attachment":[{"href":"https:\/\/soydeaqui.ddns.net\/pachuca\/index.php\/wp-json\/wp\/v2\/media?parent=78571"}],"wp:term":[{"taxonomy":"product_brand","embeddable":true,"href":"https:\/\/soydeaqui.ddns.net\/pachuca\/index.php\/wp-json\/wp\/v2\/product_brand?post=78571"},{"taxonomy":"product_cat","embeddable":true,"href":"https:\/\/soydeaqui.ddns.net\/pachuca\/index.php\/wp-json\/wp\/v2\/product_cat?post=78571"},{"taxonomy":"product_tag","embeddable":true,"href":"https:\/\/soydeaqui.ddns.net\/pachuca\/index.php\/wp-json\/wp\/v2\/product_tag?post=78571"}],"curies":[{"name":"wp","href":"https:\/\/api.w.org\/{rel}","templated":true}]}}