{"id":7843,"date":"2026-03-18T07:01:25","date_gmt":"2026-03-18T07:01:25","guid":{"rendered":"https:\/\/soydeaqui.ddns.net\/pachuca\/index.php\/producto\/detector-de-movimiento-cableado-doble-tecnologia-pir-mw-100-exterior-funcion-antimascara\/"},"modified":"2026-03-18T07:01:26","modified_gmt":"2026-03-18T07:01:26","slug":"detector-de-movimiento-cableado-doble-tecnologia-pir-mw-100-exterior-funcion-antimascara","status":"publish","type":"product","link":"https:\/\/soydeaqui.ddns.net\/pachuca\/index.php\/producto\/detector-de-movimiento-cableado-doble-tecnologia-pir-mw-100-exterior-funcion-antimascara\/","title":{"rendered":"Detector de Movimiento \/ Cableado \/ Doble Tecnolog\u00eda (PIR &#038; MW) \/ 100% Exterior \/ Funci\u00f3n Antimascara"},"content":{"rendered":"<div style='width: 100%; max-width: 1200px; margin: 0 auto; font-family: sans-serif; line-height: 1.6; color: inherit; background-color: transparent;'>\n<div style='display: flex; flex-wrap: wrap; gap: 30px; margin-bottom: 30px;'>\n<div style='flex: 1 1 300px; min-width: 280px;'>\n<p style='font-size: 15px; color: inherit; margin-bottom: 15px;'>La serie VXI es nuestro producto m\u00e1s vendido en cuanto a alcance de sensores de detecci\u00f3n de intrusiones en exterior. Proporciona una detecci\u00f3n de entrada muy fiable con un alcance de hasta 12 metros para aplicaciones de residencias y comercios. El sensor que debe montarse a 1&comma;2 m de altura incluye dos PIR que ofrecen un \u00e1rea de detecci\u00f3n de doble capa. El sensor solo se activar\u00e1 cuando se activen ambas capas. Los sensores VXI son tolerantes a mascotas y cuentan con an\u00e1lisis digital para evitar la activaci\u00f3n de falsas alarmas. El VXI-DAM es el modelo de doble tecnolog\u00eda (PIR y microondas) que dispone adem\u00e1s de tecnolog\u00eda de antienmascaramiento.<\/p>\n<p style='font-size: 15px; color: inherit; margin-bottom: 15px;'><strong>Detecci\u00f3n digital de doble capa:<\/strong> tanto la zona de detecci\u00f3n superior como la inferior deben cruzarse para generar una alarma. Las detecciones se analizan de forma independiente para que se pueda filtrar una coincidencia enga\u00f1osa de eventos. Esta tecnolog\u00eda elimina virtualmente las detecciones de animales m\u00e1s peque\u00f1os en las instalaciones.<\/p>\n<p style='font-size: 15px; color: inherit; margin-bottom: 15px;'>Compatible con todas las marcas de paneles de alarma Honeywell&comma; DSC&comma; Pima&comma; Crow&comma; Paradox&comma; etc.<\/p>\n<p style='font-size: 15px; color: inherit; margin-bottom: 15px;'>L\u00f3gica SMDA (an\u00e1lisis s\u00faper multidimensional): todos los modelos VXI est\u00e1n equipados con una l\u00f3gica de reconocimiento de se\u00f1al digital mejorada llamada SMDA. SMDA mejora la inmunidad contra diversos factores de ruido&comma; como los cambios clim\u00e1ticos y la vegetaci\u00f3n. VXIs ampl\u00eda los campos aplicables y la confiabilidad m\u00e1s all\u00e1 de lo que VX-402 era capaz.<\/p>\n<p style='font-size: 15px; color: inherit; margin-bottom: 15px;'>Anti-enmascaramiento: el anti-enmascaramiento IR activo proporciona un mayor nivel de seguridad al detectar objetos u otros materiales \/ sustancias en la superficie de la lente.<\/p>\n<p style='font-size: 15px; color: inherit; margin-bottom: 15px;'>Doble PIR y microondas: el algoritmo integrado para la detecci\u00f3n de PIR y microondas proporciona estabilidad en la detecci\u00f3n y el rendimiento. En lugares con una fuerte interferencia con la luz solar o frente a los faros directos del tr\u00e1fico de autom\u00f3viles&comma; el VXI-DAM \/ RDAM ofrece una reducci\u00f3n a\u00fan mayor de falsas alarmas.<\/p>\n<\/p><\/div>\n<\/p><\/div>\n<div style='display: flex; flex-wrap: wrap; gap: 30px; margin-bottom: 30px;'>\n<div style='flex: 1 1 300px; min-width: 280px;'>\n<div style='width: 100%; max-width: 640px; margin: 0 auto;'> <img style='width: 100%; height: auto; border: 1px solid rgba(150&comma;150&comma;150&comma;0.3); border-radius: 8px;' src='https:\/\/www.milestonesys.com\/globalassets\/marketplace\/uploaded-assets\/0012000000r2hueaaq\/image_636821142814022621' alt=''> <\/div>\n<\/p><\/div>\n<\/p><\/div>\n<\/p><\/div>\n","protected":false},"excerpt":{"rendered":"<p>Detector de Movimiento \/ Cableado \/ Doble Tecnolog\u00eda (PIR &#038; MW) \/ 100% Exterior \/ Funci\u00f3n Antimascara<\/p>\n","protected":false},"featured_media":7842,"comment_status":"open","ping_status":"closed","template":"","meta":[],"product_brand":[],"product_cat":[202],"product_tag":[19,203,106],"class_list":{"0":"post-7843","1":"product","2":"type-product","3":"status-publish","4":"has-post-thumbnail","6":"product_cat-movimiento-para-exterior","7":"product_tag-detectores-sensores","8":"product_tag-movimiento-para-exterior","9":"product_tag-optex","11":"first","12":"outofstock","13":"sale","14":"shipping-taxable","15":"purchasable","16":"product-type-simple"},"_links":{"self":[{"href":"https:\/\/soydeaqui.ddns.net\/pachuca\/index.php\/wp-json\/wp\/v2\/product\/7843","targetHints":{"allow":["GET"]}}],"collection":[{"href":"https:\/\/soydeaqui.ddns.net\/pachuca\/index.php\/wp-json\/wp\/v2\/product"}],"about":[{"href":"https:\/\/soydeaqui.ddns.net\/pachuca\/index.php\/wp-json\/wp\/v2\/types\/product"}],"replies":[{"embeddable":true,"href":"https:\/\/soydeaqui.ddns.net\/pachuca\/index.php\/wp-json\/wp\/v2\/comments?post=7843"}],"wp:featuredmedia":[{"embeddable":true,"href":"https:\/\/soydeaqui.ddns.net\/pachuca\/index.php\/wp-json\/wp\/v2\/media\/7842"}],"wp:attachment":[{"href":"https:\/\/soydeaqui.ddns.net\/pachuca\/index.php\/wp-json\/wp\/v2\/media?parent=7843"}],"wp:term":[{"taxonomy":"product_brand","embeddable":true,"href":"https:\/\/soydeaqui.ddns.net\/pachuca\/index.php\/wp-json\/wp\/v2\/product_brand?post=7843"},{"taxonomy":"product_cat","embeddable":true,"href":"https:\/\/soydeaqui.ddns.net\/pachuca\/index.php\/wp-json\/wp\/v2\/product_cat?post=7843"},{"taxonomy":"product_tag","embeddable":true,"href":"https:\/\/soydeaqui.ddns.net\/pachuca\/index.php\/wp-json\/wp\/v2\/product_tag?post=7843"}],"curies":[{"name":"wp","href":"https:\/\/api.w.org\/{rel}","templated":true}]}}