{"id":78349,"date":"2026-03-19T16:37:44","date_gmt":"2026-03-19T16:37:44","guid":{"rendered":"https:\/\/soydeaqui.ddns.net\/pachuca\/index.php\/producto\/antena-base-omnidireccional-rango-de-frecuencia-2400-5-mhz-6-dbi-de-ganancia\/"},"modified":"2026-03-19T16:37:54","modified_gmt":"2026-03-19T16:37:54","slug":"antena-base-omnidireccional-rango-de-frecuencia-2400-5-mhz-6-dbi-de-ganancia","status":"publish","type":"product","link":"https:\/\/soydeaqui.ddns.net\/pachuca\/index.php\/producto\/antena-base-omnidireccional-rango-de-frecuencia-2400-5-mhz-6-dbi-de-ganancia\/","title":{"rendered":"Antena Base Omnidireccional, Rango de Frecuencia 2400-5 MHz, 6 dBi de Gananc\u00eda."},"content":{"rendered":"<div style='width: 100%; max-width: 1200px; margin: 0 auto; font-family: sans-serif; line-height: 1.6; color: inherit; background-color: transparent;'> <!-- Secci\u00f3n de caracter\u00edsticas principales --> <\/p>\n<div style='display: flex; flex-wrap: wrap; gap: 30px; margin-bottom: 30px;'>\n<div style='flex: 1 1 300px; min-width: 280px;'>\n<h3 style='font-size: 22px; border-bottom: 2px solid currentColor; padding-bottom: 5px; margin-top: 0; color: inherit; opacity: 0.8;'>Caracter\u00edsticas Principales<\/h3>\n<ul style='padding-left: 20px; font-size: 15px; color: inherit;'>\n<li style='margin-bottom: 5px;'><strong>Rango de Frecuencia:<\/strong> 2400 &#8211; 2500 MHz<\/li>\n<li style='margin-bottom: 5px;'><strong>Ganancia:<\/strong> 6 dBi<\/li>\n<li style='margin-bottom: 5px;'><strong>Polarizaci\u00f3n:<\/strong> Vertical<\/li>\n<li style='margin-bottom: 5px;'><strong>Potencia:<\/strong> 40 Watts<\/li>\n<li style='margin-bottom: 5px;'><strong>Conector:<\/strong> N Hembra<\/li>\n<li style='margin-bottom: 5px;'><strong>Cobertura:<\/strong> Omnidireccional<\/li>\n<li style='margin-bottom: 5px;'><strong>Resistencia al Viento:<\/strong> 200 Km\/h (125 mph)<\/li>\n<li style='margin-bottom: 5px;'><strong>Temperatura de Operaci\u00f3n:<\/strong> -40\u00b0C a +85\u00b0C<\/li>\n<\/ul><\/div>\n<div style='flex: 1 1 300px; min-width: 280px;'>\n<h3 style='font-size: 22px; border-bottom: 2px solid currentColor; padding-bottom: 5px; margin-top: 0; color: inherit; opacity: 0.8;'>Caracter\u00edsticas F\u00edsicas<\/h3>\n<ul style='padding-left: 20px; font-size: 15px; color: inherit;'>\n<li style='margin-bottom: 5px;'><strong>Dimensiones:<\/strong> 0.825&#8242; OD x 15.0&#8242; L (2.09 x 38.1 cm)<\/li>\n<li style='margin-bottom: 5px;'><strong>Peso:<\/strong> 0.38 lbs (176 gramos)<\/li>\n<li style='margin-bottom: 5px;'><strong>Material:<\/strong> Fibra de vidrio pultruida negra UV-estable (0.625&#8242; de di\u00e1metro)<\/li>\n<li style='margin-bottom: 5px;'><strong>Montaje:<\/strong> Base cromada negra<\/li>\n<li style='margin-bottom: 5px;'><strong>Protecci\u00f3n:<\/strong> Dise\u00f1o completamente sellado IP67<\/li>\n<li style='margin-bottom: 5px;'><strong>Resistencia:<\/strong> Dise\u00f1o de alta durabilidad para ambientes extremos<\/li>\n<\/ul><\/div>\n<\/p><\/div>\n<p> <!-- Secci\u00f3n de especificaciones el\u00e9ctricas --> <\/p>\n<div style='display: flex; flex-wrap: wrap; gap: 20px; margin-bottom: 30px;'>\n<div style='flex: 1 1 250px; border: 1px solid rgba(150&comma; 150&comma; 150&comma; 0.4); border-radius: 8px; overflow: hidden; display: flex; flex-direction: column;'>\n<div style='padding: 15px; border-bottom: 1px solid rgba(150&comma; 150&comma; 150&comma; 0.2); font-weight: bold; font-size: 18px; color: inherit;'>Especificaciones El\u00e9ctricas<\/div>\n<div style='padding: 15px; color: inherit;'>\n<ul style='padding-left: 20px; margin: 0; font-size: 14px; list-style-type: disc;'>\n<li style='margin-bottom: 5px;'><strong>VSWR:<\/strong> < 1.5:1<\/li>\n<li style='margin-bottom: 5px;'><strong>Ancho de Haz (Elevaci\u00f3n):<\/strong> 28\u00b0<\/li>\n<li style='margin-bottom: 5px;'><strong>Impedancia:<\/strong> 50 ohms<\/li>\n<li style='margin-bottom: 5px;'><strong>Protecci\u00f3n ESD:<\/strong> Dise\u00f1o DC a tierra<\/li>\n<\/ul><\/div>\n<\/p><\/div>\n<p> <!-- Secci\u00f3n de especificaciones mec\u00e1nicas --> <\/p>\n<div style='flex: 1 1 250px; border: 1px solid rgba(150&comma; 150&comma; 150&comma; 0.4); border-radius: 8px; overflow: hidden; display: flex; flex-direction: column;'>\n<div style='padding: 15px; border-bottom: 1px solid rgba(150&comma; 150&comma; 150&comma; 0.2); font-weight: bold; font-size: 18px; color: inherit;'>Especificaciones Mec\u00e1nicas<\/div>\n<div style='padding: 15px; color: inherit;'>\n<ul style='padding-left: 20px; margin: 0; font-size: 14px; list-style-type: disc;'>\n<li style='margin-bottom: 5px;'><strong>Momento de Flexi\u00f3n:<\/strong> 2.13 lbf-ft<\/li>\n<li style='margin-bottom: 5px;'><strong>Fuerza Lateral:<\/strong> 3.41 lbf<\/li>\n<li style='margin-bottom: 5px;'><strong>\u00c1rea Plana Equivalente:<\/strong> 0.04 ft\u00b2<\/li>\n<\/ul><\/div>\n<\/p><\/div>\n<\/p><\/div>\n<p> <!-- Separador --> <\/p>\n<hr style='border: 0; border-top: 1px solid rgba(150&comma; 150&comma; 150&comma; 0.3); margin: 30px 0;'> <!-- Secci\u00f3n de aplicaciones --> <\/p>\n<div style='margin-bottom: 30px;'>\n<h3 style='font-size: 22px; border-bottom: 2px solid currentColor; padding-bottom: 5px; margin-top: 0; color: inherit; opacity: 0.8;'>Aplicaciones<\/h3>\n<p style='font-size: 15px; color: inherit; margin-bottom: 15px;'>Dise\u00f1ada para aplicaciones industriales y militares que requieren alta durabilidad y rendimiento en ambientes extremos. Ideal para sistemas de comunicaci\u00f3n inal\u00e1mbrica industrial donde se requiere una antena omnidireccional de alta ganancia y protecci\u00f3n contra condiciones clim\u00e1ticas adversas.<\/p>\n<\/p><\/div>\n<\/p><\/div>\n","protected":false},"excerpt":{"rendered":"<p>Antena Base Omnidireccional, Rango de Frecuencia 2400-5 MHz, 6 dBi de Gananc\u00eda.<\/p>\n","protected":false},"featured_media":78348,"comment_status":"open","ping_status":"closed","template":"","meta":[],"product_brand":[],"product_cat":[1849],"product_tag":[1404,1850,1701],"class_list":{"0":"post-78349","1":"product","2":"type-product","3":"status-publish","4":"has-post-thumbnail","6":"product_cat-omnidireccionales","7":"product_tag-antenas","8":"product_tag-omnidireccionales","9":"product_tag-pctel","11":"first","12":"outofstock","13":"sale","14":"shipping-taxable","15":"purchasable","16":"product-type-simple"},"_links":{"self":[{"href":"https:\/\/soydeaqui.ddns.net\/pachuca\/index.php\/wp-json\/wp\/v2\/product\/78349","targetHints":{"allow":["GET"]}}],"collection":[{"href":"https:\/\/soydeaqui.ddns.net\/pachuca\/index.php\/wp-json\/wp\/v2\/product"}],"about":[{"href":"https:\/\/soydeaqui.ddns.net\/pachuca\/index.php\/wp-json\/wp\/v2\/types\/product"}],"replies":[{"embeddable":true,"href":"https:\/\/soydeaqui.ddns.net\/pachuca\/index.php\/wp-json\/wp\/v2\/comments?post=78349"}],"wp:featuredmedia":[{"embeddable":true,"href":"https:\/\/soydeaqui.ddns.net\/pachuca\/index.php\/wp-json\/wp\/v2\/media\/78348"}],"wp:attachment":[{"href":"https:\/\/soydeaqui.ddns.net\/pachuca\/index.php\/wp-json\/wp\/v2\/media?parent=78349"}],"wp:term":[{"taxonomy":"product_brand","embeddable":true,"href":"https:\/\/soydeaqui.ddns.net\/pachuca\/index.php\/wp-json\/wp\/v2\/product_brand?post=78349"},{"taxonomy":"product_cat","embeddable":true,"href":"https:\/\/soydeaqui.ddns.net\/pachuca\/index.php\/wp-json\/wp\/v2\/product_cat?post=78349"},{"taxonomy":"product_tag","embeddable":true,"href":"https:\/\/soydeaqui.ddns.net\/pachuca\/index.php\/wp-json\/wp\/v2\/product_tag?post=78349"}],"curies":[{"name":"wp","href":"https:\/\/api.w.org\/{rel}","templated":true}]}}