{"id":78308,"date":"2026-03-19T16:36:01","date_gmt":"2026-03-19T16:36:01","guid":{"rendered":"https:\/\/soydeaqui.ddns.net\/pachuca\/index.php\/producto\/adaptador-twistport-de-5180-6400-mhz-para-modelos-cambium-epmp-3kl-force300-csm-epmp-5c-epmp-5gps-epmp-6gps-epmp-5gl\/"},"modified":"2026-03-19T16:36:18","modified_gmt":"2026-03-19T16:36:18","slug":"adaptador-twistport-de-5180-6400-mhz-para-modelos-cambium-epmp-3kl-force300-csm-epmp-5c-epmp-5gps-epmp-6gps-epmp-5gl","status":"publish","type":"product","link":"https:\/\/soydeaqui.ddns.net\/pachuca\/index.php\/producto\/adaptador-twistport-de-5180-6400-mhz-para-modelos-cambium-epmp-3kl-force300-csm-epmp-5c-epmp-5gps-epmp-6gps-epmp-5gl\/","title":{"rendered":"Adaptador TwistPort de 5180-6400 MHz para modelos Cambium: EPMP-3KL, FORCE300-CSM, ePMP-5C, ePMP-5GPS, ePMP-6GPS, ePMP-5GL"},"content":{"rendered":"<div style='width: 100%; max-width: 1200px; margin: 0 auto; font-family: sans-serif; line-height: 1.6; color: inherit; background-color: transparent;'> <!-- Secci\u00f3n 1 --> <\/p>\n<div style='width: 100%; margin-bottom: 30px;'>\n<h2 style='font-size: 28px; color: inherit; opacity: 0.9; margin: 0 0 20px 0; border-bottom: 2px solid currentColor; padding-bottom: 8px;'>\u00bfQu\u00e9 es el adaptador TwistPort?<\/h2>\n<p style='font-size: 15px; margin: 0 0 15px 0; color: inherit;'>El Adaptador TwistPort adapta perfectamente el radio con la antena sin necesidad de jumpers para evitar p\u00e9rdidas. La integraci\u00f3n del radio es suave y no requiere herramientas especiales&comma; solo girar. Hacer que los radios de terceros sean compatibles con TwistPort<sup>TM<\/sup> permite utilizar la radio con cualquier antena que tenga TwistPort que se haya fabricado.<\/p>\n<p> <!-- Video --> <\/p>\n<div style='position: relative; padding-bottom: 56.25%; height: 0; overflow: hidden; margin: 20px 0;'> <video style='position: absolute; top: 0; left: 0; width: 100%; height: 100%; border: 1px solid rgba(150&comma;150&comma;150&comma;0.3); border-radius: 8px;' poster='https:\/\/content.jwplatform.com\/thumbs\/q4bPfwUR-1280.jpg' loop muted controls><source src='https:\/\/ftp3.syscom.mx\/usuarios\/dquezada\/RF%20Elements\/Fotos%20para%20pagina\/TPA-EPMP\/VIDEO1.mp4' type='video\/mp4'>Tu navegador no soporta el elemento de video.<\/video> <\/div>\n<\/p><\/div>\n<p> <!-- Secci\u00f3n 2 --> <\/p>\n<div style='width: 100%; margin-bottom: 30px;'>\n<h2 style='font-size: 28px; color: inherit; opacity: 0.9; margin: 0 0 20px 0; border-bottom: 2px solid currentColor; padding-bottom: 8px;'>Dise\u00f1ado para ePMP<\/h2>\n<p style='font-size: 15px; margin: 0 0 15px 0; color: inherit;'>El adaptador TwistPort<sup>TM<\/sup> para ePMP<sup>TM<\/sup> es compatible con Cambium Networks<sup>TM<\/sup> ePMP<sup>TM<\/sup> 1000 AP \/ CSM&comma; ePMP<sup>TM<\/sup> Force 300 CSM y ePMP<sup>TM<\/sup> 3000L AP.<\/p>\n<p> <!-- Imagen --> <img style='width: 100%; height: auto; border: 1px solid rgba(150&comma;150&comma;150&comma;0.3); border-radius: 8px; margin: 20px 0;' src='https:\/\/rfelements.com\/assets\/Uploads\/TPA-ePMP-compatible-v2.jpg' alt='Compatibilidad TPA ePMP'> <\/div>\n<p> <!-- Secci\u00f3n 3 --> <\/p>\n<div style='width: 100%; margin-bottom: 30px;'>\n<h2 style='font-size: 28px; color: inherit; opacity: 0.9; margin: 0 0 20px 0; border-bottom: 2px solid currentColor; padding-bottom: 8px;'>Desempe\u00f1o l\u00edder en el mercado<\/h2>\n<p style='font-size: 15px; margin: 0 0 15px 0; color: inherit;'>Los adaptadores TwistPort<sup>TM<\/sup> tienen un rango de frecuencia de 5180-6400 MHz con excelente eficiencia y gran VSWR.<\/p>\n<p> <!-- Imagen --> <img style='width: 100%; height: auto; border: 1px solid rgba(150&comma;150&comma;150&comma;0.3); border-radius: 8px; margin: 20px 0;' src='https:\/\/rfelements.com\/assets\/Uploads\/Gain-TPA-ePMP-gain-rbc.jpg' alt='Ganancia TPA ePMP'> <\/div>\n<p> <!-- Secci\u00f3n 4 --> <\/p>\n<div style='width: 100%; margin-bottom: 30px;'>\n<h2 style='font-size: 28px; color: inherit; opacity: 0.9; margin: 0 0 20px 0; border-bottom: 2px solid currentColor; padding-bottom: 8px;'>F\u00e1cil instalaci\u00f3n<\/h2>\n<p style='font-size: 15px; margin: 0 0 15px 0; color: inherit;'>La m\u00e1s f\u00e1cil instalaci\u00f3n sin necesidad de herramientas:<\/p>\n<p> <!-- Video de YouTube --> <\/p>\n<div style='position: relative; padding-bottom: 56.25%; height: 0; overflow: hidden; margin: 20px 0;'>   <\/div>\n<\/p><\/div>\n<\/p><\/div>\n","protected":false},"excerpt":{"rendered":"<p>Adaptador TwistPort de 5180-6400 MHz para modelos Cambium: EPMP-3KL, FORCE300-CSM, ePMP-5C, ePMP-5GPS, ePMP-6GPS, ePMP-5GL<\/p>\n","protected":false},"featured_media":78307,"comment_status":"open","ping_status":"closed","template":"","meta":[],"product_brand":[],"product_cat":[1983],"product_tag":[93,1404,1988],"class_list":{"0":"post-78308","1":"product","2":"type-product","3":"status-publish","4":"has-post-thumbnail","6":"product_cat-accesorios-antenas-redes-e-it","7":"product_tag-accesorios","8":"product_tag-antenas","9":"product_tag-rf-elements","11":"first","12":"instock","13":"sale","14":"shipping-taxable","15":"purchasable","16":"product-type-simple"},"_links":{"self":[{"href":"https:\/\/soydeaqui.ddns.net\/pachuca\/index.php\/wp-json\/wp\/v2\/product\/78308","targetHints":{"allow":["GET"]}}],"collection":[{"href":"https:\/\/soydeaqui.ddns.net\/pachuca\/index.php\/wp-json\/wp\/v2\/product"}],"about":[{"href":"https:\/\/soydeaqui.ddns.net\/pachuca\/index.php\/wp-json\/wp\/v2\/types\/product"}],"replies":[{"embeddable":true,"href":"https:\/\/soydeaqui.ddns.net\/pachuca\/index.php\/wp-json\/wp\/v2\/comments?post=78308"}],"wp:featuredmedia":[{"embeddable":true,"href":"https:\/\/soydeaqui.ddns.net\/pachuca\/index.php\/wp-json\/wp\/v2\/media\/78307"}],"wp:attachment":[{"href":"https:\/\/soydeaqui.ddns.net\/pachuca\/index.php\/wp-json\/wp\/v2\/media?parent=78308"}],"wp:term":[{"taxonomy":"product_brand","embeddable":true,"href":"https:\/\/soydeaqui.ddns.net\/pachuca\/index.php\/wp-json\/wp\/v2\/product_brand?post=78308"},{"taxonomy":"product_cat","embeddable":true,"href":"https:\/\/soydeaqui.ddns.net\/pachuca\/index.php\/wp-json\/wp\/v2\/product_cat?post=78308"},{"taxonomy":"product_tag","embeddable":true,"href":"https:\/\/soydeaqui.ddns.net\/pachuca\/index.php\/wp-json\/wp\/v2\/product_tag?post=78308"}],"curies":[{"name":"wp","href":"https:\/\/api.w.org\/{rel}","templated":true}]}}