{"id":78263,"date":"2026-03-19T16:34:22","date_gmt":"2026-03-19T16:34:22","guid":{"rendered":"https:\/\/soydeaqui.ddns.net\/pachuca\/index.php\/producto\/transceptor-mini-gbic-sfp-10-g-distancia-20-km-bi-direccional-conector-lc-monomodo-2\/"},"modified":"2026-03-19T16:34:24","modified_gmt":"2026-03-19T16:34:24","slug":"transceptor-mini-gbic-sfp-10-g-distancia-20-km-bi-direccional-conector-lc-monomodo-2","status":"publish","type":"product","link":"https:\/\/soydeaqui.ddns.net\/pachuca\/index.php\/producto\/transceptor-mini-gbic-sfp-10-g-distancia-20-km-bi-direccional-conector-lc-monomodo-2\/","title":{"rendered":"Transceptor Mini-GBIC SFP+ 10 G \/ Distancia 20 KM \/ Bi-Direccional \/ Conector LC \/ Monomodo"},"content":{"rendered":"<div style='width: 100%; max-width: 1200px; margin: 0 auto; font-family: sans-serif; line-height: 1.6; color: inherit; background-color: transparent;'>\n<p style='text-align: center;'><img style='width: 45%; height: auto; border: 1px solid rgba(150&comma;150&comma;150&comma;0.3); border-radius: 8px;' src='https:\/\/ftp3.syscom.mx\/usuarios\/jsosa\/HIKVISION\/imagenes\/logo\/hikvision%20see%20far.png' alt=''><\/p>\n<p> <!-- Secci\u00f3n de caracter\u00edsticas --> <\/p>\n<div style='display: flex; flex-wrap: wrap; gap: 30px; margin-bottom: 30px;'>\n<div style='flex: 1 1 300px; min-width: 280px;'>\n<h3 style='font-size: 22px; border-bottom: 2px solid currentColor; padding-bottom: 5px; margin-top: 0; color: inherit; opacity: 0.8;'>Caracter\u00edsticas principales<\/h3>\n<ul style='padding-left: 20px; font-size: 15px; color: inherit;'>\n<li style='margin-bottom: 5px;'>Fuente de alimentaci\u00f3n 3.3V<\/li>\n<li style='margin-bottom: 5px;'>Bi-Direccional&comma; conector LC<\/li>\n<li style='margin-bottom: 5px;'>Cumple con el est\u00e1ndar ROHS<\/li>\n<li style='margin-bottom: 5px;'>Soluci\u00f3n SFP rentable&comma; permite mayores densidades de puertos y mayor ancho de banda<\/li>\n<li style='margin-bottom: 5px;'>Soporta 10G Ethernet<\/li>\n<li style='margin-bottom: 5px;'>Usar para switches Hikvision&comma; no se asegura compatibilidad con otras marcas<\/li>\n<\/ul><\/div>\n<div style='flex: 1 1 300px; min-width: 280px;'>\n<h3 style='font-size: 22px; border-bottom: 2px solid currentColor; padding-bottom: 5px; margin-top: 0; color: inherit; opacity: 0.8;'>Caracter\u00edsticas F\u00edsicas y El\u00e9ctricas<\/h3>\n<ul style='padding-left: 20px; font-size: 15px; color: inherit;'>\n<li style='margin-bottom: 5px;'>Tipo de Fibra: SMF&comma; Single fiber&comma; 9\/125um<\/li>\n<li style='margin-bottom: 5px;'>Tipo de Puerto: LC<\/li>\n<li style='margin-bottom: 5px;'>Tasa de Dato: 10 Gbps<\/li>\n<li style='margin-bottom: 5px;'>Distancia de transmisi\u00f3n m\u00e1xima: 20 Km<\/li>\n<li style='margin-bottom: 5px;'>Longitud de Onda: Tx1270nm \/ Rx1330nm<\/li>\n<li style='margin-bottom: 5px;'>Temperatura de Operaci\u00f3n: 0\u00b0C a 70\u00b0C<\/li>\n<li style='margin-bottom: 5px;'>Tx Power -3a2 dBm<\/li>\n<li style='margin-bottom: 5px;'>RX Sens (Max) -12.4 dBm<\/li>\n<\/ul><\/div>\n<\/p><\/div>\n<p> <!-- Requisito de modelo --> <\/p>\n<div style='margin: 30px 0;'>\n<p style='margin: 0 0 10px 0;'>Para su funcionamiento requiere el modelo:<\/p>\n<div style='padding: 15px; border-left: 4px solid #337ab7; background-color: rgba(51&comma; 122&comma; 183&comma; 0.05); font-weight: 500; font-size: 14px; color: #337ab7;'> HKSFP+10G201330 <\/div>\n<\/p><\/div>\n<p> <!-- Imagen final --> <\/p>\n<div style='margin: 30px 0;'> <img style='width: 100%; height: auto; border: 1px solid rgba(150&comma;150&comma;150&comma;0.3); border-radius: 8px;' src='https:\/\/ftp3.syscom.mx\/usuarios\/jsosa\/HIKVISION\/imagenes\/banners\/solution%20complete.png' alt=''> <\/div>\n<\/p><\/div>\n","protected":false},"excerpt":{"rendered":"<p>Transceptor Mini-GBIC SFP+ 10 G \/ Distancia 20 KM \/ Bi-Direccional \/ Conector LC \/ Monomodo<\/p>\n","protected":false},"featured_media":78262,"comment_status":"open","ping_status":"closed","template":"","meta":[],"product_brand":[],"product_cat":[663],"product_tag":[54,664,665],"class_list":{"0":"post-78263","1":"product","2":"type-product","3":"status-publish","4":"has-post-thumbnail","6":"product_cat-transceptores-de-fibra","7":"product_tag-hikvision","8":"product_tag-networking","9":"product_tag-transceptores-de-fibra","11":"first","12":"outofstock","13":"sale","14":"shipping-taxable","15":"purchasable","16":"product-type-simple"},"_links":{"self":[{"href":"https:\/\/soydeaqui.ddns.net\/pachuca\/index.php\/wp-json\/wp\/v2\/product\/78263","targetHints":{"allow":["GET"]}}],"collection":[{"href":"https:\/\/soydeaqui.ddns.net\/pachuca\/index.php\/wp-json\/wp\/v2\/product"}],"about":[{"href":"https:\/\/soydeaqui.ddns.net\/pachuca\/index.php\/wp-json\/wp\/v2\/types\/product"}],"replies":[{"embeddable":true,"href":"https:\/\/soydeaqui.ddns.net\/pachuca\/index.php\/wp-json\/wp\/v2\/comments?post=78263"}],"wp:featuredmedia":[{"embeddable":true,"href":"https:\/\/soydeaqui.ddns.net\/pachuca\/index.php\/wp-json\/wp\/v2\/media\/78262"}],"wp:attachment":[{"href":"https:\/\/soydeaqui.ddns.net\/pachuca\/index.php\/wp-json\/wp\/v2\/media?parent=78263"}],"wp:term":[{"taxonomy":"product_brand","embeddable":true,"href":"https:\/\/soydeaqui.ddns.net\/pachuca\/index.php\/wp-json\/wp\/v2\/product_brand?post=78263"},{"taxonomy":"product_cat","embeddable":true,"href":"https:\/\/soydeaqui.ddns.net\/pachuca\/index.php\/wp-json\/wp\/v2\/product_cat?post=78263"},{"taxonomy":"product_tag","embeddable":true,"href":"https:\/\/soydeaqui.ddns.net\/pachuca\/index.php\/wp-json\/wp\/v2\/product_tag?post=78263"}],"curies":[{"name":"wp","href":"https:\/\/api.w.org\/{rel}","templated":true}]}}