{"id":78261,"date":"2026-03-19T16:34:18","date_gmt":"2026-03-19T16:34:18","guid":{"rendered":"https:\/\/soydeaqui.ddns.net\/pachuca\/index.php\/producto\/transceptor-mini-gbic-sfp-10-g-distancia-20-km-bi-direccional-conector-lc-monomodo\/"},"modified":"2026-03-19T16:34:20","modified_gmt":"2026-03-19T16:34:20","slug":"transceptor-mini-gbic-sfp-10-g-distancia-20-km-bi-direccional-conector-lc-monomodo","status":"publish","type":"product","link":"https:\/\/soydeaqui.ddns.net\/pachuca\/index.php\/producto\/transceptor-mini-gbic-sfp-10-g-distancia-20-km-bi-direccional-conector-lc-monomodo\/","title":{"rendered":"Transceptor Mini-GBIC SFP+ 10 G \/ Distancia 20 KM \/ Bi-Direccional \/ Conector LC \/ Monomodo"},"content":{"rendered":"<div style='width: 100%; max-width: 1200px; margin: 0 auto; font-family: sans-serif; line-height: 1.6; color: inherit; background-color: transparent;'>\n<p style='text-align: center;'><img style='width: 45%; height: auto; border: 1px solid rgba(150&comma;150&comma;150&comma;0.3); border-radius: 8px;' src='https:\/\/ftp3.syscom.mx\/usuarios\/jsosa\/HIKVISION\/imagenes\/logo\/hikvision%20see%20far.png' alt=''><\/p>\n<div style='display: flex; flex-wrap: wrap; gap: 30px; margin-top: 30px; margin-bottom: 30px;'>\n<div style='flex: 1 1 300px; min-width: 280px;'>\n<h3 style='font-size: 22px; border-bottom: 2px solid currentColor; padding-bottom: 5px; margin-top: 0; color: inherit; opacity: 0.8;'>Caracter\u00edsticas principales<\/h3>\n<ul style='padding-left: 20px; font-size: 15px; color: inherit;'>\n<li style='margin-bottom: 5px;'><span style='font-family: inherit;'>Fuente de alimentaci\u00f3n 3.3V<\/span><\/li>\n<li style='margin-bottom: 5px;'><span style='font-family: inherit;'>Bi-Direccional&comma; conector LC<\/span><\/li>\n<li style='margin-bottom: 5px;'><span style='font-family: inherit;'>Cumple con el est\u00e1ndar ROHS<\/span><\/li>\n<li style='margin-bottom: 5px;'><span style='font-family: inherit;'>Soluci\u00f3n SFP rentable&comma; permite mayores densidades de puertos y mayor ancho de banda<\/span><\/li>\n<li style='margin-bottom: 5px;'><span style='font-family: inherit;'>Soporta 10G Ethernet<\/span><\/li>\n<li style='margin-bottom: 5px;'><span style='font-family: inherit;'>Usar para switches Hikvision&comma; no se asegura compatibilidad con otras marcas<\/span><\/li>\n<\/ul><\/div>\n<div style='flex: 1 1 300px; min-width: 280px;'>\n<h3 style='font-size: 22px; border-bottom: 2px solid currentColor; padding-bottom: 5px; margin-top: 0; color: inherit; opacity: 0.8;'>Caracter\u00edsticas F\u00edsicas y El\u00e9ctricas<\/h3>\n<ul style='padding-left: 20px; font-size: 15px; color: inherit;'>\n<li style='margin-bottom: 5px;'><span style='font-family: inherit;'>Tipo de Fibra: SMF&comma; Single fiber&comma; 9\/125um<\/span><\/li>\n<li style='margin-bottom: 5px;'><span style='font-family: inherit;'>Tipo de Puerto: LC<\/span><\/li>\n<li style='margin-bottom: 5px;'><span style='font-family: inherit;'>Tasa de Dato: 10 Gbps<\/span><\/li>\n<li style='margin-bottom: 5px;'><span style='font-family: inherit;'>Distancia de transmisi\u00f3n m\u00e1xima: 20 Km<\/span><\/li>\n<li style='margin-bottom: 5px;'><span style='font-family: inherit;'>Longitud de Onda: Tx1330nm \/ Rx1270nm<\/span><\/li>\n<li style='margin-bottom: 5px;'><span style='font-family: inherit;'>Temperatura de Operaci\u00f3n: 0\u00b0C a 70\u00b0C<\/span><\/li>\n<li style='margin-bottom: 5px;'><span style='font-family: inherit;'>Tx Power -3a2 dBm<\/span><\/li>\n<li style='margin-bottom: 5px;'><span style='font-family: inherit;'>RX Sens (Max) -12.4 dBm<\/span><\/li>\n<\/ul><\/div>\n<\/p><\/div>\n<div style='margin: 30px 0;'>\n<p style='margin-bottom: 10px;'><span style='font-family: inherit;'>Para su funcionamiento requiere el modelo:<\/span><\/p>\n<div style='padding: 15px; border-left: 5px solid #ff0000; border-radius: 5px; box-shadow: 2px 2px 10px rgba(216&comma; 216&comma; 216&comma; 0.4); -webkit-box-shadow: 2px 2px 10px rgba(216&comma; 216&comma; 216&comma; 0.4); font-size: 14px; color: #337ab7; font-weight: 500; background-color: #f7f7f7;'> HKSFP+10G201270 <\/div>\n<\/p><\/div>\n<p style='text-align: center;'><img style='width: 100%; height: auto; border: 1px solid rgba(150&comma;150&comma;150&comma;0.3); border-radius: 8px;' src='https:\/\/ftp3.syscom.mx\/usuarios\/jsosa\/HIKVISION\/imagenes\/banners\/solution%20complete.png' alt=''><\/p>\n<\/p><\/div>\n","protected":false},"excerpt":{"rendered":"<p>Transceptor Mini-GBIC SFP+ 10 G \/ Distancia 20 KM \/ Bi-Direccional \/ Conector LC \/ Monomodo<\/p>\n","protected":false},"featured_media":78260,"comment_status":"open","ping_status":"closed","template":"","meta":[],"product_brand":[],"product_cat":[663],"product_tag":[54,664,665],"class_list":{"0":"post-78261","1":"product","2":"type-product","3":"status-publish","4":"has-post-thumbnail","6":"product_cat-transceptores-de-fibra","7":"product_tag-hikvision","8":"product_tag-networking","9":"product_tag-transceptores-de-fibra","11":"first","12":"outofstock","13":"sale","14":"shipping-taxable","15":"purchasable","16":"product-type-simple"},"_links":{"self":[{"href":"https:\/\/soydeaqui.ddns.net\/pachuca\/index.php\/wp-json\/wp\/v2\/product\/78261","targetHints":{"allow":["GET"]}}],"collection":[{"href":"https:\/\/soydeaqui.ddns.net\/pachuca\/index.php\/wp-json\/wp\/v2\/product"}],"about":[{"href":"https:\/\/soydeaqui.ddns.net\/pachuca\/index.php\/wp-json\/wp\/v2\/types\/product"}],"replies":[{"embeddable":true,"href":"https:\/\/soydeaqui.ddns.net\/pachuca\/index.php\/wp-json\/wp\/v2\/comments?post=78261"}],"wp:featuredmedia":[{"embeddable":true,"href":"https:\/\/soydeaqui.ddns.net\/pachuca\/index.php\/wp-json\/wp\/v2\/media\/78260"}],"wp:attachment":[{"href":"https:\/\/soydeaqui.ddns.net\/pachuca\/index.php\/wp-json\/wp\/v2\/media?parent=78261"}],"wp:term":[{"taxonomy":"product_brand","embeddable":true,"href":"https:\/\/soydeaqui.ddns.net\/pachuca\/index.php\/wp-json\/wp\/v2\/product_brand?post=78261"},{"taxonomy":"product_cat","embeddable":true,"href":"https:\/\/soydeaqui.ddns.net\/pachuca\/index.php\/wp-json\/wp\/v2\/product_cat?post=78261"},{"taxonomy":"product_tag","embeddable":true,"href":"https:\/\/soydeaqui.ddns.net\/pachuca\/index.php\/wp-json\/wp\/v2\/product_tag?post=78261"}],"curies":[{"name":"wp","href":"https:\/\/api.w.org\/{rel}","templated":true}]}}