{"id":78217,"date":"2026-03-19T16:32:32","date_gmt":"2026-03-19T16:32:32","guid":{"rendered":"https:\/\/soydeaqui.ddns.net\/pachuca\/index.php\/producto\/switch-wisp-fttx-con-7-puertos-poe-inverso-de-24v-pasivo-poe-in-1-puerto-poe-out-de-24v-2-sfp-integrado-con-gabinete-nema-ip67-para-exterior\/"},"modified":"2026-03-19T16:32:41","modified_gmt":"2026-03-19T16:32:41","slug":"switch-wisp-fttx-con-7-puertos-poe-inverso-de-24v-pasivo-poe-in-1-puerto-poe-out-de-24v-2-sfp-integrado-con-gabinete-nema-ip67-para-exterior","status":"publish","type":"product","link":"https:\/\/soydeaqui.ddns.net\/pachuca\/index.php\/producto\/switch-wisp-fttx-con-7-puertos-poe-inverso-de-24v-pasivo-poe-in-1-puerto-poe-out-de-24v-2-sfp-integrado-con-gabinete-nema-ip67-para-exterior\/","title":{"rendered":"Switch WISP\/FTTx con 7 puertos PoE inverso de 24V Pasivo (PoE in), 1 puerto PoE out de 24V + 2 SFP, Integrado con Gabinete NEMA IP67 para exterior"},"content":{"rendered":"<div style='width: 100%; max-width: 1200px; margin: 0 auto; font-family: sans-serif; line-height: 1.6; color: inherit; background-color: transparent;'>\n<div style='width: 100%; padding: 15px 0;'>\n<div style='text-align: center;'>\n<h2 style='margin-top: 0; margin-bottom: 10px; font-size: 24px; color: inherit; opacity: 0.9;'>Tecnolog\u00eda PoE Inverso<\/h2>\n<p style='font-size: 18px; color: inherit; opacity: 0.8; margin-bottom: 20px;'>La tecnolog\u00eda Wi-Tek Reverse PoE tiene caracter\u00edsticas inteligentes de administraci\u00f3n de energ\u00eda para proporcionar una soluci\u00f3n PoE exterior centralizada e ininterrumpida para proyectos FTTx ISP \/ WISP.<\/p>\n<\/p><\/div>\n<div style='display: flex; flex-wrap: wrap; gap: 30px; margin-top: 20px;'> <!-- Caracter\u00edsticas principales --> <\/p>\n<div style='flex: 1 1 300px; min-width: 280px;'>\n<div style='border: 1px solid rgba(150&comma; 150&comma; 150&comma; 0.4); border-radius: 8px; overflow: hidden;'>\n<div style='padding: 15px; border-bottom: 1px solid rgba(150&comma; 150&comma; 150&comma; 0.2); font-weight: bold; font-size: 18px; color: inherit; background-color: rgba(244&comma; 70&comma; 17&comma; 0.05);'>Caracter\u00edsticas principales:<\/div>\n<div style='padding: 15px; color: inherit;'>\n<ul style='padding-left: 20px; margin: 0; font-size: 14px; list-style-type: disc;'>\n<li style='margin-bottom: 5px;'><strong>Dimensiones:<\/strong> 330 x 290 x 130 mm (largo * ancho * alto)<\/li>\n<li style='margin-bottom: 5px;'><strong>No administrable<\/strong><\/li>\n<li style='margin-bottom: 5px;'><strong>Consumo m\u00e1ximo sin PoE:<\/strong> -W<\/li>\n<li style='margin-bottom: 5px;'><strong>Funci\u00f3n VLAN<\/strong> (Aislamiento de puertos)<\/li>\n<li style='margin-bottom: 5px;'><strong>Fuente de alimentaci\u00f3n:<\/strong> 12 Vcc<\/li>\n<li style='margin-bottom: 5px;'><strong>Temperatura de Operaci\u00f3n:<\/strong> -10 a 55\u00b0 C<\/li>\n<li style='margin-bottom: 5px;'><strong>Certificaciones:<\/strong> CE&comma; FCC&comma; RoHS<\/li>\n<\/ul><\/div>\n<\/p><\/div>\n<\/p><\/div>\n<p> <!-- Caracter\u00edsticas de Red --> <\/p>\n<div style='flex: 1 1 300px; min-width: 280px;'>\n<div style='border: 1px solid rgba(150&comma; 150&comma; 150&comma; 0.4); border-radius: 8px; overflow: hidden;'>\n<div style='padding: 15px; border-bottom: 1px solid rgba(150&comma; 150&comma; 150&comma; 0.2); font-weight: bold; font-size: 18px; color: inherit; background-color: rgba(244&comma; 70&comma; 17&comma; 0.05);'>Caracter\u00edsticas de Red:<\/div>\n<div style='padding: 15px; color: inherit;'>\n<ul style='padding-left: 20px; margin: 0; font-size: 14px; list-style-type: disc;'>\n<li style='margin-bottom: 5px;'><strong>7 Puertos RJ45 Gigabit PoE in<\/strong><\/li>\n<li style='margin-bottom: 5px;'><strong>1 Puertos RJ45 Gigabit PoE out<\/strong><\/li>\n<li style='margin-bottom: 5px;'><strong>2 Puertos SFP Gigabit<\/strong><\/li>\n<li style='margin-bottom: 5px;'><strong>Puertos 1-7:<\/strong> PoE in 24 Vcc<\/li>\n<li style='margin-bottom: 5px;'><strong>Puerto 8:<\/strong> PoE out 24 Vcc 1A<\/li>\n<li style='margin-bottom: 5px;'><strong>Bandwidth:<\/strong> 20Gbps<\/li>\n<li style='margin-bottom: 5px;'><strong>Packet Forwarding Rate:<\/strong> 14.9Mpps<\/li>\n<li style='margin-bottom: 5px;'><strong>Packet Buffer Memory:<\/strong> 1.5Mb<\/li>\n<\/ul><\/div>\n<\/p><\/div>\n<\/p><\/div>\n<p> <!-- Contenido del paquete --> <\/p>\n<div style='flex: 1 1 300px; min-width: 280px;'>\n<div style='border: 1px solid rgba(150&comma; 150&comma; 150&comma; 0.4); border-radius: 8px; overflow: hidden;'>\n<div style='padding: 15px; border-bottom: 1px solid rgba(150&comma; 150&comma; 150&comma; 0.2); font-weight: bold; font-size: 18px; color: inherit; background-color: rgba(244&comma; 70&comma; 17&comma; 0.05);'>Contenido del paquete:<\/div>\n<div style='padding: 15px; color: inherit;'>\n<ul style='padding-left: 20px; margin: 0; font-size: 14px; list-style-type: disc;'>\n<li style='margin-bottom: 5px;'>Tablilla Switch<\/li>\n<li style='margin-bottom: 5px;'>Gabinete IP67<\/li>\n<li style='margin-bottom: 5px;'>Montaje en poste<\/li>\n<li style='margin-bottom: 5px;'>Hoja de Garant\u00eda<\/li>\n<li style='margin-bottom: 5px;'>Gu\u00eda de inicio r\u00e1pido<\/li>\n<\/ul><\/div>\n<\/p><\/div>\n<\/p><\/div>\n<\/p><\/div>\n<p> <!-- Secci\u00f3n de im\u00e1genes --> <\/p>\n<div style='width: 100%; margin-top: 30px;'>\n<h3 style='margin-top: 0; margin-bottom: 15px; font-size: 20px; color: inherit; opacity: 0.85;'>Energ\u00eda del dispositivo<\/h3>\n<div style='margin-bottom: 30px;'> <img style='width: 100%; height: auto; border: 1px solid rgba(150&comma;150&comma;150&comma;0.3); border-radius: 8px;' src='https:\/\/ftp3.syscom.mx\/usuarios\/fotos\/WIPS310GFRO\/170797-diagrama_en_blanco1.png' alt='Diagrama de energ\u00eda del dispositivo'> <\/div>\n<div style='margin-bottom: 30px;'> <img style='width: 100%; height: auto; border: 1px solid rgba(150&comma;150&comma;150&comma;0.3); border-radius: 8px;' src='https:\/\/ftp3.syscom.mx\/usuarios\/fotos\/WIPS310GFRO\/170797-wips310gfro_(8).png' alt='Vista exterior del Switch WIPS310GFRO'> <\/div>\n<div style='margin-bottom: 30px;'> <img style='width: 100%; height: auto; border: 1px solid rgba(150&comma;150&comma;150&comma;0.3); border-radius: 8px;' src='https:\/\/ftp3.syscom.mx\/usuarios\/fotos\/WIPS310GFRO\/170797-wips310gfro_(6).png' alt='Detalles del gabinete NEMA IP67'> <\/div>\n<\/p><\/div>\n<\/p><\/div>\n<\/p><\/div>\n","protected":false},"excerpt":{"rendered":"<p>Switch WISP\/FTTx con 7 puertos PoE inverso de 24V Pasivo (PoE in), 1 puerto PoE out de 24V + 2 SFP, Integrado con Gabinete NEMA IP67 para exterior<\/p>\n","protected":false},"featured_media":78216,"comment_status":"open","ping_status":"closed","template":"","meta":[],"product_brand":[],"product_cat":[1986],"product_tag":[664,1987,1262],"class_list":{"0":"post-78217","1":"product","2":"type-product","3":"status-publish","4":"has-post-thumbnail","6":"product_cat-switches-poe","7":"product_tag-networking","8":"product_tag-switches-poe","9":"product_tag-wi-tek","11":"first","12":"instock","13":"sale","14":"shipping-taxable","15":"purchasable","16":"product-type-simple"},"_links":{"self":[{"href":"https:\/\/soydeaqui.ddns.net\/pachuca\/index.php\/wp-json\/wp\/v2\/product\/78217","targetHints":{"allow":["GET"]}}],"collection":[{"href":"https:\/\/soydeaqui.ddns.net\/pachuca\/index.php\/wp-json\/wp\/v2\/product"}],"about":[{"href":"https:\/\/soydeaqui.ddns.net\/pachuca\/index.php\/wp-json\/wp\/v2\/types\/product"}],"replies":[{"embeddable":true,"href":"https:\/\/soydeaqui.ddns.net\/pachuca\/index.php\/wp-json\/wp\/v2\/comments?post=78217"}],"wp:featuredmedia":[{"embeddable":true,"href":"https:\/\/soydeaqui.ddns.net\/pachuca\/index.php\/wp-json\/wp\/v2\/media\/78216"}],"wp:attachment":[{"href":"https:\/\/soydeaqui.ddns.net\/pachuca\/index.php\/wp-json\/wp\/v2\/media?parent=78217"}],"wp:term":[{"taxonomy":"product_brand","embeddable":true,"href":"https:\/\/soydeaqui.ddns.net\/pachuca\/index.php\/wp-json\/wp\/v2\/product_brand?post=78217"},{"taxonomy":"product_cat","embeddable":true,"href":"https:\/\/soydeaqui.ddns.net\/pachuca\/index.php\/wp-json\/wp\/v2\/product_cat?post=78217"},{"taxonomy":"product_tag","embeddable":true,"href":"https:\/\/soydeaqui.ddns.net\/pachuca\/index.php\/wp-json\/wp\/v2\/product_tag?post=78217"}],"curies":[{"name":"wp","href":"https:\/\/api.w.org\/{rel}","templated":true}]}}