{"id":78026,"date":"2026-03-19T16:24:45","date_gmt":"2026-03-19T16:24:45","guid":{"rendered":"https:\/\/soydeaqui.ddns.net\/pachuca\/index.php\/producto\/kit-con-mastil-telescopico-de-6-m-con-accesorios-de-instalacion-no-incluye-retenida\/"},"modified":"2026-03-19T16:24:46","modified_gmt":"2026-03-19T16:24:46","slug":"kit-con-mastil-telescopico-de-6-m-con-accesorios-de-instalacion-no-incluye-retenida","status":"publish","type":"product","link":"https:\/\/soydeaqui.ddns.net\/pachuca\/index.php\/producto\/kit-con-mastil-telescopico-de-6-m-con-accesorios-de-instalacion-no-incluye-retenida\/","title":{"rendered":"Kit con M\u00e1stil Telesc\u00f3pico de 6 m con Accesorios de Instalaci\u00f3n (No incluye retenida)."},"content":{"rendered":"<div style='width: 100%; max-width: 1200px; margin: 0 auto; font-family: sans-serif; line-height: 1.6; color: inherit; background-color: transparent;'> <!-- Secci\u00f3n de contenido --> <\/p>\n<div style='margin-bottom: 30px;'>\n<p style='margin: 0 0 15px 0;'>El kit incluye los siguientes componentes:<\/p>\n<p> <!-- Tabla transformada a grid --> <\/p>\n<div style='display: grid; grid-template-columns: repeat(auto-fit&comma; minmax(280px&comma; 1fr)); gap: 15px; margin-bottom: 20px;'>\n<div style='border: 1px solid rgba(150&comma;150&comma;150&comma;0.3); border-radius: 8px; overflow: hidden;'>\n<div style='padding: 12px; background-color: rgba(150&comma;150&comma;150&comma;0.1); font-weight: bold; color: inherit; border-bottom: 1px solid rgba(150&comma;150&comma;150&comma;0.3);'>Componentes del Kit<\/div>\n<div style='padding: 15px;'>\n<ul style='padding-left: 20px; margin: 0; list-style-type: disc; color: inherit; font-size: 14px;'>\n<li style='margin-bottom: 8px;'>1 pza. <a href='http:\/\/www.syscom.mx\/producto\/SLM6-SYSCOM-30252.html' style='color: inherit; text-decoration: underline;'>SLM6<\/a> &#8211; Juego de m\u00e1stil telesc\u00f3pico de para altura de 6m. Incluye: Secci\u00f3n 3m de 1 1\/4&#8217;&comma; secci\u00f3n 3m de 1 1\/2m<\/li>\n<li style='margin-bottom: 8px;'>1 pza. <a href='https:\/\/www.syscom.mx\/principal\/searchcont?route=SLM-BA-5G-SYSCOM-TOWERS-162868&#038;autodetect=slmba5g' style='color: inherit; text-decoration: underline;'>SLM-BA-5G<\/a> &#8211; Base con opresores para m\u00e1stil galvanizado en caliente.<\/li>\n<li style='margin-bottom: 8px;'>2 pza. <a href='http:\/\/www.syscom.mx\/producto\/SLMBR-SYSCOM-72130.html' style='color: inherit; text-decoration: underline;'>SLMBR<\/a> &#8211; Bracket para m\u00e1stil para sujeci\u00f3n de retenida.<\/li>\n<li style='margin-bottom: 8px;'>3 pzas. <a href='https:\/\/www.syscom.mx\/principal\/searchcont?route=SLM-ANG-2G-SYSCOM-TOWERS-162870&#038;autodetect=SLM-ANG' style='color: inherit; text-decoration: underline;'>SLM-ANG-2G<\/a> &#8211; Anclaje de placa para concreto galvanizado en caliente.<\/li>\n<li style='margin-bottom: 8px;'>12 pzas. <a href='https:\/\/www.syscom.mx\/producto\/CUELLO-14-HDG-SYSCOM-TOWERS-199560.html' target='_blank' rel='noopener' style='color: inherit; text-decoration: underline;'>CUELLO-14HDG<\/a> &#8211; Cuello para cable de Retenida.<\/li>\n<li style='margin-bottom: 8px;'>24 pzas. <a href='https:\/\/www.syscom.mx\/producto\/NUDO-316-FJG-SYSCOM-TOWERS-199580.html' target='_blank' rel='noopener' style='color: inherit; text-decoration: underline;'>NUDO316FJG<\/a> &#8211; Nudo para cable de retenida<\/li>\n<\/ul><\/div>\n<\/p><\/div>\n<\/p><\/div>\n<p> <!-- Notas importantes --> <\/p>\n<div style='margin-bottom: 20px; padding: 15px; border-left: 4px solid rgba(255&comma;0&comma;0&comma;0.5); background-color: rgba(255&comma;0&comma;0&comma;0.05); color: inherit;'>\n<p style='margin: 0 0 10px 0; font-weight: bold; color: inherit;'>No incluye cable de retenida&comma; se recomiendan 50 metros de retenida de 1\/8&#8242;<\/p>\n<p style='margin: 0 0 10px 0; color: inherit;'>&#8211; <a href='https:\/\/www.syscom.mx\/producto\/S-RET-318-SYSCOM-31076.html' style='color: inherit; text-decoration: underline;'>SRET-318<\/a> o<\/p>\n<p style='margin: 0; color: inherit;'>&#8211; <a href='https:\/\/www.syscom.mx\/producto\/SRET318CAM-SYSCOM-151126.html' style='color: inherit; text-decoration: underline;'>SRET-318-CAM<\/a><\/p>\n<\/p><\/div>\n<p> <!-- Nota t\u00e9cnica --> <\/p>\n<div style='margin-bottom: 20px;'>\n<h3 style='font-size: 18px; border-bottom: 2px solid currentColor; padding-bottom: 5px; margin-top: 0; margin-bottom: 10px; color: inherit; opacity: 0.8;'>Nota t\u00e9cnica<\/h3>\n<p style='margin: 0 0 10px 0; color: inherit;'>Se pueden utilizar 6 piezas de tensores para facilitar el ajuste del cable modelo <a href='https:\/\/www.syscom.mx\/producto\/TENL1\/4OGJ-SYSCOM-TOWERS-210169.html' target='_blank' rel='noopener' style='color: inherit; text-decoration: underline;'>TENL-1\/4OGJ<\/a> (No incluidos).<\/p>\n<p style='margin: 0 0 10px 0; color: inherit;'>Las bases no incluyen taquetes. Pueden variar seg\u00fan el tipo de suelo. Por ejemplo para concreto se pueden utilizar 6 taquetes <a href='https:\/\/www.syscom.mx\/producto\/ANC-Z-38T-ANCLO-186942.html' style='color: inherit; text-decoration: underline;'>ANC-Z-38T<\/a> (No incluidos) para las anclas tipo aleta y para la base 3 piezas del <a href='https:\/\/www.syscom.mx\/producto\/ANC-AA-38-300-ANCLO-186961.html' style='color: inherit; text-decoration: underline;'>ANC-AA-38-300<\/a> (No incluidos).<\/p>\n<p style='margin: 0 0 10px 0; color: inherit;'>Se recomienda para elevaci\u00f3n de equipos livianos (5 Kg o menor) y antenas de baja superficie de arrastre (30cm de di\u00e1metro o inferiores).<\/p>\n<ul style='padding-left: 20px; margin: 10px 0; color: inherit;'>\n<li style='margin-bottom: 5px;'>Todo m\u00e1stil debe ser sujeto con retenida o al menos alambre galvanizado de un buen calibre.<\/li>\n<li style='margin-bottom: 5px;'>No se debe de escalar directamente ni apoyar escaleras sobre este m\u00e1stil telesc\u00f3pico.<\/li>\n<li style='margin-bottom: 5px;'>Para el ajuste de equipo instalado en dicho m\u00e1stil se recomienda usar escalera tipo escalera o andamios&comma; \u00e9sto en su posici\u00f3n retraida a la altura m\u00ednima de 3 metros correspondiente a la primer secci\u00f3n.<\/li>\n<\/ul><\/div>\n<p> <!-- Recomendaci\u00f3n de instalaci\u00f3n --> <\/p>\n<div style='margin-bottom: 20px;'>\n<h3 style='font-size: 18px; border-bottom: 2px solid currentColor; padding-bottom: 5px; margin-top: 0; margin-bottom: 15px; color: inherit; opacity: 0.8;'>Recomendaci\u00f3n de instalaci\u00f3n<\/h3>\n<p> <img style='width: 100%; height: auto; border: 1px solid rgba(150&comma;150&comma;150&comma;0.3); border-radius: 8px; margin-bottom: 15px;' src='http:\/\/ftp3.syscom.mx\/usuarios\/dcarreon\/TORRES\/ARRIOSTRADAS\/PRODUCTOS\/SLM6\/RECOMENDACION%20SLM6.png' alt='Recomendaci\u00f3n de instalaci\u00f3n'> <\/p>\n<p style='margin: 0 0 10px 0; color: inherit;'>Revise que la superficie es plana y tiene rigidez&comma; se recomienda la instalaci\u00f3n sobre concreto a trav\u00e9s de taquetes expansivos.<\/p>\n<p style='margin: 0 0 10px 0; color: inherit;'>Se recomienda extender el m\u00e1stil una vez instalado en su base (posici\u00f3n vertical) y con las respectivos tirantes preinstalados para r\u00e1pido tensado.<\/p>\n<p style='margin: 0 0 10px 0; color: inherit;'>El tensado final de la retenida es necesario para otorgar rigidez al equipo.<\/p>\n<p style='margin: 0; color: inherit;'>Cuando sea posible el equipo debe ser instalado cuando el m\u00e1stil ya est\u00e9 instalado correctamente.<\/p>\n<\/p><\/div>\n<p> <!-- Im\u00e1genes adicionales --> <\/p>\n<div style='display: grid; grid-template-columns: repeat(auto-fit&comma; minmax(280px&comma; 1fr)); gap: 20px; margin-bottom: 20px;'>\n<div style='display: flex; flex-direction: column; gap: 10px;'> <img style='width: 100%; height: auto; border: 1px solid rgba(150&comma;150&comma;150&comma;0.3); border-radius: 8px;' src='http:\/\/ftp3.syscom.mx\/usuarios\/dcarreon\/TORRES\/ARRIOSTRADAS\/PRODUCTOS\/SLM3\/INSTALACION%20MASTIL%20UBIQUITI.png' alt='Instalaci\u00f3n m\u00e1stil Ubiquiti'> <\/p>\n<p style='font-size: 14px; color: inherit; opacity: 0.7; margin: 0; text-align: center;'>Instalaci\u00f3n m\u00e1stil Ubiquiti<\/p>\n<\/p><\/div>\n<div style='display: flex; flex-direction: column; gap: 10px;'> <img style='width: 100%; height: auto; border: 1px solid rgba(150&comma;150&comma;150&comma;0.3); border-radius: 8px;' src='http:\/\/ftp3.syscom.mx\/usuarios\/dcarreon\/TORRES\/ARRIOSTRADAS\/PRODUCTOS\/SLMBA\/MASTIL%20ARMADO%20(5).JPG' alt='Bracket de Sujeci\u00f3n de Retenida'> <\/p>\n<p style='font-size: 14px; color: inherit; opacity: 0.7; margin: 0; text-align: center;'>Bracket de Sujeci\u00f3n de Retenida<\/p>\n<\/p><\/div>\n<div style='display: flex; flex-direction: column; gap: 10px;'> <img style='width: 100%; height: auto; border: 1px solid rgba(150&comma;150&comma;150&comma;0.3); border-radius: 8px;' src='http:\/\/ftp3.syscom.mx\/usuarios\/dcarreon\/TORRES\/ARRIOSTRADAS\/PRODUCTOS\/SLMBA\/MASTIL%20ARMADO%20(7).JPG' alt='Uni\u00f3n entre Secciones'> <\/p>\n<p style='font-size: 14px; color: inherit; opacity: 0.7; margin: 0; text-align: center;'>Uni\u00f3n entre Secciones<\/p>\n<\/p><\/div>\n<\/p><\/div>\n<p> <!-- Nota final --> <\/p>\n<div style='margin-bottom: 20px; padding: 15px; background-color: rgba(22&comma;116&comma;204&comma;0.05); border-left: 4px solid rgba(22&comma;116&comma;204&comma;0.5);'>\n<p style='margin: 0; font-size: 16px; font-weight: bold; color: inherit;'>Ideal para Equipo Wireless UBIQUITI o similares.<\/p>\n<\/p><\/div>\n<\/p><\/div>\n<\/p><\/div>\n","protected":false},"excerpt":{"rendered":"<p>Kit con M\u00e1stil Telesc\u00f3pico de 6 m con Accesorios de Instalaci\u00f3n (No incluye retenida).<\/p>\n","protected":false},"featured_media":65054,"comment_status":"open","ping_status":"closed","template":"","meta":[],"product_brand":[],"product_cat":[1792],"product_tag":[1404,1793,733],"class_list":{"0":"post-78026","1":"product","2":"type-product","3":"status-publish","4":"has-post-thumbnail","6":"product_cat-mastiles","7":"product_tag-antenas","8":"product_tag-mastiles","9":"product_tag-syscom-towers","11":"first","12":"instock","13":"sale","14":"shipping-taxable","15":"purchasable","16":"product-type-simple"},"_links":{"self":[{"href":"https:\/\/soydeaqui.ddns.net\/pachuca\/index.php\/wp-json\/wp\/v2\/product\/78026","targetHints":{"allow":["GET"]}}],"collection":[{"href":"https:\/\/soydeaqui.ddns.net\/pachuca\/index.php\/wp-json\/wp\/v2\/product"}],"about":[{"href":"https:\/\/soydeaqui.ddns.net\/pachuca\/index.php\/wp-json\/wp\/v2\/types\/product"}],"replies":[{"embeddable":true,"href":"https:\/\/soydeaqui.ddns.net\/pachuca\/index.php\/wp-json\/wp\/v2\/comments?post=78026"}],"wp:featuredmedia":[{"embeddable":true,"href":"https:\/\/soydeaqui.ddns.net\/pachuca\/index.php\/wp-json\/wp\/v2\/media\/65054"}],"wp:attachment":[{"href":"https:\/\/soydeaqui.ddns.net\/pachuca\/index.php\/wp-json\/wp\/v2\/media?parent=78026"}],"wp:term":[{"taxonomy":"product_brand","embeddable":true,"href":"https:\/\/soydeaqui.ddns.net\/pachuca\/index.php\/wp-json\/wp\/v2\/product_brand?post=78026"},{"taxonomy":"product_cat","embeddable":true,"href":"https:\/\/soydeaqui.ddns.net\/pachuca\/index.php\/wp-json\/wp\/v2\/product_cat?post=78026"},{"taxonomy":"product_tag","embeddable":true,"href":"https:\/\/soydeaqui.ddns.net\/pachuca\/index.php\/wp-json\/wp\/v2\/product_tag?post=78026"}],"curies":[{"name":"wp","href":"https:\/\/api.w.org\/{rel}","templated":true}]}}