{"id":77895,"date":"2026-03-19T16:19:24","date_gmt":"2026-03-19T16:19:24","guid":{"rendered":"https:\/\/soydeaqui.ddns.net\/pachuca\/index.php\/producto\/switch-industrial-administrable-capa-2-8-puertos-10-100-1000t-2-puertos-sfp-1g-2-5-g-base-x\/"},"modified":"2026-03-19T16:19:32","modified_gmt":"2026-03-19T16:19:32","slug":"switch-industrial-administrable-capa-2-8-puertos-10-100-1000t-2-puertos-sfp-1g-2-5-g-base-x","status":"publish","type":"product","link":"https:\/\/soydeaqui.ddns.net\/pachuca\/index.php\/producto\/switch-industrial-administrable-capa-2-8-puertos-10-100-1000t-2-puertos-sfp-1g-2-5-g-base-x\/","title":{"rendered":"Switch Industrial Administrable Capa 2, 8 Puertos 10\/100\/1000T, 2 Puertos SFP 1G \/ 2.5 G BASE X"},"content":{"rendered":"<div style='width: 100%; max-width: 1200px; margin: 0 auto; font-family: sans-serif; line-height: 1.6; color: inherit; background-color: transparent;'> <!-- Iconos de caracter\u00edsticas --> <\/p>\n<div style='display: flex; flex-wrap: wrap; gap: 15px; justify-content: center; margin: 30px 0;'> <img style='width: auto; height: 40px; border: 1px solid rgba(150&comma;150&comma;150&comma;0.3); border-radius: 8px;' src='https:\/\/www.planet.com.tw\/storage\/icons\/6icon_RING.png' alt=''> <img style='width: auto; height: 40px; border: 1px solid rgba(150&comma;150&comma;150&comma;0.3); border-radius: 8px;' src='https:\/\/www.planet.com.tw\/storage\/icons\/2icon_L3-Static-Routing.png' alt=''> <img style='width: auto; height: 40px; border: 1px solid rgba(150&comma;150&comma;150&comma;0.3); border-radius: 8px;' src='https:\/\/www.planet.com.tw\/storage\/icons\/633\/Cyber-Security.png' alt=''> <img style='width: auto; height: 40px; border: 1px solid rgba(150&comma;150&comma;150&comma;0.3); border-radius: 8px;' src='https:\/\/www.planet.com.tw\/storage\/icons\/3icon_1588-PTP.png' alt=''> <img style='width: auto; height: 40px; border: 1px solid rgba(150&comma;150&comma;150&comma;0.3); border-radius: 8px;' src='https:\/\/www.planet.com.tw\/storage\/icons\/667\/2.5Gbps_1.25Gbps.png' alt=''> <img style='width: auto; height: 40px; border: 1px solid rgba(150&comma;150&comma;150&comma;0.3); border-radius: 8px;' src='https:\/\/www.planet.com.tw\/storage\/icons\/1icon_IPv6-Management.png' alt=''> <img style='width: auto; height: 40px; border: 1px solid rgba(150&comma;150&comma;150&comma;0.3); border-radius: 8px;' src='https:\/\/www.planet.com.tw\/storage\/icons\/2icon_Power-Redundant_DC_AC.png' alt=''> <\/div>\n<p> <!-- Imagen principal --> <\/p>\n<div style='text-align: center; margin: 30px 0;'> <img style='width: 100%; max-width: 600px; height: auto; border: 1px solid rgba(150&comma;150&comma;150&comma;0.3); border-radius: 8px;' src='https:\/\/www.planet.com.tw\/storage\/products\/49194\/IGS-10020MTv3.1_2.5G-1.png' alt=''> <\/div>\n<p> <!-- Aplicaciones --> <\/p>\n<div style='margin: 30px 0;'>\n<h3 style='font-size: 22px; border-bottom: 2px solid currentColor; padding-bottom: 5px; margin-top: 0; color: inherit; opacity: 0.8; text-align: center;'>Aplicaciones<\/h3>\n<div style='display: flex; flex-wrap: wrap; gap: 30px; margin-top: 20px;'>\n<div style='flex: 1 1 300px; min-width: 280px;'>\n<div style='text-align: center;'>\n<h4 style='color: #2880b9; font-size: 18px; margin: 0; color: inherit; opacity: 0.9;'><strong>Anillo redundante&comma; recuperaci\u00f3n r\u00e1pida<\/strong><\/h4>\n<h4 style='color: #2880b9; font-size: 18px; margin: 5px 0; color: inherit; opacity: 0.9;'><strong>para sistemas de vigilancia<\/strong><\/h4>\n<\/p><\/div>\n<div style='text-align: center; margin-top: 15px;'> <img style='width: 100%; max-width: 450px; height: auto; border: 1px solid rgba(150&comma;150&comma;150&comma;0.3); border-radius: 8px;' src='https:\/\/www.planet.com.tw\/storage\/products\/49194\/IGS-10020MTv2-2.gif' alt=''> <\/div>\n<\/p><\/div>\n<div style='flex: 1 1 300px; min-width: 280px;'>\n<div style='text-align: center;'>\n<h4 style='color: #2880b9; font-size: 18px; margin: 0 0 20px; color: inherit; opacity: 0.9;'><strong>Switches gestionados para recopilaci\u00f3n y reenv\u00edo de datos<\/strong><\/h4>\n<p> <img style='width: 100%; max-width: 450px; height: auto; border: 1px solid rgba(150&comma;150&comma;150&comma;0.3); border-radius: 8px;' src='https:\/\/www.planet.com.tw\/storage\/products\/49194\/IGS-10020MT-1_L1.gif' alt=''> <\/div>\n<\/p><\/div>\n<\/p><\/div>\n<\/p><\/div>\n<p> <!-- Alertas de alarma --> <\/p>\n<div style='text-align: center; margin: 30px 0;'>\n<h4 style='color: #2880b9; font-size: 18px; margin: 0 0 15px; color: inherit; opacity: 0.9;'><strong>Alertas de alarma por falla<\/strong><\/h4>\n<p> <img style='width: 100%; max-width: 500px; height: auto; border: 1px solid rgba(150&comma;150&comma;150&comma;0.3); border-radius: 8px;' src='https:\/\/www.planet.com.tw\/storage\/products\/49194\/IGS-10020MTv3-1.png' alt=''> <\/div>\n<p> <!-- Especificaciones de hardware --> <\/p>\n<div style='margin: 30px 0;'>\n<h3 style='font-size: 22px; border-bottom: 2px solid currentColor; padding-bottom: 5px; margin-top: 0; color: inherit; opacity: 0.8; text-align: center;'>Especificaciones de hardware<\/h3>\n<div style='display: flex; flex-wrap: wrap; gap: 20px; margin-top: 20px;'>\n<div style='flex: 1 1 250px; border: 1px solid rgba(150&comma; 150&comma; 150&comma; 0.4); border-radius: 8px; overflow: hidden;'>\n<div style='padding: 15px; border-bottom: 1px solid rgba(150&comma; 150&comma; 150&comma; 0.2); font-weight: bold; font-size: 16px; color: inherit; background-color: rgba(255&comma; 255&comma; 255&comma; 0.05);'>Puertos<\/div>\n<div style='padding: 15px; color: inherit;'>\n<ul style='padding-left: 20px; margin: 0; font-size: 14px; list-style-type: disc;'>\n<li style='margin-bottom: 5px;'><strong>Puertos de cobre:<\/strong> 8 puertos 10\/100\/1000BASE-T RJ-45 Auto-MDI\/MDI-X<\/li>\n<li style='margin-bottom: 5px;'><strong>Ranuras SFP \/ mini-GBIC:<\/strong> 2 puertos SFP mini-GBIC 100\/1000\/2500BASE-X (Port-9 y Port-10)<\/li>\n<\/ul><\/div>\n<\/p><\/div>\n<div style='flex: 1 1 250px; border: 1px solid rgba(150&comma; 150&comma; 150&comma; 0.4); border-radius: 8px; overflow: hidden;'>\n<div style='padding: 15px; border-bottom: 1px solid rgba(150&comma; 150&comma; 150&comma; 0.2); font-weight: bold; font-size: 16px; color: inherit; background-color: rgba(255&comma; 255&comma; 255&comma; 0.05);'>Caracter\u00edsticas f\u00edsicas<\/div>\n<div style='padding: 15px; color: inherit;'>\n<ul style='padding-left: 20px; margin: 0; font-size: 14px; list-style-type: disc;'>\n<li style='margin-bottom: 5px;'><strong>Carcasa:<\/strong> IP30<\/li>\n<li style='margin-bottom: 5px;'><strong>Instalaci\u00f3n:<\/strong> Kit de riel DIN y kit de montaje en pared<\/li>\n<li style='margin-bottom: 5px;'><strong>Alarma:<\/strong> Una salida de rel\u00e9 por falla de energ\u00eda. Capacidad de transporte de corriente del rel\u00e9 de alarma: 1 A @ 24 Vcc<\/li>\n<li style='margin-bottom: 5px;'><strong>Dimensiones (W x D x H):<\/strong> 56 x 87.8 x 135 mm<\/li>\n<li style='margin-bottom: 5px;'><strong>Peso:<\/strong> 720 g<\/li>\n<\/ul><\/div>\n<\/p><\/div>\n<div style='flex: 1 1 250px; border: 1px solid rgba(150&comma; 150&comma; 150&comma; 0.4); border-radius: 8px; overflow: hidden;'>\n<div style='padding: 15px; border-bottom: 1px solid rgba(150&comma; 150&comma; 150&comma; 0.2); font-weight: bold; font-size: 16px; color: inherit; background-color: rgba(255&comma; 255&comma; 255&comma; 0.05);'>Alimentaci\u00f3n<\/div>\n<div style='padding: 15px; color: inherit;'>\n<ul style='padding-left: 20px; margin: 0; font-size: 14px; list-style-type: disc;'>\n<li style='margin-bottom: 5px;'><strong>Entrada de Voltaje:<\/strong> Doble 12 ~ 48 Vcc 24 Vca<\/li>\n<li style='margin-bottom: 5px;'><strong>Consumo:<\/strong> 10 Watts \/ 34 BTU (carga completa)<\/li>\n<\/ul>\n<p style='color: #e74c3c; text-align: center; margin-top: 15px;'><strong>(No incluye fuente de voltaje)<\/strong><\/p>\n<\/p><\/div>\n<\/p><\/div>\n<div style='flex: 1 1 250px; border: 1px solid rgba(150&comma; 150&comma; 150&comma; 0.4); border-radius: 8px; overflow: hidden;'>\n<div style='padding: 15px; border-bottom: 1px solid rgba(150&comma; 150&comma; 150&comma; 0.2); font-weight: bold; font-size: 16px; color: inherit; background-color: rgba(255&comma; 255&comma; 255&comma; 0.05);'>Capa 2<\/div>\n<div style='padding: 15px; color: inherit;'>\n<ul style='padding-left: 20px; margin: 0; font-size: 14px; list-style-type: disc;'>\n<li style='margin-bottom: 5px;'><strong>Interfaces de gesti\u00f3n b\u00e1sica:<\/strong> Navegador web&comma; Telnet remoto&comma; SNMP v1&comma; v2c<\/li>\n<li style='margin-bottom: 5px;'><strong>Funciones:<\/strong> Configuraci\u00f3n de puertos&comma; estatus de puerto&comma; VLAN&comma; Link Aggregation&comma; QoS&comma; IGMP Snooping&comma; Lista de Control de Acceso&comma; Control de Ancho de Banda&comma; SNMP MIBs<\/li>\n<\/ul><\/div>\n<\/p><\/div>\n<div style='flex: 1 1 250px; border: 1px solid rgba(150&comma; 150&comma; 150&comma; 0.4); border-radius: 8px; overflow: hidden;'>\n<div style='padding: 15px; border-bottom: 1px solid rgba(150&comma; 150&comma; 150&comma; 0.2); font-weight: bold; font-size: 16px; color: inherit; background-color: rgba(255&comma; 255&comma; 255&comma; 0.05);'>Capa 3<\/div>\n<div style='padding: 15px; color: inherit;'>\n<ul style='padding-left: 20px; margin: 0; font-size: 14px; list-style-type: disc;'>\n<li style='margin-bottom: 5px;'><strong>Interfaces IP:<\/strong> Max. 8 Interfaces VLAN<\/li>\n<li style='margin-bottom: 5px;'><strong>Tabla de Ruteo:<\/strong> Max. 32 entradas de enrutamiento<\/li>\n<li style='margin-bottom: 5px;'><strong>Protocolos de enrutamiento:<\/strong> Enrutamiento est\u00e1tico de software IPv4&comma; Enrutamiento est\u00e1tico de software IPv6<\/li>\n<\/ul><\/div>\n<\/p><\/div>\n<div style='flex: 1 1 250px; border: 1px solid rgba(150&comma; 150&comma; 150&comma; 0.4); border-radius: 8px; overflow: hidden;'>\n<div style='padding: 15px; border-bottom: 1px solid rgba(150&comma; 150&comma; 150&comma; 0.2); font-weight: bold; font-size: 16px; color: inherit; background-color: rgba(255&comma; 255&comma; 255&comma; 0.05);'>Ambiental<\/div>\n<div style='padding: 15px; color: inherit;'>\n<ul style='padding-left: 20px; margin: 0; font-size: 14px; list-style-type: disc;'>\n<li style='margin-bottom: 5px;'><strong>Temperatura:<\/strong> -40 ~ 75 grados C<\/li>\n<li style='margin-bottom: 5px;'><strong>Humedad relativa:<\/strong> 5 ~ 95% (sin condensaci\u00f3n)<\/li>\n<\/ul><\/div>\n<\/p><\/div>\n<div style='flex: 1 1 250px; border: 1px solid rgba(150&comma; 150&comma; 150&comma; 0.4); border-radius: 8px; overflow: hidden;'>\n<div style='padding: 15px; border-bottom: 1px solid rgba(150&comma; 150&comma; 150&comma; 0.2); font-weight: bold; font-size: 16px; color: inherit; background-color: rgba(255&comma; 255&comma; 255&comma; 0.05);'>Contenido del paquete<\/div>\n<div style='padding: 15px; color: inherit;'>\n<ul style='padding-left: 20px; margin: 0; font-size: 14px; list-style-type: disc;'>\n<li style='margin-bottom: 5px;'>1 x Switch IGS-10020MT<\/li>\n<li style='margin-bottom: 5px;'>1 x Gu\u00eda de instalaci\u00f3n<\/li>\n<li style='margin-bottom: 5px;'>1 x Kit de riel DIN<\/li>\n<li style='margin-bottom: 5px;'>1 x Kit de montaje en pared<\/li>\n<li style='margin-bottom: 5px;'>2 x Tapas cubre polvo SFP<\/li>\n<li style='margin-bottom: 5px;'>8 x Tapas cubre polvo RJ45<\/li>\n<\/ul><\/div>\n<\/p><\/div>\n<\/p><\/div>\n<\/p><\/div>\n<p> <!-- Separador --> <\/p>\n<hr style='border: 0; border-top: 1px solid rgba(150&comma; 150&comma; 150&comma; 0.3); margin: 30px 0;'> <\/div>\n","protected":false},"excerpt":{"rendered":"<p>Switch Industrial Administrable Capa 2, 8 Puertos 10\/100\/1000T, 2 Puertos SFP 1G \/ 2.5 G BASE X<\/p>\n","protected":false},"featured_media":77894,"comment_status":"open","ping_status":"closed","template":"","meta":[],"product_brand":[],"product_cat":[1970],"product_tag":[664,2033,1971],"class_list":{"0":"post-77895","1":"product","2":"type-product","3":"status-publish","4":"has-post-thumbnail","6":"product_cat-switches","7":"product_tag-networking","8":"product_tag-planet","9":"product_tag-switches","11":"first","12":"instock","13":"sale","14":"shipping-taxable","15":"purchasable","16":"product-type-simple"},"_links":{"self":[{"href":"https:\/\/soydeaqui.ddns.net\/pachuca\/index.php\/wp-json\/wp\/v2\/product\/77895","targetHints":{"allow":["GET"]}}],"collection":[{"href":"https:\/\/soydeaqui.ddns.net\/pachuca\/index.php\/wp-json\/wp\/v2\/product"}],"about":[{"href":"https:\/\/soydeaqui.ddns.net\/pachuca\/index.php\/wp-json\/wp\/v2\/types\/product"}],"replies":[{"embeddable":true,"href":"https:\/\/soydeaqui.ddns.net\/pachuca\/index.php\/wp-json\/wp\/v2\/comments?post=77895"}],"wp:featuredmedia":[{"embeddable":true,"href":"https:\/\/soydeaqui.ddns.net\/pachuca\/index.php\/wp-json\/wp\/v2\/media\/77894"}],"wp:attachment":[{"href":"https:\/\/soydeaqui.ddns.net\/pachuca\/index.php\/wp-json\/wp\/v2\/media?parent=77895"}],"wp:term":[{"taxonomy":"product_brand","embeddable":true,"href":"https:\/\/soydeaqui.ddns.net\/pachuca\/index.php\/wp-json\/wp\/v2\/product_brand?post=77895"},{"taxonomy":"product_cat","embeddable":true,"href":"https:\/\/soydeaqui.ddns.net\/pachuca\/index.php\/wp-json\/wp\/v2\/product_cat?post=77895"},{"taxonomy":"product_tag","embeddable":true,"href":"https:\/\/soydeaqui.ddns.net\/pachuca\/index.php\/wp-json\/wp\/v2\/product_tag?post=77895"}],"curies":[{"name":"wp","href":"https:\/\/api.w.org\/{rel}","templated":true}]}}