{"id":77722,"date":"2026-03-19T16:12:41","date_gmt":"2026-03-19T16:12:41","guid":{"rendered":"https:\/\/soydeaqui.ddns.net\/pachuca\/index.php\/producto\/antena-sectorial-de-70-de-apertura-en-2-4-ghz-de-14-dbi-de-ganancia-con-2-conectores-n-hembra-polaridad-cruzada\/"},"modified":"2026-03-19T16:12:51","modified_gmt":"2026-03-19T16:12:51","slug":"antena-sectorial-de-70-de-apertura-en-2-4-ghz-de-14-dbi-de-ganancia-con-2-conectores-n-hembra-polaridad-cruzada","status":"publish","type":"product","link":"https:\/\/soydeaqui.ddns.net\/pachuca\/index.php\/producto\/antena-sectorial-de-70-de-apertura-en-2-4-ghz-de-14-dbi-de-ganancia-con-2-conectores-n-hembra-polaridad-cruzada\/","title":{"rendered":"Antena Sectorial de 70\u00b0 de Apertura en 2.4 GHz de 14 dBi  de Ganancia, Con 2 Conectores N-Hembra, Polaridad Cruzada"},"content":{"rendered":"<div style='width: 100%; max-width: 1200px; margin: 0 auto; font-family: sans-serif; line-height: 1.6; color: inherit; background-color: transparent;'> <!-- Secci\u00f3n de caracter\u00edsticas en grid --> <\/p>\n<div style='display: grid; grid-template-columns: repeat(auto-fill&comma; minmax(280px&comma; 1fr)); gap: 30px; margin-bottom: 40px;'>\n<div style='border: 1px solid rgba(150&comma; 150&comma; 150&comma; 0.4); border-radius: 8px; padding: 20px;'>\n<h3 style='font-size: 20px; border-bottom: 2px solid currentColor; padding-bottom: 5px; margin-top: 0; color: inherit; opacity: 0.8;'>Caracter\u00edsticas principales<\/h3>\n<ul style='padding-left: 20px; font-size: 14px; color: inherit; margin: 15px 0;'>\n<li style='margin-bottom: 8px;'><strong>Frecuencia:<\/strong> 2.4 &#8211; 2.5 GHz<\/li>\n<li style='margin-bottom: 8px;'><strong>Ganancia:<\/strong> 14 dBi<\/li>\n<li style='margin-bottom: 8px;'><strong>Polarizaci\u00f3n:<\/strong> Dual Slant \u00b145\u00b0<\/li>\n<li style='margin-bottom: 8px;'><strong>Ancho de haz horizontal:<\/strong> 70\u00ba (-3 dB)<\/li>\n<li style='margin-bottom: 8px;'><strong>Ancho de haz vertical:<\/strong> 12\u00ba (-3 dB)<\/li>\n<li style='margin-bottom: 8px;'><strong>VSWR:<\/strong> 2<\/li>\n<li style='margin-bottom: 8px;'><strong>F\/B Ratio:<\/strong> -25 dB (max)<\/li>\n<li style='margin-bottom: 8px;'><strong>Aislamiento:<\/strong> 20 dB (min)<\/li>\n<li style='margin-bottom: 8px;'><strong>Impedancia:<\/strong> 50 \u03a9<\/li>\n<\/ul><\/div>\n<div style='border: 1px solid rgba(150&comma; 150&comma; 150&comma; 0.4); border-radius: 8px; padding: 20px;'>\n<h3 style='font-size: 20px; border-bottom: 2px solid currentColor; padding-bottom: 5px; margin-top: 0; color: inherit; opacity: 0.8;'>Caracter\u00edsticas F\u00edsicas y El\u00e9ctricas<\/h3>\n<ul style='padding-left: 20px; font-size: 14px; color: inherit; margin: 15px 0;'>\n<li style='margin-bottom: 8px;'><strong>Temperatura:<\/strong> -40 a 60\u00b0 C<\/li>\n<li style='margin-bottom: 8px;'><strong>Resistencia al viento:<\/strong> 216 km\/h (134 mph)<\/li>\n<li style='margin-bottom: 8px;'><strong>Color:<\/strong> Gris<\/li>\n<li style='margin-bottom: 8px;'><strong>Material:<\/strong> Fibra de vidrio resistente a rayos UV<\/li>\n<li style='margin-bottom: 8px;'><strong>Peso:<\/strong> 1.085 kg<\/li>\n<li style='margin-bottom: 8px;'><strong>Dimensiones:<\/strong> 680 x 112 mm<\/li>\n<li style='margin-bottom: 8px;'><strong>Conectores:<\/strong> 2 N-Hembra<\/li>\n<li style='margin-bottom: 8px;'><strong>Inclinaci\u00f3n mec\u00e1nica:<\/strong> \u00b130\u00b0 (max)<\/li>\n<\/ul><\/div>\n<div style='border: 1px solid rgba(150&comma; 150&comma; 150&comma; 0.4); border-radius: 8px; padding: 20px;'>\n<h3 style='font-size: 20px; border-bottom: 2px solid currentColor; padding-bottom: 5px; margin-top: 0; color: inherit; opacity: 0.8;'>Contenido del Paquete<\/h3>\n<ul style='padding-left: 20px; font-size: 14px; color: inherit; margin: 15px 0;'>\n<li style='margin-bottom: 8px;'>Antena SP-AN-2S14-00<\/li>\n<\/ul><\/div>\n<\/p><\/div>\n<p> <!-- Separador --> <\/p>\n<hr style='border: 0; border-top: 1px solid rgba(150&comma; 150&comma; 150&comma; 0.3); margin: 40px 0;'> <!-- Secci\u00f3n de videos --> <\/p>\n<div style='margin-bottom: 40px;'>\n<h3 style='font-size: 20px; border-bottom: 2px solid currentColor; padding-bottom: 5px; margin-top: 0; color: inherit; opacity: 0.8; margin-bottom: 20px;'>Videos<\/h3>\n<div style='display: grid; grid-template-columns: repeat(auto-fill&comma; minmax(300px&comma; 1fr)); gap: 20px; margin-bottom: 30px;'>\n<div style='position: relative; padding-bottom: 56.25%; height: 0; overflow: hidden;'>   <\/div>\n<div style='position: relative; padding-bottom: 56.25%; height: 0; overflow: hidden;'>   <\/div>\n<div style='position: relative; padding-bottom: 56.25%; height: 0; overflow: hidden;'>   <\/div>\n<div style='position: relative; padding-bottom: 56.25%; height: 0; overflow: hidden;'>   <\/div>\n<div style='position: relative; padding-bottom: 56.25%; height: 0; overflow: hidden;'>   <\/div>\n<\/p><\/div>\n<\/p><\/div>\n<p> <!-- Separador --> <\/p>\n<hr style='border: 0; border-top: 1px solid rgba(150&comma; 150&comma; 150&comma; 0.3); margin: 40px 0;'> <!-- Secci\u00f3n de im\u00e1genes --> <\/p>\n<div style='margin-bottom: 40px;'>\n<h3 style='font-size: 20px; border-bottom: 2px solid currentColor; padding-bottom: 5px; margin-top: 0; color: inherit; opacity: 0.8; margin-bottom: 20px;'>Im\u00e1genes del Producto<\/h3>\n<div style='display: grid; grid-template-columns: repeat(auto-fill&comma; minmax(300px&comma; 1fr)); gap: 20px;'> <img style='width: 100%; height: auto; border: 1px solid rgba(150&comma;150&comma;150&comma;0.3); border-radius: 8px;' src='http:\/\/ftp3.syscom.mx\/usuarios\/fotos\/SPAN2S1400\/SPAN2S1400_1.png' alt=''> <img style='width: 100%; height: auto; border: 1px solid rgba(150&comma;150&comma;150&comma;0.3); border-radius: 8px;' src='http:\/\/ftp3.syscom.mx\/usuarios\/fotos\/SPAN2S1400\/SPAN2S1400_2.png' alt=''> <\/div>\n<\/p><\/div>\n<p> <!-- Nota importante --> <\/p>\n<div style='margin-top: 30px; padding: 15px; border-left: 4px solid #d35400; background-color: rgba(211&comma; 84&comma; 0&comma; 0.05);'>\n<p style='margin: 0; font-size: 14px; color: inherit;'> <em>La m\u00e1xima distancia en cobertura&comma; capacidad de dispositivos m\u00f3viles WiFi&comma; velocidades de conexi\u00f3n&comma; etc. depender\u00e1 particularmente de cada sitio de instalaci\u00f3n&comma; l\u00ednea de vista plena 100%&comma; niveles de ruido e interferencia&comma; tipo de dispositivos WiFi&comma; alineaci\u00f3n y altura de las antenas.<\/em> <\/p>\n<\/p><\/div>\n<\/p><\/div>\n","protected":false},"excerpt":{"rendered":"<p>Antena Sectorial de 70\u00b0 de Apertura en 2.4 GHz de 14 dBi  de Ganancia, Con 2 Conectores N-Hembra, Polaridad Cruzada<\/p>\n","protected":false},"featured_media":77721,"comment_status":"open","ping_status":"closed","template":"","meta":[],"product_brand":[],"product_cat":[1895],"product_tag":[1950,1404,1896],"class_list":{"0":"post-77722","1":"product","2":"type-product","3":"status-publish","4":"has-post-thumbnail","6":"product_cat-sectoriales","7":"product_tag-altai-technologies","8":"product_tag-antenas","9":"product_tag-sectoriales","11":"first","12":"outofstock","13":"sale","14":"shipping-taxable","15":"purchasable","16":"product-type-simple"},"_links":{"self":[{"href":"https:\/\/soydeaqui.ddns.net\/pachuca\/index.php\/wp-json\/wp\/v2\/product\/77722","targetHints":{"allow":["GET"]}}],"collection":[{"href":"https:\/\/soydeaqui.ddns.net\/pachuca\/index.php\/wp-json\/wp\/v2\/product"}],"about":[{"href":"https:\/\/soydeaqui.ddns.net\/pachuca\/index.php\/wp-json\/wp\/v2\/types\/product"}],"replies":[{"embeddable":true,"href":"https:\/\/soydeaqui.ddns.net\/pachuca\/index.php\/wp-json\/wp\/v2\/comments?post=77722"}],"wp:featuredmedia":[{"embeddable":true,"href":"https:\/\/soydeaqui.ddns.net\/pachuca\/index.php\/wp-json\/wp\/v2\/media\/77721"}],"wp:attachment":[{"href":"https:\/\/soydeaqui.ddns.net\/pachuca\/index.php\/wp-json\/wp\/v2\/media?parent=77722"}],"wp:term":[{"taxonomy":"product_brand","embeddable":true,"href":"https:\/\/soydeaqui.ddns.net\/pachuca\/index.php\/wp-json\/wp\/v2\/product_brand?post=77722"},{"taxonomy":"product_cat","embeddable":true,"href":"https:\/\/soydeaqui.ddns.net\/pachuca\/index.php\/wp-json\/wp\/v2\/product_cat?post=77722"},{"taxonomy":"product_tag","embeddable":true,"href":"https:\/\/soydeaqui.ddns.net\/pachuca\/index.php\/wp-json\/wp\/v2\/product_tag?post=77722"}],"curies":[{"name":"wp","href":"https:\/\/api.w.org\/{rel}","templated":true}]}}