{"id":77684,"date":"2026-03-19T16:11:14","date_gmt":"2026-03-19T16:11:14","guid":{"rendered":"https:\/\/soydeaqui.ddns.net\/pachuca\/index.php\/producto\/adaptador-de-telefono-analogico-ata-hibrido-de-1-puerto-fxs-y-1-puerto-fxo-con-router-integrado\/"},"modified":"2026-03-19T16:11:15","modified_gmt":"2026-03-19T16:11:15","slug":"adaptador-de-telefono-analogico-ata-hibrido-de-1-puerto-fxs-y-1-puerto-fxo-con-router-integrado","status":"publish","type":"product","link":"https:\/\/soydeaqui.ddns.net\/pachuca\/index.php\/producto\/adaptador-de-telefono-analogico-ata-hibrido-de-1-puerto-fxs-y-1-puerto-fxo-con-router-integrado\/","title":{"rendered":"Adaptador de Tel\u00e9fono Anal\u00f3gico (ATA) h\u00edbrido de 1 Puerto FXS y 1 Puerto FXO con router integrado"},"content":{"rendered":"<div style='width: 100%; max-width: 1200px; margin: 0 auto; font-family: sans-serif; line-height: 1.6; color: inherit; background-color: transparent;'> <!-- Secci\u00f3n principal --> <\/p>\n<div style='display: flex; flex-direction: column; gap: 30px;'>\n<div>\n<p style='margin-top: 0; margin-bottom: 15px;'>El HT503 es un Adaptador de Tel\u00e9fono Anal\u00f3gico (ATA) con 1 puerto FXS para un tel\u00e9fono anal\u00f3gico y 1 puerto FXO para L\u00ednea PSTN. La integraci\u00f3n de un puerto FXO y un puerto FXS permite originar y terminar llamadas desde la l\u00ednea PSTN. El puerto FXS permite que un tel\u00e9fono anal\u00f3gico se use como extensi\u00f3n VoIP.<\/p>\n<\/p><\/div>\n<p> <!-- Interfaces --> <\/p>\n<div>\n<h3 style='font-size: 22px; border-bottom: 2px solid currentColor; padding-bottom: 5px; margin-top: 0; margin-bottom: 15px; color: inherit; opacity: 0.8;'>Interfaces<\/h3>\n<ul style='padding-left: 20px; font-size: 15px; color: inherit;'>\n<li style='margin-bottom: 5px;'>1 Puerto FXS (RJ-11) para la conexi\u00f3n de un tel\u00e9fono anal\u00f3gico convencional<\/li>\n<li style='margin-bottom: 5px;'>1 Puerto FXO (RJ-11) para la conexi\u00f3n de una l\u00ednea PSTN con soporte para fallos de energ\u00eda<\/li>\n<li style='margin-bottom: 5px;'>Puerto de red LAN y WAN 10\/100 Mbps (RJ-45)<\/li>\n<li style='margin-bottom: 5px;'>LED\u2019s indicadores para Power&comma; LAN&comma; WAN&comma; Tel\u00e9fono y Estado de la l\u00ednea<\/li>\n<li style='margin-bottom: 5px;'>Bot\u00f3n de reset posterior<\/li>\n<\/ul><\/div>\n<p> <!-- Voz&comma; fax y m\u00f3dem --> <\/p>\n<div>\n<h3 style='font-size: 22px; border-bottom: 2px solid currentColor; padding-bottom: 5px; margin-top: 0; margin-bottom: 15px; color: inherit; opacity: 0.8;'>Voz&comma; fax y m\u00f3dem<\/h3>\n<ul style='padding-left: 20px; font-size: 15px; color: inherit;'>\n<li style='margin-bottom: 5px;'>2 L\u00edneas (cuentas SIP) y conferencia de 3 v\u00edas<\/li>\n<li style='margin-bottom: 5px;'>Funciones de telefon\u00eda: Transferencia de llamada&comma; Redireccionamiento&comma; Llamada en espera&comma; No molestar&comma; indicador de Mensaje en espera y m\u00e1s<\/li>\n<li style='margin-bottom: 5px;'>Fax sobre IP: Compatible con protocolo T.38 para Fax hasta 14.4 kbps<\/li>\n<li style='margin-bottom: 5px;'>C\u00f3decs de voz: G.711 (I y II)&comma; G.723.1A&comma; G.729A\/B\/E&comma; G.728 y G.726<\/li>\n<\/ul><\/div>\n<p> <!-- Administraci\u00f3n y seguridad --> <\/p>\n<div>\n<h3 style='font-size: 22px; border-bottom: 2px solid currentColor; padding-bottom: 5px; margin-top: 0; margin-bottom: 15px; color: inherit; opacity: 0.8;'>Administraci\u00f3n y seguridad<\/h3>\n<ul style='padding-left: 20px; font-size: 15px; color: inherit;'>\n<li style='margin-bottom: 5px;'>Failover en caso de que Servidor SIP principal pierde conexi\u00f3n se cambia autom\u00e1ticamente a Servidor secundario<\/li>\n<li style='margin-bottom: 5px;'>Compatible con SYSLOG&comma; Telnet y administraci\u00f3n remota usando navegador web<\/li>\n<li style='margin-bottom: 5px;'>Seguridad SRTP&comma; TLS&comma; SIPS&comma; HTTPS<\/li>\n<li style='margin-bottom: 5px;'>QoS de Capa (802.1Q&comma; 802.1P) y QoS de Capa 3 (ToS&comma; Di Serv&comma; MPLS)<\/li>\n<\/ul><\/div>\n<p> <!-- Conformidad --> <\/p>\n<div>\n<h3 style='font-size: 22px; border-bottom: 2px solid currentColor; padding-bottom: 5px; margin-top: 0; margin-bottom: 15px; color: inherit; opacity: 0.8;'>Conformidad<\/h3>\n<ul style='padding-left: 20px; font-size: 15px; color: inherit;'>\n<li style='margin-bottom: 5px;'>FCC (Part 68 &#038; 15B)&comma; C-Tick&comma; AS\/NZS CISPR22&comma; CISPR24&comma; CE&comma; EN55022&comma; EN55024&comma; TBR21&comma; EN60950&comma; EN61000-3-2&comma; EN61000-3-3&comma; UL (fuente de poder)<\/li>\n<\/ul><\/div>\n<p> <!-- Caracter\u00edsticas f\u00edsicas y el\u00e9ctricas --> <\/p>\n<div>\n<h3 style='font-size: 22px; border-bottom: 2px solid currentColor; padding-bottom: 5px; margin-top: 0; margin-bottom: 15px; color: inherit; opacity: 0.8;'>Caracter\u00edsticas f\u00edsicas y el\u00e9ctricas<\/h3>\n<ul style='padding-left: 20px; font-size: 15px; color: inherit;'>\n<li style='margin-bottom: 5px;'>Rango de temperatura soportado: 0\u00b0C hasta 40\u00b0C<\/li>\n<li style='margin-bottom: 5px;'>Alimentaci\u00f3n: 12 Vcc&comma; 0.5 A<\/li>\n<li style='margin-bottom: 5px;'>Dimensiones: 115 x 25 x 75 mm<\/li>\n<\/ul><\/div>\n<p> <!-- Im\u00e1genes --> <\/p>\n<div style='display: flex; flex-wrap: wrap; gap: 15px; margin-top: 20px;'>\n<div style='flex: 1 1 300px; min-width: 280px;'> <img style='width: 100%; height: auto; border: 1px solid rgba(150&comma;150&comma;150&comma;0.3); border-radius: 8px;' src='http:\/\/ftp3.syscom.mx\/usuarios\/fotos\/HT503\/HT503_1.png' alt=''> <\/div>\n<div style='flex: 1 1 300px; min-width: 280px;'> <img style='width: 100%; height: auto; border: 1px solid rgba(150&comma;150&comma;150&comma;0.3); border-radius: 8px;' src='http:\/ftp3.syscom.mx\/usuarios\/fotos\/HT503\/74485-ht503_2.png' alt=''> <\/div>\n<\/p><\/div>\n<\/p><\/div>\n<\/p><\/div>\n","protected":false},"excerpt":{"rendered":"<p>Adaptador de Tel\u00e9fono Anal\u00f3gico (ATA) h\u00edbrido de 1 Puerto FXS y 1 Puerto FXO con router integrado<\/p>\n","protected":false},"featured_media":77683,"comment_status":"open","ping_status":"closed","template":"","meta":[],"product_brand":[],"product_cat":[2070],"product_tag":[2071,909,2004],"class_list":{"0":"post-77684","1":"product","2":"type-product","3":"status-publish","4":"has-post-thumbnail","6":"product_cat-gateways-y-atas","7":"product_tag-gateways-y-atas","8":"product_tag-grandstream","9":"product_tag-voip-telefonia-ip-videoconferencia","11":"first","12":"outofstock","13":"sale","14":"shipping-taxable","15":"purchasable","16":"product-type-simple"},"_links":{"self":[{"href":"https:\/\/soydeaqui.ddns.net\/pachuca\/index.php\/wp-json\/wp\/v2\/product\/77684","targetHints":{"allow":["GET"]}}],"collection":[{"href":"https:\/\/soydeaqui.ddns.net\/pachuca\/index.php\/wp-json\/wp\/v2\/product"}],"about":[{"href":"https:\/\/soydeaqui.ddns.net\/pachuca\/index.php\/wp-json\/wp\/v2\/types\/product"}],"replies":[{"embeddable":true,"href":"https:\/\/soydeaqui.ddns.net\/pachuca\/index.php\/wp-json\/wp\/v2\/comments?post=77684"}],"wp:featuredmedia":[{"embeddable":true,"href":"https:\/\/soydeaqui.ddns.net\/pachuca\/index.php\/wp-json\/wp\/v2\/media\/77683"}],"wp:attachment":[{"href":"https:\/\/soydeaqui.ddns.net\/pachuca\/index.php\/wp-json\/wp\/v2\/media?parent=77684"}],"wp:term":[{"taxonomy":"product_brand","embeddable":true,"href":"https:\/\/soydeaqui.ddns.net\/pachuca\/index.php\/wp-json\/wp\/v2\/product_brand?post=77684"},{"taxonomy":"product_cat","embeddable":true,"href":"https:\/\/soydeaqui.ddns.net\/pachuca\/index.php\/wp-json\/wp\/v2\/product_cat?post=77684"},{"taxonomy":"product_tag","embeddable":true,"href":"https:\/\/soydeaqui.ddns.net\/pachuca\/index.php\/wp-json\/wp\/v2\/product_tag?post=77684"}],"curies":[{"name":"wp","href":"https:\/\/api.w.org\/{rel}","templated":true}]}}