{"id":77682,"date":"2026-03-19T16:11:10","date_gmt":"2026-03-19T16:11:10","guid":{"rendered":"https:\/\/soydeaqui.ddns.net\/pachuca\/index.php\/producto\/ip-pbx-grandstream-con-4-fxo-para-45-llamadas-simultaneas\/"},"modified":"2026-03-19T16:11:12","modified_gmt":"2026-03-19T16:11:12","slug":"ip-pbx-grandstream-con-4-fxo-para-45-llamadas-simultaneas","status":"publish","type":"product","link":"https:\/\/soydeaqui.ddns.net\/pachuca\/index.php\/producto\/ip-pbx-grandstream-con-4-fxo-para-45-llamadas-simultaneas\/","title":{"rendered":"IP-PBX GrandStream con 4 FXO para 45 llamadas simult\u00e1neas"},"content":{"rendered":"<div style='width: 100%; max-width: 1200px; margin: 0 auto; font-family: sans-serif; line-height: 1.6; color: inherit; background-color: transparent;'> <!-- Secci\u00f3n de caracter\u00edsticas --> <\/p>\n<div style='display: flex; flex-wrap: wrap; gap: 30px; margin-bottom: 30px;'>\n<div style='flex: 1 1 300px; min-width: 280px;'>\n<h3 style='font-size: 22px; border-bottom: 2px solid currentColor; padding-bottom: 5px; margin-top: 0; color: inherit; opacity: 0.8;'>Caracter\u00edsticas Generales<\/h3>\n<ul style='padding-left: 20px; font-size: 15px; color: inherit;'>\n<li style='margin-bottom: 5px;'>Procesador ARM Cortex A8 1GHz&comma; de gran capacidad de memoria (512MB DDR RAM&comma; 4GB Flash) Arreglo de procesadores DSP dedicados para procesamiento de voz&comma; incluida la capacidad de transcoding sobre hardware.<\/li>\n<li style='margin-bottom: 5px;'>4 puertos FXO para troncales PSTN&comma; 2 puertos FXS para tel\u00e9fonos anal\u00f3gicos con capacidad de respaldo usando l\u00ednea PSTN en caso de corte de energ\u00eda el\u00e9ctrica y con opci\u00f3n de hasta 50 troncales SIP.<\/li>\n<li style='margin-bottom: 5px;'>2 puertos de red Gigabit (LAN\/WAN) con PoE integrado&comma; USB&comma; SD&comma; router NAT integrado con soporte avanzado de QoS.<\/li>\n<li style='margin-bottom: 5px;'>Soporta hasta 500 registros SIP&comma; 45 llamadas concurrentes.<\/li>\n<li style='margin-bottom: 5px;'>Cancelaci\u00f3n de Eco de L\u00ednea de hasta 128ms procesado sobre DSP&comma; dando niveles de calidad de operador de telefon\u00eda&comma; identificador de llamada y detecci\u00f3n de tonos de progreso por hardware y con detecci\u00f3n de impedancia inteligente para adaptar al proveedor de telefon\u00eda local.<\/li>\n<li style='margin-bottom: 5px;'>Plan de marcaci\u00f3n flexible&comma; enrutamiento de llamadas&comma; conexi\u00f3n con otros IPPBXs o provedores de servicio&comma; grabaci\u00f3n de llamadas&comma; panel de control central para los terminales&comma; servidor NTP y directorio de contactos LDAP integrado.<\/li>\n<li style='margin-bottom: 5px;'>Detecci\u00f3n autom\u00e1tica y aprovisionamiento de tel\u00e9fonos IP&comma; v\u00eddeo tel\u00e9fonos&comma; ATAs y otros terminales para una f\u00e1cil implementaci\u00f3n.<\/li>\n<li style='margin-bottom: 5px;'>Encriptaci\u00f3n usando aceleraci\u00f3n por hardware para garantizar la m\u00e1xima protecci\u00f3n de seguridad utilizando SRTP&comma; TLS y HTTPS.<\/li>\n<li style='margin-bottom: 5px;'>Pantalla gr\u00e1fica LCD de 128&#215;32 con bot\u00f3n de \u2018Selecci\u00f3n\u2019 y \u2018OK\u2019.<\/li>\n<li style='margin-bottom: 5px;'>C\u00f3decs de video soportados: H264&comma; H263 y H263+<\/li>\n<li style='margin-bottom: 5px;'>Compatible con protocolo T.38 para Fax.<\/li>\n<li style='margin-bottom: 5px;'>C\u00f3decs de audio soportados: G.711 (I y II)&comma; G.723.1A&comma; G.729A\/B&comma; G.726 e iLBC<\/li>\n<li style='margin-bottom: 5px;'>Soporta QoS en capa 3.<\/li>\n<li style='margin-bottom: 5px;'>19 idiomas soportados&comma; entre ellos Espa\u00f1ol.<\/li>\n<li style='margin-bottom: 5px;'>Rango de temperatura soportado: 0\u00b0C hasta 40\u00b0C.<\/li>\n<li style='margin-bottom: 5px;'>Alimentaci\u00f3n: 12 Vcc&comma; 1.5 A con su fuente; compatible con 802.3 at para PoE.<\/li>\n<li style='margin-bottom: 5px;'>Dimensiones: 226 x 34 x 155 mm<\/li>\n<\/ul><\/div>\n<\/p><\/div>\n<p> <!-- Separador --> <\/p>\n<hr style='border: 0; border-top: 1px solid rgba(150&comma; 150&comma; 150&comma; 0.3); margin: 30px 0;'> <!-- Secci\u00f3n de videos --> <\/p>\n<div style='display: flex; flex-wrap: wrap; gap: 20px; margin-bottom: 30px;'>\n<div style='flex: 1 1 560px; min-width: 300px;'>\n<div style='position: relative; padding-bottom: 56.25%; height: 0; overflow: hidden; margin-bottom: 30px;'>   <\/div>\n<\/p><\/div>\n<div style='flex: 1 1 560px; min-width: 300px;'>\n<div style='position: relative; padding-bottom: 56.25%; height: 0; overflow: hidden; margin-bottom: 30px;'>   <\/div>\n<\/p><\/div>\n<\/p><\/div>\n<p> <!-- Separador --> <\/p>\n<hr style='border: 0; border-top: 1px solid rgba(150&comma; 150&comma; 150&comma; 0.3); margin: 30px 0;'> <!-- Secci\u00f3n de im\u00e1genes --> <\/p>\n<div style='display: flex; flex-wrap: wrap; gap: 20px; margin-bottom: 30px;'>\n<div style='flex: 1 1 300px; min-width: 280px;'> <img style='width: 100%; height: auto; border: 1px solid rgba(150&comma;150&comma;150&comma;0.3); border-radius: 8px;' src='http:\/\/ftp3.syscom.mx\/usuarios\/fotos\/UCM6104\/UCM6104_1.png' alt=''> <\/div>\n<div style='flex: 1 1 300px; min-width: 280px;'> <img style='width: 100%; height: auto; border: 1px solid rgba(150&comma;150&comma;150&comma;0.3); border-radius: 8px;' src='http:\/\/ftp3.syscom.mx\/usuarios\/fotos\/UCM6104\/UCM6104_2.png' alt=''> <\/div>\n<div style='flex: 1 1 300px; min-width: 280px;'> <img style='width: 100%; height: auto; border: 1px solid rgba(150&comma;150&comma;150&comma;0.3); border-radius: 8px;' src='http:\/\/ftp3.syscom.mx\/usuarios\/fotos\/UCM6104\/UCM6104.png' alt=''> <\/div>\n<\/p><\/div>\n<\/p><\/div>\n","protected":false},"excerpt":{"rendered":"<p>IP-PBX GrandStream con 4 FXO para 45 llamadas simult\u00e1neas<\/p>\n","protected":false},"featured_media":77681,"comment_status":"open","ping_status":"closed","template":"","meta":[],"product_brand":[],"product_cat":[2028],"product_tag":[2029,909,2004],"class_list":{"0":"post-77682","1":"product","2":"type-product","3":"status-publish","4":"has-post-thumbnail","6":"product_cat-conmutadores-ip","7":"product_tag-conmutadores-ip","8":"product_tag-grandstream","9":"product_tag-voip-telefonia-ip-videoconferencia","11":"first","12":"outofstock","13":"sale","14":"shipping-taxable","15":"purchasable","16":"product-type-simple"},"_links":{"self":[{"href":"https:\/\/soydeaqui.ddns.net\/pachuca\/index.php\/wp-json\/wp\/v2\/product\/77682","targetHints":{"allow":["GET"]}}],"collection":[{"href":"https:\/\/soydeaqui.ddns.net\/pachuca\/index.php\/wp-json\/wp\/v2\/product"}],"about":[{"href":"https:\/\/soydeaqui.ddns.net\/pachuca\/index.php\/wp-json\/wp\/v2\/types\/product"}],"replies":[{"embeddable":true,"href":"https:\/\/soydeaqui.ddns.net\/pachuca\/index.php\/wp-json\/wp\/v2\/comments?post=77682"}],"wp:featuredmedia":[{"embeddable":true,"href":"https:\/\/soydeaqui.ddns.net\/pachuca\/index.php\/wp-json\/wp\/v2\/media\/77681"}],"wp:attachment":[{"href":"https:\/\/soydeaqui.ddns.net\/pachuca\/index.php\/wp-json\/wp\/v2\/media?parent=77682"}],"wp:term":[{"taxonomy":"product_brand","embeddable":true,"href":"https:\/\/soydeaqui.ddns.net\/pachuca\/index.php\/wp-json\/wp\/v2\/product_brand?post=77682"},{"taxonomy":"product_cat","embeddable":true,"href":"https:\/\/soydeaqui.ddns.net\/pachuca\/index.php\/wp-json\/wp\/v2\/product_cat?post=77682"},{"taxonomy":"product_tag","embeddable":true,"href":"https:\/\/soydeaqui.ddns.net\/pachuca\/index.php\/wp-json\/wp\/v2\/product_tag?post=77682"}],"curies":[{"name":"wp","href":"https:\/\/api.w.org\/{rel}","templated":true}]}}