{"id":77474,"date":"2026-03-19T16:03:03","date_gmt":"2026-03-19T16:03:03","guid":{"rendered":"https:\/\/soydeaqui.ddns.net\/pachuca\/index.php\/producto\/jabra-evolve2-65-auricular-stereo-version-uc-dongle-usb-a-con-cancelacion-de-ruido-26599-999-999\/"},"modified":"2026-03-19T16:03:04","modified_gmt":"2026-03-19T16:03:04","slug":"jabra-evolve2-65-auricular-stereo-version-uc-dongle-usb-a-con-cancelacion-de-ruido-26599-999-999","status":"publish","type":"product","link":"https:\/\/soydeaqui.ddns.net\/pachuca\/index.php\/producto\/jabra-evolve2-65-auricular-stereo-version-uc-dongle-usb-a-con-cancelacion-de-ruido-26599-999-999\/","title":{"rendered":"Jabra Evolve2 65, Auricular stereo versi\u00f3n UC, dongle USB-A con cancelaci\u00f3n de ruido (26599-999-999)"},"content":{"rendered":"<div style='width: 100%; max-width: 1200px; margin: 0 auto; font-family: sans-serif; line-height: 1.6; color: inherit; background-color: transparent;'>\n<div style='display: flex; flex-direction: column; gap: 30px;'>\n<div style='text-align: center;'>\n<h4 style='font-size: 22px; color: inherit; opacity: 0.8; margin: 0;'>AISLAMIENTO DEL RUIDO<\/h4>\n<h2 style='font-size: 30px; color: inherit; margin: 15px 0;'>A\u00edsla tus o\u00eddos del ruido.<\/h2>\n<\/div>\n<div style='display: flex; flex-wrap: wrap; gap: 20px; align-items: center; justify-content: center;'>\n<div style='flex: 1 1 200px; max-width: 40px; height: 2px; background-color: #f0f606;'><\/div>\n<\/div>\n<h2 style='text-align: center; font-size: 24px; color: inherit; margin: 20px 0;'>Olv\u00eddate de esconderte cuando est\u00e1s trabajando.<\/h2>\n<div style='display: flex; flex-wrap: wrap; gap: 30px; margin: 20px 0;'>\n<div style='flex: 1 1 300px; min-width: 280px;'>\n<div style='background-color: #2a2a2a; height: 20px;'><\/div>\n<p style='text-align: justify; font-size: 14px; color: inherit; margin: 15px 0;'>Llevamos nuestra &#8216;luz de ocupado&#8217; Busylight a un nivel totalmente nuevo&comma; pues ahora se puede ver desde cualquier direcci\u00f3n. La luz roja se activa autom\u00e1ticamente cuando est\u00e1s haciendo una llamada o en una reuni\u00f3n&comma; o puedes activarla t\u00fa mismo con tan solo pulsar un bot\u00f3n. Por lo tanto&comma; incluso si est\u00e1s en el centro de la acci\u00f3n&comma; tu luz de aviso Busylight te proteger\u00e1 desde todos los \u00e1ngulos y contra todas las interrupciones.<\/p>\n<p style='font-size: 14px; color: inherit; margin: 15px 0;'>Es como tener un guardia de seguridad integrado para cuidar tu concentraci\u00f3n.<\/p>\n<\/div>\n<div style='flex: 1 1 300px; min-width: 280px; display: flex; justify-content: center; align-items: center;'>\n<div style='position: relative; padding-bottom: 56.25%; height: 0; overflow: hidden; width: 100%;'> <\/div>\n<\/div>\n<\/div>\n<div style='display: flex; flex-direction: column; align-items: center;'>\n<h2 style='font-size: 30px; color: inherit; margin: 30px 0 15px; text-align: center;'>Llamadas maravillosas.<\/h2>\n<div style='display: flex; flex-wrap: wrap; gap: 20px; align-items: center; justify-content: center;'>\n<div style='flex: 1 1 200px; max-width: 40px; height: 2px; background-color: #f0f606;'><\/div>\n<\/div>\n<div style='display: flex; flex-wrap: wrap; gap: 30px; margin: 30px 0;'>\n<div style='flex: 1 1 300px; min-width: 280px;'>\n<div style='position: relative; width: 100%;'>\n<div style='display: flex; justify-content: center; align-items: center; overflow: hidden; border-radius: 8px; margin-bottom: 20px;'><img style='width: 100%; height: auto; border: 1px solid rgba(150&comma;150&comma;150&comma;0.3); border-radius: 8px;' src='https:\/\/ftp3.syscom.mx\/usuarios\/fotos\/EVOLVE265STEREOUCBKA\/189756-captura_de_pantalla_2021-04-12_a_la(s)_14.01.36.png' alt=''><\/p>\n<div style='position: absolute; top: 50%; left: 0; transform: translateY(-50%); padding: 0 10px; display: flex; justify-content: center; width: 100%;'><button style='background: rgba(0&comma;0&comma;0&comma;0.5); border: none; border-radius: 50%; width: 40px; height: 40px; color: white; font-size: 20px; cursor: pointer;'>\u2039<\/button><button style='background: rgba(0&comma;0&comma;0&comma;0.5); border: none; border-radius: 50%; width: 40px; height: 40px; color: white; font-size: 20px; margin-left: auto; cursor: pointer;'>\u203a<\/button><\/div>\n<\/div>\n<p><img style='width: 100%; height: auto; border: 1px solid rgba(150&comma;150&comma;150&comma;0.3); border-radius: 8px; margin: 10px 0;' src='https:\/\/ftp3.syscom.mx\/usuarios\/fotos\/EVOLVE265STEREOUCBKA\/189756-captura_de_pantalla_2021-04-12_a_la(s)_14.01.48.png' alt=''><img style='width: 100%; height: auto; border: 1px solid rgba(150&comma;150&comma;150&comma;0.3); border-radius: 8px; margin: 10px 0;' src='https:\/\/ftp3.syscom.mx\/usuarios\/fotos\/EVOLVE265STEREOUCBKA\/189756-captura_de_pantalla_2021-04-12_a_la(s)_14.02.00.png' alt=''><\/div>\n<div style='flex: 1 1 300px; min-width: 280px;'>\n<p style='font-size: 14px; color: inherit; margin: 15px 0;'>Unos resultados sobresalientes requieren de un rendimiento de llamadas igual de sobresaliente; mientras que un audio fluido y profesional marca la diferencia. Tomamos el incre\u00edble rendimiento de las llamadas de nuestra Serie Evolve y lo mejoramos a\u00fan m\u00e1s&comma; dise\u00f1ando tres poderosos micr\u00f3fonos profesionales estrat\u00e9gicamente colocados y agregando nuestro avanzado chipset digital y lo \u00faltimo en tecnolog\u00eda de procesamiento de se\u00f1ales. El resultado es una calidad de llamada excepcional&comma; siempre.<\/p>\n<\/div>\n<\/div>\n<div style='display: flex; flex-direction: column; align-items: center;'>\n<h4 style='font-size: 22px; color: inherit; opacity: 0.8; margin: 30px 0 15px; text-align: center;'>M\u00daSICA<\/h4>\n<h2 style='font-size: 30px; color: inherit; text-align: center; margin: 0;'>La m\u00fasica es tan buena que se puede sentir.<\/h2>\n<\/div>\n<h3 style='font-size: 20px; color: inherit; margin: 25px 0 10px; border-bottom: 2px solid currentColor; padding-bottom: 5px; opacity: 0.8;'>Bater\u00eda que dura d\u00edas.<\/h3>\n<div style='display: flex; flex-wrap: wrap; gap: 30px; margin: 20px 0;'>\n<div style='flex: 1 1 300px; min-width: 280px;'>\n<p style='font-size: 14px; color: inherit; margin: 15px 0;'>Ya sea que te la pases entrando y saliendo de reuniones&comma; caminando por los pasillos o trabajando a distancia&comma; es bueno saber que tus auriculares pueden seguirte el ritmo. Nuestra tecnolog\u00eda de eficiencia avanzada de la bater\u00eda y este incre\u00edble chipset nos han ayudado a lograr que estos poderosos auriculares inal\u00e1mbricos puedan funcionar durante 37 horas*&comma; un tiempo l\u00edder en la industria.<\/p>\n<p style='font-size: 14px; color: inherit; margin: 15px 0;'>Por supuesto&comma; tambi\u00e9n te tenemos cubierto con su pr\u00e1ctico soporte de carga&comma; si es que alguna vez lo necesitas.<\/p>\n<div style='margin: 20px 0;'>\n<h4 style='font-size: 16px; color: inherit; margin: 10px 0;'><strong>Carga completa<\/strong><\/h4>\n<p style='font-size: 14px; color: inherit; margin: 5px 0;'>Consigue 37 horas de autonom\u00eda en 90 minutos.<\/p>\n<h4 style='font-size: 16px; color: inherit; margin: 10px 0;'><strong>Carga r\u00e1pida<\/strong><\/h4>\n<p style='font-size: 14px; color: inherit; margin: 5px 0;'>Consigue 8 horas de autonom\u00eda en 15 minutos.<\/p>\n<\/div>\n<\/div>\n<\/div>\n<div style='display: flex; flex-direction: column; gap: 20px;'>\n<h3 style='font-size: 20px; color: inherit; margin: 30px 0 10px; border-bottom: 2px solid currentColor; padding-bottom: 5px; opacity: 0.8;'>Especificaciones t\u00e9cnicas<\/h3>\n<div style='display: flex; flex-wrap: wrap; gap: 20px; margin: 20px 0;'>\n<div style='flex: 1 1 300px; min-width: 280px; border: 1px solid rgba(150&comma; 150&comma; 150&comma; 0.4); border-radius: 8px; overflow: hidden;'>\n<div style='padding: 15px; border-bottom: 1px solid rgba(150&comma; 150&comma; 150&comma; 0.2); font-weight: bold; font-size: 18px; color: inherit;'>Audio<\/div>\n<div style='padding: 15px; color: inherit;'>\n<ul style='padding-left: 20px; margin: 0; font-size: 14px; list-style-type: disc;'>\n<li style='margin-bottom: 5px;'><strong>Cancelaci\u00f3n activa de ruido:<\/strong> N\/D<\/li>\n<li style='margin-bottom: 5px;'><strong>Tama\u00f1o de bocina:<\/strong> 40 mm \u00d8<\/li>\n<li style='margin-bottom: 5px;'><strong>Sensibilidad del altavoz:<\/strong> 117 dB @1 mW-1 kHz<\/li>\n<li style='margin-bottom: 5px;'><strong>Alimentaci\u00f3n m\u00e1xima del altavoz:<\/strong> 30 mW<\/li>\n<li style='margin-bottom: 5px;'><strong>Rango de frecuencia de la bocina:<\/strong> 20 Hz &#8211; 20 000 Hz<\/li>\n<li style='margin-bottom: 5px;'><strong>Ancho de banda del altavoz: modo m\u00fasica:<\/strong> 20 Hz &#8211; 20 000 Hz<\/li>\n<li style='margin-bottom: 5px;'><strong>Ancho de banda del altavoz&comma; modo Conversaci\u00f3n:<\/strong> 100 Hz &#8211; 8000 Hz<\/li>\n<li style='margin-bottom: 5px;'><strong>Tipo de micr\u00f3fono:<\/strong> 3 MEMS digitales<\/li>\n<li style='margin-bottom: 5px;'><strong>Sensibilidad del micr\u00f3fono:<\/strong> -26 dBFS\/Pa<\/li>\n<li style='margin-bottom: 5px;'><strong>Rango de frecuencia del micr\u00f3fono:<\/strong> 100 Hz &#8211; 8000 Hz<\/li>\n<li style='margin-bottom: 5px;'><strong>C\u00f3decs de audio admitidos:<\/strong> SBC<\/li>\n<li style='margin-bottom: 5px;'><strong>Protecci\u00f3n ac\u00fastica para usuarios:<\/strong> Jabra SafeToneTM<\/li>\n<li style='margin-bottom: 5px;'><strong>Certificaciones:<\/strong> Principales proveedores de UC; cumplen con los requisitos de Microsoft Teams para oficinas abiertas*<\/li>\n<\/ul>\n<\/div>\n<\/div>\n<div style='flex: 1 1 300px; min-width: 280px; border: 1px solid rgba(150&comma; 150&comma; 150&comma; 0.4); border-radius: 8px; overflow: hidden;'>\n<div style='padding: 15px; border-bottom: 1px solid rgba(150&comma; 150&comma; 150&comma; 0.2); font-weight: bold; font-size: 18px; color: inherit;'>Ajuste y comodidad<\/div>\n<div style='padding: 15px; color: inherit;'>\n<ul style='padding-left: 20px; margin: 0; font-size: 14px; list-style-type: disc;'>\n<li style='margin-bottom: 5px;'><strong>Forma de los auriculares:<\/strong> Diadema por encima de la oreja<\/li>\n<\/ul>\n<\/div>\n<\/div>\n<div style='flex: 1 1 300px; min-width: 280px; border: 1px solid rgba(150&comma; 150&comma; 150&comma; 0.4); border-radius: 8px; overflow: hidden;'>\n<div style='padding: 15px; border-bottom: 1px solid rgba(150&comma; 150&comma; 150&comma; 0.2); font-weight: bold; font-size: 18px; color: inherit;'>Conectividad<\/div>\n<div style='padding: 15px; color: inherit;'>\n<ul style='padding-left: 20px; margin: 0; font-size: 14px; list-style-type: disc;'>\n<li style='margin-bottom: 5px;'><strong>Conexi\u00f3n (ordenador y dispositivos m\u00f3viles):<\/strong> Adaptador Bluetooth (USB-A)&comma; Bluetooth<\/li>\n<li style='margin-bottom: 5px;'><strong>Dispositivo Bluetooth\u00ae:<\/strong> S\u00ed<\/li>\n<li style='margin-bottom: 5px;'><strong>Versi\u00f3n de Bluetooth:<\/strong> Bluetooth 5.0<\/li>\n<li style='margin-bottom: 5px;'><strong>Perfiles Bluetooth:<\/strong> HSP v1.2&comma; HFP v1.7&comma; A2DP v1.3&comma; AVRCP v1.6&comma; PBAP v1.1&comma; SPP v1.2<\/li>\n<li style='margin-bottom: 5px;'><strong>Rango de operaci\u00f3n:<\/strong> Hasta 30 m\/hasta 100 ft<\/li>\n<li style='margin-bottom: 5px;'><strong>Lista de sincronizaci\u00f3n Bluetooth:<\/strong> Hasta 8 dispositivos<\/li>\n<li style='margin-bottom: 5px;'><strong>Conexiones Bluetooth simult\u00e1neas:<\/strong> 2<\/li>\n<\/ul>\n<\/div>\n<\/div>\n<div style='flex: 1 1 300px; min-width: 280px; border: 1px solid rgba(150&comma; 150&comma; 150&comma; 0.4); border-radius: 8px; overflow: hidden;'>\n<div style='padding: 15px; border-bottom: 1px solid rgba(150&comma; 150&comma; 150&comma; 0.2); font-weight: bold; font-size: 18px; color: inherit;'>Bater\u00eda<\/div>\n<div style='padding: 15px; color: inherit;'>\n<ul style='padding-left: 20px; margin: 0; font-size: 14px; list-style-type: disc;'>\n<li style='margin-bottom: 5px;'><strong>Tiempo de m\u00fasica:<\/strong> Hasta 37 horas<\/li>\n<li style='margin-bottom: 5px;'><strong>Tiempo en conversaci\u00f3n:<\/strong> Hasta 35 horas (sin busylight) y hasta 24 horas (con busylight)<\/li>\n<li style='margin-bottom: 5px;'><strong>Tiempo de carga:<\/strong> Hasta 90 min<\/li>\n<li style='margin-bottom: 5px;'><strong>Consumo de energ\u00eda:<\/strong> 5 V\/500 mA<\/li>\n<li style='margin-bottom: 5px;'><strong>Estado de la bater\u00eda en % tras 30 min\/60 min:<\/strong> 40% despu\u00e9s de 30 min y 80% despu\u00e9s de 60 min<\/li>\n<\/ul>\n<\/div>\n<\/div>\n<div style='flex: 1 1 300px; min-width: 280px; border: 1px solid rgba(150&comma; 150&comma; 150&comma; 0.4); border-radius: 8px; overflow: hidden;'>\n<div style='padding: 15px; border-bottom: 1px solid rgba(150&comma; 150&comma; 150&comma; 0.2); font-weight: bold; font-size: 18px; color: inherit;'>General<\/div>\n<div style='padding: 15px; color: inherit;'>\n<ul style='padding-left: 20px; margin: 0; font-size: 14px; list-style-type: disc;'>\n<li style='margin-bottom: 5px;'><strong>Contenido del embalaje:<\/strong> Auriculares&comma; adaptador de base de escritorio (depende de la referencia de SKU) Jabra Link 380 BT&comma; funda flexible&comma; garant\u00eda y advertencias (folletos de seguridad)<\/li>\n<li style='margin-bottom: 5px;'><strong>Dimensiones del embalaje (l. \u00d7 an. \u00d7 al.):<\/strong> Sin lote completo: 18&comma;85 x 5&comma;3 x 21&comma;7 cm\/7&comma;42 x 2&comma;09 x 8&comma;54 in Con lote completo: 18&comma;85 x 10&comma;35 x 25 cm\/7&comma;42 x 4&comma;07 x 9&comma;84 in<\/li>\n<li style='margin-bottom: 5px;'><strong>Dimensi\u00f3n de unidad principal:<\/strong> Est\u00e9reo 186 x 157 x 60&comma;5 mm\/7&comma;32 x 6&comma;18 x 2&comma;38 in Mono 150 x 157 x 60&comma;5 mm\/5&comma;9 x 6&comma;18 x 2&comma;38 in<\/li>\n<li style='margin-bottom: 5px;'><strong>Peso (incluyendo estilo principal):<\/strong> Est\u00e9reo 176&comma;4 g\/6&comma;22 oz Mono 99&comma;2 g\/3&comma;49 oz<\/li>\n<li style='margin-bottom: 5px;'><strong>Material usado:<\/strong> Acolchado de la diadema de espuma ultrasuave cubierta de silicona a juego&comma; almohadillas de espuma suave cubiertas de polipiel a juego&comma; brazo articulado de aluminio<\/li>\n<li style='margin-bottom: 5px;'><strong>Tipo de bater\u00eda:<\/strong> Bater\u00eda de iones de litio recargable<\/li>\n<li style='margin-bottom: 5px;'><strong>Garant\u00eda:<\/strong> 2 a\u00f1os<\/li>\n<li style='margin-bottom: 5px;'><strong>Jabra Direct\/Jabra Express:<\/strong> S\u00ed<\/li>\n<li style='margin-bottom: 5px;'><strong>Jabra Sound+:<\/strong> S\u00ed<\/li>\n<li><strong>Caracter\u00edsticas y funciones LED:<\/strong> Busylight&comma; llamada entrante<\/li>\n<\/ul>\n<\/div>\n<\/div>\n<\/div>\n<div style='display: flex; flex-direction: column; align-items: center; margin-top: 30px;'>\n<h2 style='font-size: 30px; color: inherit; text-align: center; margin: 20px 0;'>Jabra Direct<\/h2>\n<div style='width: 100%; max-width: 600px;'><img style='width: 100%; height: auto; border: 1px solid rgba(150&comma;150&comma;150&comma;0.3); border-radius: 8px;' src='https:\/\/ftp3.syscom.mx\/usuarios\/fotos\/EVOLVE285UCBKA\/187567-captura_de_pantalla_2021-04-12_a_la(s)_12.02.54.png' alt=''><\/div>\n<\/div>\n<\/div>\n<\/div>\n<\/div>\n","protected":false},"excerpt":{"rendered":"<p>Jabra Evolve2 65, Auricular stereo versi\u00f3n UC, dongle USB-A con cancelaci\u00f3n de ruido (26599-999-999)<\/p>\n","protected":false},"featured_media":77473,"comment_status":"open","ping_status":"closed","template":"","meta":[],"product_brand":[],"product_cat":[2050],"product_tag":[2051,2052,2004],"class_list":{"0":"post-77474","1":"product","2":"type-product","3":"status-publish","4":"has-post-thumbnail","6":"product_cat-auriculares","7":"product_tag-auriculares","8":"product_tag-jabra","9":"product_tag-voip-telefonia-ip-videoconferencia","11":"first","12":"outofstock","13":"sale","14":"shipping-taxable","15":"purchasable","16":"product-type-simple"},"_links":{"self":[{"href":"https:\/\/soydeaqui.ddns.net\/pachuca\/index.php\/wp-json\/wp\/v2\/product\/77474","targetHints":{"allow":["GET"]}}],"collection":[{"href":"https:\/\/soydeaqui.ddns.net\/pachuca\/index.php\/wp-json\/wp\/v2\/product"}],"about":[{"href":"https:\/\/soydeaqui.ddns.net\/pachuca\/index.php\/wp-json\/wp\/v2\/types\/product"}],"replies":[{"embeddable":true,"href":"https:\/\/soydeaqui.ddns.net\/pachuca\/index.php\/wp-json\/wp\/v2\/comments?post=77474"}],"wp:featuredmedia":[{"embeddable":true,"href":"https:\/\/soydeaqui.ddns.net\/pachuca\/index.php\/wp-json\/wp\/v2\/media\/77473"}],"wp:attachment":[{"href":"https:\/\/soydeaqui.ddns.net\/pachuca\/index.php\/wp-json\/wp\/v2\/media?parent=77474"}],"wp:term":[{"taxonomy":"product_brand","embeddable":true,"href":"https:\/\/soydeaqui.ddns.net\/pachuca\/index.php\/wp-json\/wp\/v2\/product_brand?post=77474"},{"taxonomy":"product_cat","embeddable":true,"href":"https:\/\/soydeaqui.ddns.net\/pachuca\/index.php\/wp-json\/wp\/v2\/product_cat?post=77474"},{"taxonomy":"product_tag","embeddable":true,"href":"https:\/\/soydeaqui.ddns.net\/pachuca\/index.php\/wp-json\/wp\/v2\/product_tag?post=77474"}],"curies":[{"name":"wp","href":"https:\/\/api.w.org\/{rel}","templated":true}]}}