{"id":77446,"date":"2026-03-19T16:01:43","date_gmt":"2026-03-19T16:01:43","guid":{"rendered":"https:\/\/soydeaqui.ddns.net\/pachuca\/index.php\/producto\/netpower-15fr-switch-exterior-de-18-puertos-con-15-puertos-poe-inversos-y-sfp\/"},"modified":"2026-03-19T16:01:48","modified_gmt":"2026-03-19T16:01:48","slug":"netpower-15fr-switch-exterior-de-18-puertos-con-15-puertos-poe-inversos-y-sfp","status":"publish","type":"product","link":"https:\/\/soydeaqui.ddns.net\/pachuca\/index.php\/producto\/netpower-15fr-switch-exterior-de-18-puertos-con-15-puertos-poe-inversos-y-sfp\/","title":{"rendered":"(netPower 15FR) Switch exterior de 18 puertos con 15 puertos PoE inversos y SFP"},"content":{"rendered":"<div style='width: 100%; max-width: 1200px; margin: 0 auto; font-family: sans-serif; line-height: 1.6; color: inherit; background-color: transparent;'>\n<div style='display: flex; flex-direction: column; gap: 30px;'>\n<div>\n<p style='font-size: 15px; margin: 0 0 15px 0; color: inherit; line-height: 1.6;'> Con el conmutador netPower 15FR puede olvidarse de las costosas estaciones base GPON y los divisores \u00f3pticos. Este conmutador es parte de nuestro concepto GPEN&comma; cuyo objetivo es brindar la velocidad y versatilidad de las redes de fibra mientras se utilizan las ventajas de Ethernet. Es una forma f\u00e1cil de implementar y de bajo costo para que cualquier ISP entregue Internet a apartamentos individuales. <\/p>\n<p style='font-size: 15px; margin: 0 0 15px 0; color: inherit; line-height: 1.6;'> No tiene que preocuparse por las opciones de energ\u00eda en el \u00e1tico o en el cuarto de servicio: netPower 15FR tiene 15 puertos PoE inversos. Dependiendo de su configuraci\u00f3n&comma; netPower puede obtener la energ\u00eda necesaria incluso de un solo cliente. El puerto Ethernet 15 puede alimentar otros dispositivos con capacidad PoE con el mismo voltaje que se aplica a la unidad. <\/p>\n<p style='font-size: 15px; margin: 0 0 15px 0; color: inherit; line-height: 1.6;'> Hay dos puertos SFP para conectividad de fibra. El recinto para exteriores le permite instalar este interruptor en todo tipo de entornos&comma; desde \u00e1ticos h\u00famedos hasta huecos de ascensores y diferentes postes con abrazaderas de manguera. netPower 15FR: \u00a1reduciendo el costo y aumentando la velocidad! <\/p>\n<p style='font-size: 15px; margin: 0 0 15px 0; color: inherit; line-height: 1.6;'> netPower 15FR tiene un rendimiento sin bloqueo de 3.6 Gbps&comma; una capacidad de conmutaci\u00f3n de 7.2 Gbps y una tasa de reenv\u00edo de 5.4 Mpps. <\/p>\n<p style='font-size: 15px; margin: 0 0 15px 0; color: inherit; line-height: 1.6;'> La fuente de alimentaci\u00f3n NO est\u00e1 incluida con el producto; debe comprarse por separado. <a style='color: #4984ae; text-decoration: none;' href='https:\/\/mt.lv\/gpen_concept'>Lea m\u00e1s informaci\u00f3n sobre el concepto GPEN.<\/a> <\/p>\n<\/p><\/div>\n<div style='display: flex; flex-direction: column; gap: 20px;'>\n<div style='border: 1px solid rgba(150&comma; 150&comma; 150&comma; 0.4); border-radius: 8px; overflow: hidden;'>\n<div style='padding: 15px; border-bottom: 1px solid rgba(150&comma; 150&comma; 150&comma; 0.2); font-weight: bold; font-size: 18px; color: inherit;'>Especificaciones<\/div>\n<div style='padding: 15px; color: inherit;'>\n<ul style='padding-left: 20px; margin: 0; font-size: 14px; list-style: disc;'>\n<li style='margin-bottom: 5px;'><strong>C\u00f3digo de producto:<\/strong> CRS318-1Fi-15Fr-2S-OUT<\/li>\n<li style='margin-bottom: 5px;'><strong>Arquitectura:<\/strong> ARM 32bit<\/li>\n<li style='margin-bottom: 5px;'><strong>CPU:<\/strong> 98DX224S<\/li>\n<li style='margin-bottom: 5px;'><strong>Recuento de n\u00facleos de CPU:<\/strong> 1<\/li>\n<li style='margin-bottom: 5px;'><strong>Frecuencia nominal de la CPU:<\/strong> 800 MHz<\/li>\n<li style='margin-bottom: 5px;'><strong>Dimensiones:<\/strong> 304 x 212 x 71 mm<\/li>\n<li style='margin-bottom: 5px;'><strong>Nivel de licencia:<\/strong> 5<\/li>\n<li style='margin-bottom: 5px;'><strong>Sistema operativo:<\/strong> SwOS \/ RouterOS (arranque dual)<\/li>\n<li style='margin-bottom: 5px;'><strong>Tama\u00f1o de RAM:<\/strong> 256 MB<\/li>\n<li style='margin-bottom: 5px;'><strong>Tama\u00f1o de almacenamiento:<\/strong> 16 MB<\/li>\n<li style='margin-bottom: 5px;'><strong>Tipo de almacenamiento:<\/strong> FLASH<\/li>\n<li style='margin-bottom: 5px;'><strong>Temperatura ambiente probada:<\/strong> -40 \u00b0C hasta 70 \u00b0C<\/li>\n<\/ul><\/div>\n<\/p><\/div>\n<div style='border: 1px solid rgba(150&comma; 150&comma; 150&comma; 0.4); border-radius: 8px; overflow: hidden;'>\n<div style='padding: 15px; border-bottom: 1px solid rgba(150&comma; 150&comma; 150&comma; 0.2); font-weight: bold; font-size: 18px; color: inherit;'>Alimentaci\u00f3n<\/div>\n<div style='padding: 15px; color: inherit;'>\n<ul style='padding-left: 20px; margin: 0; font-size: 14px; list-style: disc;'>\n<li style='margin-bottom: 5px;'><strong>PoE entrada:<\/strong> PoE pasivo<\/li>\n<li style='margin-bottom: 5px;'><strong>PoE in voltaje de entrada:<\/strong> 18-57 V (recomendado 36-57 V)<\/li>\n<li style='margin-bottom: 5px;'><strong>N\u00famero de entradas DC:<\/strong> 16 (PoE-IN&comma; toma de CC)<\/li>\n<li style='margin-bottom: 5px;'><strong>Voltaje de entrada DC jack:<\/strong> 18-57 V<\/li>\n<li style='margin-bottom: 5px;'><strong>Consumo m\u00e1ximo de energ\u00eda:<\/strong> 29 W<\/li>\n<li style='margin-bottom: 5px;'><strong>Consumo m\u00e1ximo de energ\u00eda sin accesorios:<\/strong> 10 W<\/li>\n<\/ul><\/div>\n<\/p><\/div>\n<div style='border: 1px solid rgba(150&comma; 150&comma; 150&comma; 0.4); border-radius: 8px; overflow: hidden;'>\n<div style='padding: 15px; border-bottom: 1px solid rgba(150&comma; 150&comma; 150&comma; 0.2); font-weight: bold; font-size: 18px; color: inherit;'>PoE-out<\/div>\n<div style='padding: 15px; color: inherit;'>\n<ul style='padding-left: 20px; margin: 0; font-size: 14px; list-style: disc;'>\n<li style='margin-bottom: 5px;'><strong>Puertos de salida PoE:<\/strong> Ether 15<\/li>\n<li style='margin-bottom: 5px;'><strong>PoE hacia fuera:<\/strong> PoE pasivo<\/li>\n<li style='margin-bottom: 5px;'><strong>Salida m\u00e1xima por puerto de salida (entrada <30 V):<\/strong> 0&comma;75 A<\/li>\n<li style='margin-bottom: 5px;'><strong>Salida m\u00e1xima por puerto de salida (entrada> 30 V):<\/strong> 0&comma;5 A<\/li>\n<li style='margin-bottom: 5px;'><strong>Salida total m\u00e1xima (A):<\/strong> 0&comma;75 A<\/li>\n<\/ul><\/div>\n<\/p><\/div>\n<div style='border: 1px solid rgba(150&comma; 150&comma; 150&comma; 0.4); border-radius: 8px; overflow: hidden;'>\n<div style='padding: 15px; border-bottom: 1px solid rgba(150&comma; 150&comma; 150&comma; 0.2); font-weight: bold; font-size: 18px; color: inherit;'>Ethernet<\/div>\n<div style='padding: 15px; color: inherit;'>\n<ul style='padding-left: 20px; margin: 0; font-size: 14px; list-style: disc;'>\n<li style='margin-bottom: 5px;'><strong>Puertos Ethernet 10\/100:<\/strong> 16<\/li>\n<\/ul><\/div>\n<\/p><\/div>\n<div style='border: 1px solid rgba(150&comma; 150&comma; 150&comma; 0.4); border-radius: 8px; overflow: hidden;'>\n<div style='padding: 15px; border-bottom: 1px solid rgba(150&comma; 150&comma; 150&comma; 0.2); font-weight: bold; font-size: 18px; color: inherit;'>Fibra<\/div>\n<div style='padding: 15px; color: inherit;'>\n<ul style='padding-left: 20px; margin: 0; font-size: 14px; list-style: disc;'>\n<li style='margin-bottom: 5px;'><strong>Puertos SFP:<\/strong> 2<\/li>\n<\/ul><\/div>\n<\/p><\/div>\n<div style='border: 1px solid rgba(150&comma; 150&comma; 150&comma; 0.4); border-radius: 8px; overflow: hidden;'>\n<div style='padding: 15px; border-bottom: 1px solid rgba(150&comma; 150&comma; 150&comma; 0.2); font-weight: bold; font-size: 18px; color: inherit;'>Otro<\/div>\n<div style='padding: 15px; color: inherit;'>\n<ul style='padding-left: 20px; margin: 0; font-size: 14px; list-style: disc;'>\n<li style='margin-bottom: 5px;'><strong>Monitor de temperatura de la CPU:<\/strong> si<\/li>\n<li style='margin-bottom: 5px;'><strong>Monitor de voltaje:<\/strong> si<\/li>\n<\/ul><\/div>\n<\/p><\/div>\n<div style='border: 1px solid rgba(150&comma; 150&comma; 150&comma; 0.4); border-radius: 8px; overflow: hidden;'>\n<div style='padding: 15px; border-bottom: 1px solid rgba(150&comma; 150&comma; 150&comma; 0.2); font-weight: bold; font-size: 18px; color: inherit;'>Certificaciones y aprobaciones<\/div>\n<div style='padding: 15px; color: inherit;'>\n<ul style='padding-left: 20px; margin: 0; font-size: 14px; list-style: disc;'>\n<li style='margin-bottom: 5px;'><strong>Certificaci\u00f3n:<\/strong> CE\/RED&comma; EAC&comma; ROHS<\/li>\n<\/ul><\/div>\n<\/p><\/div>\n<\/p><\/div>\n<hr style='border: 0; border-top: 1px solid rgba(150&comma; 150&comma; 150&comma; 0.3); margin: 30px 0;'>\n<div style='display: flex; flex-direction: column; gap: 15px;'>\n<div style='font-weight: bold; font-size: 18px; color: inherit; opacity: 0.8; margin-bottom: 10px;'>Partes incluidas<\/div>\n<div style='display: grid; grid-template-columns: repeat(auto-fill&comma; minmax(140px&comma; 1fr)); gap: 15px;'>\n<div style='text-align: center;'> <a style='color: #4984ae; text-decoration: none;' href='https:\/\/i.mt.lv\/cdn\/rb_images\/part1031582186492m.jpg'> <img style='width: 100%; height: auto; border: 1px solid rgba(150&comma;150&comma;150&comma;0.3); border-radius: 8px;' src='https:\/\/i.mt.lv\/cdn\/rb_images\/part1031582186492s.jpg' alt='Abrazadera de manguera 2'> <\/p>\n<div style='margin-top: 8px; font-size: 14px;'>Abrazadera de manguera 2<\/div>\n<p> <\/a> <\/div>\n<div style='text-align: center;'> <a style='color: #4984ae; text-decoration: none;' href='https:\/\/i.mt.lv\/cdn\/rb_images\/part1051582186544m.jpg'> <img style='width: 100%; height: auto; border: 1px solid rgba(150&comma;150&comma;150&comma;0.3); border-radius: 8px;' src='https:\/\/i.mt.lv\/cdn\/rb_images\/part1051582186544s.jpg' alt='Conjunto de fijaci\u00f3n K-66'> <\/p>\n<div style='margin-top: 8px; font-size: 14px;'>Conjunto de fijaci\u00f3n K-66<\/div>\n<p> <\/a> <\/div>\n<div style='text-align: center;'> <a style='color: #4984ae; text-decoration: none;' href='https:\/\/i.mt.lv\/cdn\/rb_images\/part1041582186513m.jpg'> <img style='width: 100%; height: auto; border: 1px solid rgba(150&comma;150&comma;150&comma;0.3); border-radius: 8px;' src='https:\/\/i.mt.lv\/cdn\/rb_images\/part1041582186513s.jpg' alt='Adaptador DC a bloque de terminales'> <\/p>\n<div style='margin-top: 8px; font-size: 14px;'>Adaptador DC a bloque de terminales<\/div>\n<p> <\/a> <\/div>\n<\/p><\/div>\n<\/p><\/div>\n<\/p><\/div>\n<\/p><\/div>\n","protected":false},"excerpt":{"rendered":"<p>(netPower 15FR) Switch exterior de 18 puertos con 15 puertos PoE inversos y SFP<\/p>\n","protected":false},"featured_media":77445,"comment_status":"open","ping_status":"closed","template":"","meta":[],"product_brand":[],"product_cat":[1986],"product_tag":[643,664,1987],"class_list":{"0":"post-77446","1":"product","2":"type-product","3":"status-publish","4":"has-post-thumbnail","6":"product_cat-switches-poe","7":"product_tag-mikrotik","8":"product_tag-networking","9":"product_tag-switches-poe","11":"first","12":"instock","13":"sale","14":"shipping-taxable","15":"purchasable","16":"product-type-simple"},"_links":{"self":[{"href":"https:\/\/soydeaqui.ddns.net\/pachuca\/index.php\/wp-json\/wp\/v2\/product\/77446","targetHints":{"allow":["GET"]}}],"collection":[{"href":"https:\/\/soydeaqui.ddns.net\/pachuca\/index.php\/wp-json\/wp\/v2\/product"}],"about":[{"href":"https:\/\/soydeaqui.ddns.net\/pachuca\/index.php\/wp-json\/wp\/v2\/types\/product"}],"replies":[{"embeddable":true,"href":"https:\/\/soydeaqui.ddns.net\/pachuca\/index.php\/wp-json\/wp\/v2\/comments?post=77446"}],"wp:featuredmedia":[{"embeddable":true,"href":"https:\/\/soydeaqui.ddns.net\/pachuca\/index.php\/wp-json\/wp\/v2\/media\/77445"}],"wp:attachment":[{"href":"https:\/\/soydeaqui.ddns.net\/pachuca\/index.php\/wp-json\/wp\/v2\/media?parent=77446"}],"wp:term":[{"taxonomy":"product_brand","embeddable":true,"href":"https:\/\/soydeaqui.ddns.net\/pachuca\/index.php\/wp-json\/wp\/v2\/product_brand?post=77446"},{"taxonomy":"product_cat","embeddable":true,"href":"https:\/\/soydeaqui.ddns.net\/pachuca\/index.php\/wp-json\/wp\/v2\/product_cat?post=77446"},{"taxonomy":"product_tag","embeddable":true,"href":"https:\/\/soydeaqui.ddns.net\/pachuca\/index.php\/wp-json\/wp\/v2\/product_tag?post=77446"}],"curies":[{"name":"wp","href":"https:\/\/api.w.org\/{rel}","templated":true}]}}