{"id":77244,"date":"2026-03-19T15:53:19","date_gmt":"2026-03-19T15:53:19","guid":{"rendered":"https:\/\/soydeaqui.ddns.net\/pachuca\/index.php\/producto\/poe-600-metros-receptor-para-extensor-poe-tt-8001tpoe-1-puerto-para-recepcion-de-video-y-alimentacion-poe-ideal-para-domos-y-camaras-ip-conexion-en-cascada-soporta-ptzs-de-60-w-so\/"},"modified":"2026-03-19T15:53:34","modified_gmt":"2026-03-19T15:53:34","slug":"poe-600-metros-receptor-para-extensor-poe-tt-8001tpoe-1-puerto-para-recepcion-de-video-y-alimentacion-poe-ideal-para-domos-y-camaras-ip-conexion-en-cascada-soporta-ptzs-de-60-w-so","status":"publish","type":"product","link":"https:\/\/soydeaqui.ddns.net\/pachuca\/index.php\/producto\/poe-600-metros-receptor-para-extensor-poe-tt-8001tpoe-1-puerto-para-recepcion-de-video-y-alimentacion-poe-ideal-para-domos-y-camaras-ip-conexion-en-cascada-soporta-ptzs-de-60-w-so\/","title":{"rendered":"(POE 600 METROS) Receptor para Extensor PoE TT-8001TPOE \/ 1 Puerto  para recepci\u00f3n de video y alimentaci\u00f3n (PoE) \/ IDEAL PARA DOMOS Y CAMARAS IP \/ Conexi\u00f3n en Cascada \/ Soporta PTZ\u00b4s de 60 W \/ Soporta IEEE802.3af\/at"},"content":{"rendered":"<div style='width: 100%; max-width: 1200px; margin: 0 auto; font-family: sans-serif; line-height: 1.6; color: inherit; background-color: transparent;'> <!-- Video y descripci\u00f3n principal --> <\/p>\n<div style='display: flex; flex-wrap: wrap; gap: 30px; margin-bottom: 30px;'>\n<div style='flex: 1 1 500px; min-width: 300px;'>\n<h3 style='font-size: 20px; text-align: center; color: inherit; opacity: 0.8; margin-top: 0; margin-bottom: 15px;'><strong>CLICK EN EL VIDEO<\/strong><\/h3>\n<div style='position: relative; padding-bottom: 56.25%; height: 0; overflow: hidden; margin-bottom: 30px;'>   <\/div>\n<\/p><\/div>\n<div style='flex: 1 1 500px; min-width: 300px;'>\n<h2 style='font-size: 24px; color: inherit; margin-top: 0; margin-bottom: 15px;'>Extensores POE de hasta 600 metros para transmisi\u00f3n de video y alimentaci\u00f3n de camaras y domos IP<\/h2>\n<p style='margin-bottom: 15px;'>Gracias a sus sugerencias Epcom TITANUM ha desarrollado equipos que pueden energizar DOMOS y C\u00c1MARAS PoE a trav\u00e9s de un cable de red a largas distancias. El TT-8001R es un receptor de energ\u00eda (PoE) y Ethernet sobre cable <strong>Cat 5e\/6<\/strong> <strong>100% cobre<\/strong> con una salida de hasta 60W. El TT-8001R se utiliza en conjunto con el equipo TT-8001T-PoE para alcanzar una distancia m\u00e1xima de 600m ya sea en conexi\u00f3n Punto a Punto o en Cascada. Con ello puede resolver las limitaciones de distancias de transmisi\u00f3n de DOMOS y C\u00c1MARAS de red o similares.<\/p>\n<p style='margin-bottom: 15px;'>Cuenta con tecnolog\u00eda de alta velocidad&comma; el ancho de banda f\u00edsico alcanza hasta 100 Mbps (bidireccional). El TT-8001R tiene una protecci\u00f3n integrada contra sobretensiones y rayos de m\u00faltiples etapas para proteger el equipo de video contra picos de voltaje da\u00f1inos y proporcionar inmunidad al ruido para garantizar se\u00f1ales de calidad.<\/p>\n<\/p><\/div>\n<\/p><\/div>\n<p> <!-- Secciones con cards --> <\/p>\n<div style='display: flex; flex-wrap: wrap; gap: 30px; margin-bottom: 30px;'> <!-- Caracter\u00edsticas Principales --> <\/p>\n<div style='flex: 1 1 350px; min-width: 300px;'> <img style='width: 100%; height: auto; border: 1px solid rgba(150&comma;150&comma;150&comma;0.3); border-radius: 8px; margin-bottom: 15px;' src='http:\/\/ftp3.syscom.mx\/usuarios\/hallende\/FolkTitanium\/TT-8001R\/TT8001R-1.png' alt=''> <\/p>\n<div style='border: 1px solid rgba(150&comma; 150&comma; 150&comma; 0.4); border-radius: 8px; overflow: hidden; display: flex; flex-direction: column;'>\n<div style='padding: 15px; border-bottom: 1px solid rgba(150&comma; 150&comma; 150&comma; 0.2); font-weight: bold; font-size: 18px; color: inherit; background-color: rgba(22&comma; 93&comma; 245&comma; 0.1);'>Caracter\u00edsticas Principales:<\/div>\n<div style='padding: 15px; color: inherit;'>\n<ul style='padding-left: 20px; margin: 0; font-size: 14px; list-style-type: disc;'>\n<li style='margin-bottom: 5px;'><strong>Inyecta la alimentaci\u00f3n a dispositivos PoE por el mismo cable de datos<\/strong><\/li>\n<li style='margin-bottom: 5px;'><strong>Soporta modo en cascada; m\u00e1ximo hasta cuatro transmisores<\/strong><\/li>\n<li style='margin-bottom: 5px;'><strong>Distancia m\u00e1xima de transmisi\u00f3n Ethernet hasta 600 metros<\/strong><\/li>\n<li style='margin-bottom: 5px;'>Distancia m\u00e1xima de transmici\u00f3n de potencia hasta 600 metros con una salida m\u00e1xima de 23 W<\/li>\n<li style='margin-bottom: 5px;'><strong>Necesario Cat 5e\/6<\/strong> <strong>100% cobre<\/strong><\/li>\n<li style='margin-bottom: 5px;'><strong>Tecnolog\u00eda de alta velocidad&comma; el ancho de banda alcanza hasta 100Mbps (bidireccional).<\/strong><\/li>\n<li style='margin-bottom: 5px;'><strong>Bajo consumo de energ\u00eda&comma; tecnolog\u00eda de codificaci\u00f3n autom\u00e1tica de correcci\u00f3n de errores<\/strong><\/li>\n<li style='margin-bottom: 5px;'>Dise\u00f1o de protecci\u00f3n contra rayos y sobretensiones fuertes en varias etapas<\/li>\n<li style='margin-bottom: 5px;'>F\u00e1cil de instalar&comma; modo plug &#038; play&comma; conexi\u00f3n de red r\u00e1pida<\/li>\n<\/ul><\/div>\n<\/p><\/div>\n<\/p><\/div>\n<p> <!-- Caracter\u00edsticas F\u00edsicas y El\u00e9ctricas --> <\/p>\n<div style='flex: 1 1 350px; min-width: 300px;'> <img style='width: 100%; height: auto; border: 1px solid rgba(150&comma;150&comma;150&comma;0.3); border-radius: 8px; margin-bottom: 15px;' src='http:\/\/ftp3.syscom.mx\/usuarios\/hallende\/FolkTitanium\/TT-8001R\/TT8001R-2.png' alt=''> <\/p>\n<div style='border: 1px solid rgba(150&comma; 150&comma; 150&comma; 0.4); border-radius: 8px; overflow: hidden; display: flex; flex-direction: column;'>\n<div style='padding: 15px; border-bottom: 1px solid rgba(150&comma; 150&comma; 150&comma; 0.2); font-weight: bold; font-size: 18px; color: inherit; background-color: rgba(22&comma; 93&comma; 245&comma; 0.1);'>Caracter\u00edsticas F\u00edsicas y El\u00e9ctricas:<\/div>\n<div style='padding: 15px; color: inherit;'>\n<ul style='padding-left: 20px; margin: 0; font-size: 14px; list-style-type: disc;'>\n<li style='margin-bottom: 5px;'><strong>Incluye alimentaci\u00f3n 53VDC\/1.85A<\/strong> <span style='color: #0000ff;'>(Fuente de alimentaci\u00f3n incluida)<\/span><\/li>\n<li style='margin-bottom: 5px;'><strong>Cumple con los est\u00e1ndares de IEEE802.3 10BASE-T&comma; IEEE802.3u 100BASE-TX<\/strong><\/li>\n<li style='margin-bottom: 5px;'><strong>Soporta el est\u00e1ndar IEEE802.3af\/at\/bt; detecta y reconoce autom\u00e1ticamente el equipo PD est\u00e1ndar y proporciona alimentaci\u00f3n al equipo PD&comma; m\u00e1ximo 60 watts de salida.<\/strong><\/li>\n<li style='margin-bottom: 5px;'>Dimensiones TX 123 mm (L) \u00d7 54 mm (W) \u00d7 24 mm (H)<\/li>\n<li style='margin-bottom: 5px;'>Peso TX : 129g<\/li>\n<li style='margin-bottom: 5px;'>Temperatura de Operaci\u00f3n: 0 a 55\u00b0C<\/li>\n<li style='margin-bottom: 5px;'>Humedad: 0 ~ 95% (sin condensaci\u00f3n)<\/li>\n<li style='margin-bottom: 5px;'>Color negro<\/li>\n<li style='margin-bottom: 5px;'>Material Aluminio<\/li>\n<li style='margin-bottom: 5px;'><strong>1 A\u00f1o de Garant\u00eda por defectos de f\u00e1brica<\/strong><\/li>\n<\/ul><\/div>\n<\/p><\/div>\n<\/p><\/div>\n<p> <!-- Consideraciones en distancias --> <\/p>\n<div style='flex: 1 1 350px; min-width: 300px;'> <img style='width: 100%; height: auto; border: 1px solid rgba(150&comma;150&comma;150&comma;0.3); border-radius: 8px; margin-bottom: 15px;' src='http:\/\/ftp3.syscom.mx\/usuarios\/hallende\/FolkTitanium\/TT-8001R\/TT8001R-3.png' alt=''> <\/p>\n<div style='border: 1px solid rgba(150&comma; 150&comma; 150&comma; 0.4); border-radius: 8px; overflow: hidden; display: flex; flex-direction: column;'>\n<div style='padding: 15px; border-bottom: 1px solid rgba(150&comma; 150&comma; 150&comma; 0.2); font-weight: bold; font-size: 18px; color: inherit; background-color: rgba(22&comma; 93&comma; 245&comma; 0.1);'>Consideraciones en distancias:<\/div>\n<div style='padding: 15px; color: inherit;'>\n<ul style='padding-left: 20px; margin: 0; font-size: 14px; list-style-type: disc;'>\n<li style='margin-bottom: 5px;'><strong>La distancia entre el switch y el receptor es de 100 metros como m\u00e1ximo.<\/strong><\/li>\n<li style='margin-bottom: 5px;'><strong>La distancia entre la c\u00e1mara IP y el transmisor es de 100 metros como m\u00e1ximo<\/strong><\/li>\n<li style='margin-bottom: 5px;'><strong>La distancia entre el transmisor y el receptor es de 600 metros como m\u00e1ximo<\/strong><\/li>\n<li style='margin-bottom: 5px;'>Si se conectan en cascada 4 transmisores&comma; la distancia m\u00e1xima desde el receptor hasta el \u00faltimo transmisor es de 600 m como m\u00e1ximo&comma; sin importar la distancia entre cada transmisor.<\/li>\n<li style='margin-bottom: 5px;'>Si la primera c\u00e1mara usa 60W&comma; entonces otras c\u00e1maras tendr\u00e1n un menor consumo de energ\u00eda.<\/li>\n<li style='margin-bottom: 5px;'><a style='color: #fc1e0a; text-decoration: none;' href='https:\/\/ftp3.syscom.mx\/usuarios\/hallende\/FolkTitanium\/TT-8001R\/Manual%20de%20usuario%20TT-8001R%20Rev.2.0.pdf' target='_blank' rel='noopener'>M\u00e1s informaci\u00f3n<\/a><\/li>\n<\/ul><\/div>\n<\/p><\/div>\n<\/p><\/div>\n<\/p><\/div>\n<p> <!-- Imagen final --> <\/p>\n<div style='margin-bottom: 30px;'> <img style='width: 100%; height: auto; border: 1px solid rgba(150&comma;150&comma;150&comma;0.3); border-radius: 8px;' src='http:\/\/ftp3.syscom.mx\/usuarios\/hallende\/FolkTitanium\/TT-8001R\/TT8001TR%20Rev.2.0.jpg' alt=''> <\/div>\n<p> <!-- Separador final --> <\/p>\n<hr style='border: 0; border-top: 1px solid rgba(150&comma; 150&comma; 150&comma; 0.3); margin: 30px 0;'> <\/div>\n","protected":false},"excerpt":{"rendered":"<p>(POE 600 METROS) Receptor para Extensor PoE TT-8001TPOE \/ 1 Puerto  para recepci\u00f3n de video y alimentaci\u00f3n (PoE) \/ IDEAL PARA DOMOS Y CAMARAS IP \/ Conexi\u00f3n en Cascada \/ Soporta PTZ\u00b4s de 60 W \/ Soporta IEEE802.3af\/at<\/p>\n","protected":false},"featured_media":77243,"comment_status":"open","ping_status":"closed","template":"","meta":[],"product_brand":[],"product_cat":[1260],"product_tag":[507,1261,664],"class_list":{"0":"post-77244","1":"product","2":"type-product","3":"status-publish","4":"has-post-thumbnail","6":"product_cat-inyectores-poe","7":"product_tag-epcom-titanium","8":"product_tag-inyectores-poe","9":"product_tag-networking","11":"first","12":"instock","13":"sale","14":"shipping-taxable","15":"purchasable","16":"product-type-simple"},"_links":{"self":[{"href":"https:\/\/soydeaqui.ddns.net\/pachuca\/index.php\/wp-json\/wp\/v2\/product\/77244","targetHints":{"allow":["GET"]}}],"collection":[{"href":"https:\/\/soydeaqui.ddns.net\/pachuca\/index.php\/wp-json\/wp\/v2\/product"}],"about":[{"href":"https:\/\/soydeaqui.ddns.net\/pachuca\/index.php\/wp-json\/wp\/v2\/types\/product"}],"replies":[{"embeddable":true,"href":"https:\/\/soydeaqui.ddns.net\/pachuca\/index.php\/wp-json\/wp\/v2\/comments?post=77244"}],"wp:featuredmedia":[{"embeddable":true,"href":"https:\/\/soydeaqui.ddns.net\/pachuca\/index.php\/wp-json\/wp\/v2\/media\/77243"}],"wp:attachment":[{"href":"https:\/\/soydeaqui.ddns.net\/pachuca\/index.php\/wp-json\/wp\/v2\/media?parent=77244"}],"wp:term":[{"taxonomy":"product_brand","embeddable":true,"href":"https:\/\/soydeaqui.ddns.net\/pachuca\/index.php\/wp-json\/wp\/v2\/product_brand?post=77244"},{"taxonomy":"product_cat","embeddable":true,"href":"https:\/\/soydeaqui.ddns.net\/pachuca\/index.php\/wp-json\/wp\/v2\/product_cat?post=77244"},{"taxonomy":"product_tag","embeddable":true,"href":"https:\/\/soydeaqui.ddns.net\/pachuca\/index.php\/wp-json\/wp\/v2\/product_tag?post=77244"}],"curies":[{"name":"wp","href":"https:\/\/api.w.org\/{rel}","templated":true}]}}