{"id":77236,"date":"2026-03-19T15:52:58","date_gmt":"2026-03-19T15:52:58","guid":{"rendered":"https:\/\/soydeaqui.ddns.net\/pachuca\/index.php\/producto\/access-point-wifi-cnpilot-e410-indoor-doble-banda-wave-2-mu-mimo-2x2-antena-beamforming-omnidireccional-hasta-256-clientes\/"},"modified":"2026-03-19T15:53:15","modified_gmt":"2026-03-19T15:53:15","slug":"access-point-wifi-cnpilot-e410-indoor-doble-banda-wave-2-mu-mimo-2x2-antena-beamforming-omnidireccional-hasta-256-clientes","status":"publish","type":"product","link":"https:\/\/soydeaqui.ddns.net\/pachuca\/index.php\/producto\/access-point-wifi-cnpilot-e410-indoor-doble-banda-wave-2-mu-mimo-2x2-antena-beamforming-omnidireccional-hasta-256-clientes\/","title":{"rendered":"Access Point WiFi cnPilot e410 Indoor,  Doble Banda, Wave 2, MU-MIMO 2X2, antena Beamforming Omnidireccional, hasta 256 clientes"},"content":{"rendered":"<div style='width: 100%; max-width: 1200px; margin: 0 auto; font-family: sans-serif; line-height: 1.6; color: inherit; background-color: transparent;'>\n<div style='display: flex; flex-direction: column; align-items: center; text-align: center; margin-bottom: 30px;'>\n<h1 style='font-size: 2.625rem; margin: 0 0 0.875rem; font-weight: 400; line-height: 1.04762; color: inherit; text-shadow: rgba(0&comma;0&comma;0&comma;0.2) 2px 4px 3px; background-color: transparent;'> e410 Indoor <\/h1>\n<p> <img style='width: 300px; height: auto; border: 1px solid rgba(150&comma;150&comma;150&comma;0.3); border-radius: 8px; margin-top: 20px;' src='https:\/\/ftp3.syscom.mx\/usuarios\/dquezada\/Cambium\/cnPilot\/e700\/cnpilot-logo.png' alt='Logo Cambium Networks'> <\/div>\n<div style='display: flex; flex-wrap: wrap; gap: 30px; margin-bottom: 30px;'>\n<div style='flex: 1 1 200px; min-width: 180px; background: rgba(235&comma;235&comma;235&comma;0.3); border-radius: 8px; padding: 15px; text-align: center;'>\n<div style='font-size: 17px; line-height: 19px; color: inherit;'>\n<div style='margin-bottom: 5px;'><strong>802.11ac<\/strong><br \/>Standard + MESH<\/div>\n<\/p><\/div>\n<\/p><\/div>\n<div style='flex: 1 1 200px; min-width: 180px; background: rgba(235&comma;235&comma;235&comma;0.3); border-radius: 8px; padding: 15px; text-align: center;'>\n<div style='font-size: 17px; line-height: 19px; color: inherit;'>\n<div style='margin-bottom: 5px;'><strong>256<\/strong><br \/>usuarios<\/div>\n<\/p><\/div>\n<\/p><\/div>\n<div style='flex: 1 1 200px; min-width: 180px; background: rgba(235&comma;235&comma;235&comma;0.3); border-radius: 8px; padding: 15px; text-align: center;'>\n<div style='font-size: 17px; line-height: 19px; color: inherit;'>\n<div style='margin-bottom: 5px;'><strong>Omi<\/strong><br \/>360\u00ba<\/div>\n<\/p><\/div>\n<\/p><\/div>\n<div style='flex: 1 1 200px; min-width: 180px; background: rgba(235&comma;235&comma;235&comma;0.3); border-radius: 8px; padding: 15px; text-align: center;'>\n<div style='font-size: 17px; line-height: 19px; color: inherit;'>\n<div style='margin-bottom: 5px;'><strong>Controlador<br \/>gratuito<\/strong><\/div>\n<\/p><\/div>\n<\/p><\/div>\n<\/p><\/div>\n<hr style='border: 0; border-top: 1px solid rgba(150&comma;150&comma;150&comma;0.3); margin: 30px 0;'>\n<div style='display: grid; grid-template-columns: repeat(auto-fill&comma; minmax(300px&comma; 1fr)); gap: 30px; margin-bottom: 30px;'>\n<div style='border: 1px solid rgba(150&comma;150&comma;150&comma;0.3); border-radius: 8px; overflow: hidden;'>\n<div style='padding: 15px; border-bottom: 1px solid rgba(150&comma;150&comma;150&comma;0.2); font-weight: bold; font-size: 18px; color: inherit;'>Gesti\u00f3n gratuita en cnMaestro<\/div>\n<div style='padding: 15px; color: inherit;'>\n<p style='margin: 0;'>Gesti\u00f3n integral de toda la red para manejo de inventario&comma; incorporaci\u00f3n de dispositivos&comma; operaciones diarias&comma; mantenimiento&comma; configuraci\u00f3n y aprovisionamiento&comma; as\u00ed como la creaci\u00f3n de ticket y\/o vouchers&comma; control de tiempos y Anchos de Banda&comma; y portal cautivo.<\/p>\n<\/p><\/div>\n<\/p><\/div>\n<div style='border: 1px solid rgba(150&comma;150&comma;150&comma;0.3); border-radius: 8px; overflow: hidden;'>\n<div style='padding: 15px; border-bottom: 1px solid rgba(150&comma;150&comma;150&comma;0.2); font-weight: bold; font-size: 18px; color: inherit;'>Dise\u00f1ado para alta capacidad Triple Play<\/div>\n<div style='padding: 15px; color: inherit;'>\n<p style='margin: 0;'>Admite hasta 256 usuarios activos con alto tr\u00e1fico y hasta 16 SSID\u00b4s.<\/p>\n<\/p><\/div>\n<\/p><\/div>\n<div style='border: 1px solid rgba(150&comma;150&comma;150&comma;0.3); border-radius: 8px; overflow: hidden;'>\n<div style='padding: 15px; border-bottom: 1px solid rgba(150&comma;150&comma;150&comma;0.2); font-weight: bold; font-size: 18px; color: inherit;'>Dise\u00f1o est\u00e9tico para techo<\/div>\n<div style='padding: 15px; color: inherit;'>\n<p style='margin: 0;'>Dise\u00f1ado para instalar en el techo de los pasillos u oficinas sin perder la est\u00e9tica que pudiera ocasionar un dispositivo de red&comma; se adapta en cualquier escenario.<\/p>\n<\/p><\/div>\n<\/p><\/div>\n<div style='border: 1px solid rgba(150&comma;150&comma;150&comma;0.3); border-radius: 8px; overflow: hidden;'>\n<div style='padding: 15px; border-bottom: 1px solid rgba(150&comma;150&comma;150&comma;0.2); font-weight: bold; font-size: 18px; color: inherit;'>Roaming y MESH<\/div>\n<div style='padding: 15px; color: inherit;'>\n<p style='margin: 0;'>Capacidad de backhauling para dise\u00f1os tipo MESH y soporta Roaming para no perder conectividad cuando se desplazan en las habitaciones.<\/p>\n<\/p><\/div>\n<\/p><\/div>\n<div style='border: 1px solid rgba(150&comma;150&comma;150&comma;0.3); border-radius: 8px; overflow: hidden;'>\n<div style='padding: 15px; border-bottom: 1px solid rgba(150&comma;150&comma;150&comma;0.2); font-weight: bold; font-size: 18px; color: inherit;'>Control de red<\/div>\n<div style='padding: 15px; color: inherit;'>\n<p style='margin: 0;'>Limite el acceso a p\u00e1ginas restringidas mediante el ACL de cnMaestro<\/p>\n<\/p><\/div>\n<\/p><\/div>\n<div style='border: 1px solid rgba(150&comma;150&comma;150&comma;0.3); border-radius: 8px; overflow: hidden;'>\n<div style='padding: 15px; border-bottom: 1px solid rgba(150&comma;150&comma;150&comma;0.2); font-weight: bold; font-size: 18px; color: inherit;'>Mejor costo-beneficio<\/div>\n<div style='padding: 15px; color: inherit;'>\n<p style='margin: 0;'>e410 Ofrece una soluci\u00f3n de red Wi-Fi para interior confiable y de alta capacidad a un costo significativamente menor que sus competidores de calidad alta. Usted ahorrar\u00e1 nodos de red y le garantizamos el equipo por 5 a\u00f1os.<\/p>\n<\/p><\/div>\n<\/p><\/div>\n<\/p><\/div>\n<hr style='border: 0; border-top: 1px solid rgba(150&comma;150&comma;150&comma;0.3); margin: 30px 0;'>\n<div style='margin-bottom: 30px;'> <img style='width: 100%; height: auto; border: 1px solid rgba(150&comma;150&comma;150&comma;0.3); border-radius: 8px;' src='https:\/\/cdn.cambiumnetworks.com\/wp-content\/uploads\/2018\/08\/cnPilot_e410_ceiling-mount.jpg' alt='e410 montaje en techo'> <\/div>\n<div style='margin-bottom: 30px;'>\n<p style='margin: 0 0 10px 0;'>cnPilot e410 Indoor MU-MIMO2X2 ofrece una potencia de transmisi\u00f3n m\u00e1xima de 25 dBm y canales de hasta 80MHz de ancho de canal en 5GHz&comma; ofreciendo m\u00e1s flexibilidad que nunca&comma; cobertura y capacidad.<\/p>\n<p style='margin: 0 0 10px 0;'><strong>N\u00famero m\u00e1ximo de dispositivos conectados:<\/strong> 256 dispositivos Wi-Fi.<\/p>\n<p style='margin: 0 0 10px 0;'><strong>Cobertura m\u00e1xima con linea de vista:<\/strong> 180m (requiere estudio Wi-Fi para calcular correctamente la cobertura&comma; gratis con equipos cnPilot).<\/p>\n<p style='margin: 0 0 10px 0;'><strong>Modos de operaci\u00f3n:<\/strong> Access Point o Router (NAT&comma; DHCP Server y Firewall).<\/p>\n<\/p><\/div>\n<div style='margin-bottom: 30px;'>\n<h3 style='font-size: 22px; border-bottom: 2px solid currentColor; padding-bottom: 5px; margin-top: 0; margin-bottom: 15px; color: inherit; opacity: 0.8;'>Caracter\u00edsticas principales<\/h3>\n<ul style='padding-left: 20px; font-size: 15px; color: inherit;'>\n<li style='margin-bottom: 5px;'>Est\u00e1ndar 802.11 a\/b\/g\/n\/ac Wave 2<\/li>\n<li style='margin-bottom: 5px;'>Doble banda simultanea 2.4 y 5 GHz<\/li>\n<li style='margin-bottom: 5px;'>MU-MIMO 2X2<\/li>\n<li style='margin-bottom: 5px;'>Hasta 400 Mbps en 2.4 GHz<\/li>\n<li style='margin-bottom: 5px;'>Hasta 867 Mbps en 5 GHz<\/li>\n<li style='margin-bottom: 5px;'>Antena Beamforming para incrementar desempe\u00f1o en la comunicaci\u00f3n con los dispositivos<\/li>\n<li style='margin-bottom: 5px;'>Antenas Omnidireccionales: 5.25 dBi en 2.4 GHz y 5.5 dBi en 5 GHz<\/li>\n<li style='margin-bottom: 5px;'>Potencia: 24dBm en 2.4 GHz y 25 dBm en 5 GHz<\/li>\n<\/ul><\/div>\n<div style='margin-bottom: 30px;'>\n<h3 style='font-size: 22px; border-bottom: 2px solid currentColor; padding-bottom: 5px; margin-top: 0; margin-bottom: 15px; color: inherit; opacity: 0.8;'>Caracter\u00edsticas generales<\/h3>\n<ul style='padding-left: 20px; font-size: 15px; color: inherit;'>\n<li style='margin-bottom: 5px;'>Tipo de administraci\u00f3n: Standalone&comma; cnMaestro Cloud Managed (gratuito) y cnMaestro on-premises VM<\/li>\n<li style='margin-bottom: 5px;'>Hasta 16 SSID\u00b4s (Flexibles en cualquier banda)<\/li>\n<li style='margin-bottom: 5px;'>Fast Roaming: Navega de celda en celda sin perder la conexi\u00f3n<\/li>\n<li style='margin-bottom: 5px;'>ACL: Crea reglas para bloqueo para p\u00e1ginas Web<\/li>\n<li style='margin-bottom: 5px;'>Funci\u00f3n ACS para cambio de canales en autom\u00e1tico para evitar interferencia<\/li>\n<li style='margin-bottom: 5px;'>Schedule SSID para activar SSID los d\u00edas deseados en ciertos horarios<\/li>\n<li style='margin-bottom: 5px;'>Portal cautivo Hotspot desde la nube&comma; vouchers personalizables<\/li>\n<li style='margin-bottom: 5px;'>Limita ancho de banda por usuario o SSID<\/li>\n<li style='margin-bottom: 5px;'>Aislamiento entre clientes para evitar que entren a la red&comma; tormentas de Broadcast y Multicast<\/li>\n<li style='margin-bottom: 5px;'>Load Balancing para balancear la carga entre cada banda<\/li>\n<li style='margin-bottom: 5px;'>Soporta MESH<\/li>\n<\/ul><\/div>\n<div style='margin-bottom: 30px;'>\n<h3 style='font-size: 22px; border-bottom: 2px solid currentColor; padding-bottom: 5px; margin-top: 0; margin-bottom: 15px; color: inherit; opacity: 0.8;'>Caracter\u00edsticas f\u00edsicas y el\u00e9ctricas<\/h3>\n<ul style='padding-left: 20px; font-size: 15px; color: inherit;'>\n<li style='margin-bottom: 5px;'>1 puerto Gigabit PoE IN 802.3af<\/li>\n<li style='margin-bottom: 5px;'>Consumo m\u00e1ximo: 12.95W<\/li>\n<\/ul><\/div>\n<div style='margin-bottom: 30px;'>\n<h3 style='font-size: 22px; border-bottom: 2px solid currentColor; padding-bottom: 5px; margin-top: 0; margin-bottom: 15px; color: inherit; opacity: 0.8;'>Administraci\u00f3n<\/h3>\n<p style='margin: 0 0 10px 0;'>Administraci\u00f3n gratuita mediante controlador <a href='https:\/\/cloud.cambiumnetworks.com\/' style='color: #007bff; text-decoration: none;'>cnMaestro<\/a> desde la nube&comma; no requiere equipos adicionales.<\/p>\n<\/p><\/div>\n<div style='margin-bottom: 30px;'>\n<h3 style='font-size: 22px; border-bottom: 2px solid currentColor; padding-bottom: 5px; margin-top: 0; margin-bottom: 15px; color: inherit; opacity: 0.8;'>Paquete incluye<\/h3>\n<div style='margin-bottom: 15px;'> <img style='width: 100%; height: auto; border: 1px solid rgba(150&comma;150&comma;150&comma;0.3); border-radius: 8px;' src='https:\/\/ftp3.syscom.mx\/usuarios\/dquezada\/Cambium\/cnPilot\/e410\/incluye%202.JPG' alt='Contenido del paquete'> <\/div>\n<\/p><\/div>\n<div style='margin-bottom: 30px;'>\n<h3 style='font-size: 22px; border-bottom: 2px solid currentColor; padding-bottom: 5px; margin-top: 0; margin-bottom: 15px; color: inherit; opacity: 0.8;'>Requisito<\/h3>\n<p style='margin: 0 0 10px 0;'>Requiere fuente de alimentaci\u00f3n PoE o switch PoE.<\/p>\n<\/p><\/div>\n<div style='margin-bottom: 30px;'>\n<h3 style='font-size: 22px; border-bottom: 2px solid currentColor; padding-bottom: 5px; margin-top: 0; margin-bottom: 15px; color: inherit; opacity: 0.8;'>Comparativa con e600<\/h3>\n<div style='margin-bottom: 15px;'> <img style='width: 100%; height: auto; border: 1px solid rgba(150&comma;150&comma;150&comma;0.3); border-radius: 8px;' src='https:\/\/ftp3.syscom.mx\/usuarios\/dquezada\/Cambium\/cnPilot\/TABLA%20COMPARATIVA%20e410%20e600.jpg' alt='Comparativa e410 vs e600'> <\/div>\n<\/p><\/div>\n<div style='margin-bottom: 30px;'>\n<h3 style='font-size: 22px; border-bottom: 2px solid currentColor; padding-bottom: 5px; margin-top: 0; margin-bottom: 15px; color: inherit; opacity: 0.8;'>Comparativa con otros modelos<\/h3>\n<div style='margin-bottom: 15px;'> <img style='width: 100%; height: auto; border: 1px solid rgba(150&comma;150&comma;150&comma;0.3); border-radius: 8px;' src='https:\/\/ftp3.syscom.mx\/usuarios\/dquezada\/Cambium\/cnPilot\/e425H\/Comparativa.JPG' alt='Comparativa con otros modelos'> <\/div>\n<\/p><\/div>\n<\/p><\/div>\n","protected":false},"excerpt":{"rendered":"<p>Access Point WiFi cnPilot e410 Indoor,  Doble Banda, Wave 2, MU-MIMO 2X2, antena Beamforming Omnidireccional, hasta 256 clientes<\/p>\n","protected":false},"featured_media":77235,"comment_status":"open","ping_status":"closed","template":"","meta":[],"product_brand":[],"product_cat":[1794],"product_tag":[1316,1795,1479],"class_list":{"0":"post-77236","1":"product","2":"type-product","3":"status-publish","4":"has-post-thumbnail","6":"product_cat-puntos-de-acceso","7":"product_tag-cambium-networks","8":"product_tag-puntos-de-acceso","9":"product_tag-redes-wifi","11":"first","12":"outofstock","13":"sale","14":"shipping-taxable","15":"purchasable","16":"product-type-simple"},"_links":{"self":[{"href":"https:\/\/soydeaqui.ddns.net\/pachuca\/index.php\/wp-json\/wp\/v2\/product\/77236","targetHints":{"allow":["GET"]}}],"collection":[{"href":"https:\/\/soydeaqui.ddns.net\/pachuca\/index.php\/wp-json\/wp\/v2\/product"}],"about":[{"href":"https:\/\/soydeaqui.ddns.net\/pachuca\/index.php\/wp-json\/wp\/v2\/types\/product"}],"replies":[{"embeddable":true,"href":"https:\/\/soydeaqui.ddns.net\/pachuca\/index.php\/wp-json\/wp\/v2\/comments?post=77236"}],"wp:featuredmedia":[{"embeddable":true,"href":"https:\/\/soydeaqui.ddns.net\/pachuca\/index.php\/wp-json\/wp\/v2\/media\/77235"}],"wp:attachment":[{"href":"https:\/\/soydeaqui.ddns.net\/pachuca\/index.php\/wp-json\/wp\/v2\/media?parent=77236"}],"wp:term":[{"taxonomy":"product_brand","embeddable":true,"href":"https:\/\/soydeaqui.ddns.net\/pachuca\/index.php\/wp-json\/wp\/v2\/product_brand?post=77236"},{"taxonomy":"product_cat","embeddable":true,"href":"https:\/\/soydeaqui.ddns.net\/pachuca\/index.php\/wp-json\/wp\/v2\/product_cat?post=77236"},{"taxonomy":"product_tag","embeddable":true,"href":"https:\/\/soydeaqui.ddns.net\/pachuca\/index.php\/wp-json\/wp\/v2\/product_tag?post=77236"}],"curies":[{"name":"wp","href":"https:\/\/api.w.org\/{rel}","templated":true}]}}