{"id":77221,"date":"2026-03-19T15:52:18","date_gmt":"2026-03-19T15:52:18","guid":{"rendered":"https:\/\/soydeaqui.ddns.net\/pachuca\/index.php\/producto\/access-point-wifi-cnpilot-e425h-indoor-wall-plate-doble-banda-wave-2-antena-beamforming-2-puertos-de-salida-1x-poe-gigabit-y-1x-ethernet-gigabit\/"},"modified":"2026-03-19T15:52:18","modified_gmt":"2026-03-19T15:52:18","slug":"access-point-wifi-cnpilot-e425h-indoor-wall-plate-doble-banda-wave-2-antena-beamforming-2-puertos-de-salida-1x-poe-gigabit-y-1x-ethernet-gigabit","status":"publish","type":"product","link":"https:\/\/soydeaqui.ddns.net\/pachuca\/index.php\/producto\/access-point-wifi-cnpilot-e425h-indoor-wall-plate-doble-banda-wave-2-antena-beamforming-2-puertos-de-salida-1x-poe-gigabit-y-1x-ethernet-gigabit\/","title":{"rendered":"Access Point WiFi cnPilot e425H Indoor Wall Plate, doble banda, Wave 2, antena beamforming, 2 puertos de salida (1x PoE Gigabit y 1x Ethernet Gigabit)"},"content":{"rendered":"<div style='width: 100%; max-width: 1200px; margin: 0 auto; font-family: sans-serif; line-height: 1.6; color: inherit; background-color: transparent;'> <!-- T\u00edtulo y logo --> <\/p>\n<div style='display: flex; flex-direction: column; align-items: center; text-align: center; margin-bottom: 30px;'>\n<h1 style='font-size: 2.625rem; margin: 0 0 0.875rem; color: inherit; font-family: sans-serif; font-weight: 400; line-height: 1.04762; text-shadow: rgba(0&comma;0&comma;0&comma;0.2) 2px 4px 3px; background-color: transparent;'> <span style='color: inherit;'>e425H Indoor Wall Plate<\/span> <\/h1>\n<h2 style='font-family: sans-serif; font-weight: 500; line-height: 1.1; color: inherit; margin: 20px 0 10px; font-size: 30px; background-color: transparent;'> <img style='width: 300px; height: auto; border: none; vertical-align: middle;' src='https:\/\/ftp3.syscom.mx\/usuarios\/dquezada\/Cambium\/cnPilot\/e700\/cnpilot-logo.png' alt='Logo Cambium Networks'> <\/h2>\n<\/p><\/div>\n<p> <!-- Especificaciones t\u00e9cnicas en tags --> <\/p>\n<div style='display: flex; flex-wrap: wrap; justify-content: center; gap: 10px; margin-bottom: 30px;'>\n<div style='background: rgba(235&comma;235&comma;235&comma;0.4); border-radius: 3px; padding: 4px 13px; font-size: 17px; line-height: 19px; color: inherit;'>\n<div style='font-weight: bold;'>802.11ac<\/div>\n<div>Standard + MESH<\/div>\n<\/p><\/div>\n<div style='background: rgba(235&comma;235&comma;235&comma;0.4); border-radius: 3px; padding: 4px 13px; font-size: 17px; line-height: 19px; color: inherit;'>\n<div style='font-weight: bold;'>100<\/div>\n<div>usuarios<\/div>\n<\/p><\/div>\n<div style='background: rgba(235&comma;235&comma;235&comma;0.4); border-radius: 3px; padding: 4px 13px; font-size: 17px; line-height: 19px; color: inherit;'>\n<div style='font-weight: bold;'>Sectorial<\/div>\n<div>280\u00ba<\/div>\n<\/p><\/div>\n<div style='background: rgba(235&comma;235&comma;235&comma;0.4); border-radius: 3px; padding: 4px 13px; font-size: 17px; line-height: 19px; color: inherit;'>\n<div style='font-weight: bold;'>Controlador<\/div>\n<div>gratuito<\/div>\n<\/p><\/div>\n<\/p><\/div>\n<hr style='border: 0; border-top: 1px solid rgba(150&comma;150&comma;150&comma;0.3); margin: 30px 0;'> <!-- Secci\u00f3n de caracter\u00edsticas en grid --> <\/p>\n<div style='display: grid; grid-template-columns: repeat(auto-fill&comma; minmax(250px&comma; 1fr)); gap: 20px; margin-bottom: 30px;'>\n<div style='border: 1px solid rgba(150&comma;150&comma;150&comma;0.3); border-radius: 8px; overflow: hidden;'>\n<div style='padding: 15px; border-bottom: 1px solid rgba(150&comma;150&comma;150&comma;0.2); font-weight: bold; font-size: 18px; color: inherit;'>Gesti\u00f3n gratuita en cnMaestro<\/div>\n<div style='padding: 15px; color: inherit;'>\n<p style='font-size: 14px; margin: 0;'>Gesti\u00f3n integral de toda la red para manejo de inventario&comma; incorporaci\u00f3n de dispositivos&comma; operaciones diarias&comma; mantenimiento&comma; configuraci\u00f3n y aprovisionamiento&comma; as\u00ed como la creaci\u00f3n de ticket y\/o vouchers&comma; control de tiempos y Anchos de Banda&comma; y portal cautivo.<\/p>\n<\/p><\/div>\n<\/p><\/div>\n<div style='border: 1px solid rgba(150&comma;150&comma;150&comma;0.3); border-radius: 8px; overflow: hidden;'>\n<div style='padding: 15px; border-bottom: 1px solid rgba(150&comma;150&comma;150&comma;0.2); font-weight: bold; font-size: 18px; color: inherit;'>Dise\u00f1ado para alta capacidad Triple Play<\/div>\n<div style='padding: 15px; color: inherit;'>\n<p style='font-size: 14px; margin: 0;'>Admite hasta 100 usuarios activos con alto tr\u00e1fico y hasta 16 SSID\u00b4s.<\/p>\n<\/p><\/div>\n<\/p><\/div>\n<div style='border: 1px solid rgba(150&comma;150&comma;150&comma;0.3); border-radius: 8px; overflow: hidden;'>\n<div style='padding: 15px; border-bottom: 1px solid rgba(150&comma;150&comma;150&comma;0.2); font-weight: bold; font-size: 18px; color: inherit;'>Dise\u00f1o est\u00e9tico para pared<\/div>\n<div style='padding: 15px; color: inherit;'>\n<p style='font-size: 14px; margin: 0;'>Dise\u00f1ado para instalar en la pared de las habitaciones sin perder la est\u00e9tica que pudiera ocasionar un dispositivo de red&comma; se adapta en cualquier escenario.<\/p>\n<\/p><\/div>\n<\/p><\/div>\n<div style='border: 1px solid rgba(150&comma;150&comma;150&comma;0.3); border-radius: 8px; overflow: hidden;'>\n<div style='padding: 15px; border-bottom: 1px solid rgba(150&comma;150&comma;150&comma;0.2); font-weight: bold; font-size: 18px; color: inherit;'>Roaming y MESH<\/div>\n<div style='padding: 15px; color: inherit;'>\n<p style='font-size: 14px; margin: 0;'>Capacidad de backhauling para dise\u00f1os tipo MESH y soporta Roaming para no perder conectividad cuando se desplazan en las habitaciones.<\/p>\n<\/p><\/div>\n<\/p><\/div>\n<div style='border: 1px solid rgba(150&comma;150&comma;150&comma;0.3); border-radius: 8px; overflow: hidden;'>\n<div style='padding: 15px; border-bottom: 1px solid rgba(150&comma;150&comma;150&comma;0.2); font-weight: bold; font-size: 18px; color: inherit;'>Garantizado&comma; categorizado como el mejor Access Point Costo-beneficio<\/div>\n<div style='padding: 15px; color: inherit;'>\n<p style='font-size: 14px; margin: 0;'>e425H Ofrece una soluci\u00f3n de red Wi-Fi para interior confiable y de alta capacidad a un costo significativamente menor que sus competidores de calidad alta. Usted ahorrar\u00e1 nodos de red y le garantizamos el equipo por 5 a\u00f1os.<\/p>\n<\/p><\/div>\n<\/p><\/div>\n<div style='border: 1px solid rgba(150&comma;150&comma;150&comma;0.3); border-radius: 8px; overflow: hidden;'>\n<div style='padding: 15px; border-bottom: 1px solid rgba(150&comma;150&comma;150&comma;0.2); font-weight: bold; font-size: 18px; color: inherit;'>Controle lo que pasa en su red<\/div>\n<div style='padding: 15px; color: inherit;'>\n<p style='font-size: 14px; margin: 0;'>Limite el acceso a paginas restringidas mediante el ACL de cn Maestro<\/p>\n<\/p><\/div>\n<\/p><\/div>\n<\/p><\/div>\n<hr style='border: 0; border-top: 1px solid rgba(150&comma;150&comma;150&comma;0.3); margin: 30px 0;'> <!-- Imagen principal --> <\/p>\n<div style='text-align: center; margin: 30px 0;'> <img style='width: 100%; max-width: 600px; height: auto; border: 1px solid rgba(150&comma;150&comma;150&comma;0.3); border-radius: 8px;' src='https:\/\/ftp3.syscom.mx\/usuarios\/dquezada\/Cambium\/cnPilot\/e425H\/fotos.JPG' alt='e425H Indoor Wall Plate'> <\/div>\n<p> <!-- Descripci\u00f3n general --> <\/p>\n<div style='margin: 30px 0;'>\n<p style='font-size: 14px; color: inherit;'>El punto de acceso Indoor Wall Plate e425H para interiores de clase empresarial cnPilot \u2122 de Cambium Networks basada en est\u00e1ndar 802.11ac Wave 2&comma; es perfecto para hoteles&comma; centros tur\u00edsticos y residencias o cualquier lugar en interiores que necesite un AP montado en la pared con m\u00faltiples Puertos Gigabit con salida PoE.<\/p>\n<\/p><\/div>\n<p> <!-- Especificaciones t\u00e9cnicas --> <\/p>\n<div style='display: grid; grid-template-columns: repeat(auto-fill&comma; minmax(250px&comma; 1fr)); gap: 20px; margin: 30px 0;'>\n<div style='border: 1px solid rgba(150&comma;150&comma;150&comma;0.3); border-radius: 8px; overflow: hidden;'>\n<div style='padding: 15px; border-bottom: 1px solid rgba(150&comma;150&comma;150&comma;0.2); font-weight: bold; font-size: 18px; color: inherit;'>Caracter\u00edsticas RF<\/div>\n<div style='padding: 15px; color: inherit;'>\n<ul style='padding-left: 20px; margin: 0; font-size: 14px; list-style-type: disc;'>\n<li style='margin-bottom: 5px;'><strong>Ancho de banda:<\/strong> 2.4 GHz 300 Mbps; 5 GHz 867 Mbps<\/li>\n<li style='margin-bottom: 5px;'><strong>Ganancia de las Antenas:<\/strong> 2.4 GHz 4 dBi; 5 GHz 4.9 dBi<\/li>\n<li style='margin-bottom: 5px;'><strong>Potencia de transmisi\u00f3n:<\/strong> 2.4 GHz 25 dBm; 5 GHz 25 dBm<\/li>\n<li style='margin-bottom: 5px;'><strong>Antena Beamforming para incrementar desempe\u00f1o en la comunicaci\u00f3n con los dispositivos.<\/strong><\/li>\n<li style='margin-bottom: 5px;'><strong>MU-MIMO 2X2.<\/strong><\/li>\n<li style='margin-bottom: 5px;'><strong>Doble banda simultanea 2.4 y 5 GHz.<\/strong><\/li>\n<li style='margin-bottom: 5px;'><strong>Modos de operaci\u00f3n:<\/strong> Access Point o Router (NAT&comma; DHCP Server y Firewall)<\/li>\n<\/ul><\/div>\n<\/p><\/div>\n<div style='border: 1px solid rgba(150&comma;150&comma;150&comma;0.3); border-radius: 8px; overflow: hidden;'>\n<div style='padding: 15px; border-bottom: 1px solid rgba(150&comma;150&comma;150&comma;0.2); font-weight: bold; font-size: 18px; color: inherit;'>Caracter\u00edsticas F\u00edsicas y El\u00e9ctricas<\/div>\n<div style='padding: 15px; color: inherit;'>\n<ul style='padding-left: 20px; margin: 0; font-size: 14px; list-style-type: disc;'>\n<li style='margin-bottom: 5px;'>1 puerto Gigabit PoE IN <strong>802.3af\/at<\/strong> (Requiere 802.3at para activar puerto PoE Out)<\/li>\n<li style='margin-bottom: 5px;'><strong>1 puerto Gigabit PoE Out 802.3af<\/strong><\/li>\n<li style='margin-bottom: 5px;'><strong>1 puerto Gigabit Ethernet<\/strong><\/li>\n<li style='margin-bottom: 5px;'><strong>Consumo de energ\u00eda:<\/strong> 9w sin PoE out&comma; 25w con PoE out.<\/li>\n<li style='margin-bottom: 5px;'><strong>Dimensiones:<\/strong> 147mm X 94mm X 32mm<\/li>\n<\/ul><\/div>\n<\/p><\/div>\n<div style='border: 1px solid rgba(150&comma;150&comma;150&comma;0.3); border-radius: 8px; overflow: hidden;'>\n<div style='padding: 15px; border-bottom: 1px solid rgba(150&comma;150&comma;150&comma;0.2); font-weight: bold; font-size: 18px; color: inherit;'>Caracter\u00edsticas Destacadas<\/div>\n<div style='padding: 15px; color: inherit;'>\n<ul style='padding-left: 20px; margin: 0; font-size: 14px; list-style-type: disc;'>\n<li style='margin-bottom: 5px;'>Tipo de administraci\u00f3n: <strong>Standalone&comma; cnMaestro Cloud Managed (gratuito) y cnMaestro on-premises VM.<\/strong><\/li>\n<li style='margin-bottom: 5px;'><strong>Hasta 16 SSID\u00b4s<\/strong> (Flexibles en cualquier banda)<\/li>\n<li style='margin-bottom: 5px;'>Fast Roaming: Navega de celda en celda sin perder la conexi\u00f3n.<\/li>\n<li style='margin-bottom: 5px;'>ACL: <strong>Crea reglas para bloqueo para p\u00e1ginas Web.<\/strong><\/li>\n<li style='margin-bottom: 5px;'>Portal cautivo <strong>Hotspot desde la nube&comma; vouchers personalizables.<\/strong><\/li>\n<li style='margin-bottom: 5px;'><strong>Limita ancho de banda por usuario o SSID.<\/strong><\/li>\n<li style='margin-bottom: 5px;'><strong>Soporta MESH.<\/strong><\/li>\n<li style='margin-bottom: 5px;'><strong>Load Balancing<\/strong> para balancear la carga entre cada banda.<\/li>\n<\/ul><\/div>\n<\/p><\/div>\n<\/p><\/div>\n<p> <!-- Imagen del paquete --> <\/p>\n<div style='text-align: center; margin: 30px 0;'> <img style='width: 100%; max-width: 350px; height: auto; border: 1px solid rgba(150&comma;150&comma;150&comma;0.3); border-radius: 8px;' src='https:\/\/ftp3.syscom.mx\/usuarios\/dquezada\/Cambium\/cnPilot\/e425H\/incluye.png' alt='Contenido del paquete'> <\/div>\n<p> <!-- Garant\u00eda --> <\/p>\n<div style='display: flex; flex-wrap: wrap; align-items: center; gap: 15px; margin: 30px 0; padding: 20px; border: 1px solid rgba(150&comma;150&comma;150&comma;0.3); border-radius: 8px;'> <img style='width: 121px; height: 119px; border: 1px solid rgba(150&comma;150&comma;150&comma;0.3); border-radius: 8px;' src='https:\/\/ftp3.syscom.mx\/usuarios\/dquezada\/Cambium\/cnPilot\/5%20anos%20garantia.png' alt='5 a\u00f1os de garant\u00eda'> <\/p>\n<div style='flex: 1 1 200px; min-width: 200px;'>\n<p style='font-size: 14px; color: inherit; margin: 0;'><strong>Aplica en facturas a partir del 19 de noviembre 2019.<\/strong><\/p>\n<\/p><\/div>\n<\/p><\/div>\n<p> <!-- Comparativa --> <\/p>\n<div style='text-align: center; margin: 30px 0;'> <img style='width: 100%; max-width: 800px; height: auto; border: 1px solid rgba(150&comma;150&comma;150&comma;0.3); border-radius: 8px;' src='https:\/\/ftp3.syscom.mx\/usuarios\/dquezada\/Cambium\/cnPilot\/e425H\/Comparativa.JPG' alt='Comparativa'> <\/div>\n<\/p><\/div>\n","protected":false},"excerpt":{"rendered":"<p>Access Point WiFi cnPilot e425H Indoor Wall Plate, doble banda, Wave 2, antena beamforming, 2 puertos de salida (1x PoE Gigabit y 1x Ethernet Gigabit)<\/p>\n","protected":false},"featured_media":77220,"comment_status":"open","ping_status":"closed","template":"","meta":[],"product_brand":[],"product_cat":[1794],"product_tag":[1316,1795,1479],"class_list":{"0":"post-77221","1":"product","2":"type-product","3":"status-publish","4":"has-post-thumbnail","6":"product_cat-puntos-de-acceso","7":"product_tag-cambium-networks","8":"product_tag-puntos-de-acceso","9":"product_tag-redes-wifi","11":"first","12":"outofstock","13":"sale","14":"shipping-taxable","15":"purchasable","16":"product-type-simple"},"_links":{"self":[{"href":"https:\/\/soydeaqui.ddns.net\/pachuca\/index.php\/wp-json\/wp\/v2\/product\/77221","targetHints":{"allow":["GET"]}}],"collection":[{"href":"https:\/\/soydeaqui.ddns.net\/pachuca\/index.php\/wp-json\/wp\/v2\/product"}],"about":[{"href":"https:\/\/soydeaqui.ddns.net\/pachuca\/index.php\/wp-json\/wp\/v2\/types\/product"}],"replies":[{"embeddable":true,"href":"https:\/\/soydeaqui.ddns.net\/pachuca\/index.php\/wp-json\/wp\/v2\/comments?post=77221"}],"wp:featuredmedia":[{"embeddable":true,"href":"https:\/\/soydeaqui.ddns.net\/pachuca\/index.php\/wp-json\/wp\/v2\/media\/77220"}],"wp:attachment":[{"href":"https:\/\/soydeaqui.ddns.net\/pachuca\/index.php\/wp-json\/wp\/v2\/media?parent=77221"}],"wp:term":[{"taxonomy":"product_brand","embeddable":true,"href":"https:\/\/soydeaqui.ddns.net\/pachuca\/index.php\/wp-json\/wp\/v2\/product_brand?post=77221"},{"taxonomy":"product_cat","embeddable":true,"href":"https:\/\/soydeaqui.ddns.net\/pachuca\/index.php\/wp-json\/wp\/v2\/product_cat?post=77221"},{"taxonomy":"product_tag","embeddable":true,"href":"https:\/\/soydeaqui.ddns.net\/pachuca\/index.php\/wp-json\/wp\/v2\/product_tag?post=77221"}],"curies":[{"name":"wp","href":"https:\/\/api.w.org\/{rel}","templated":true}]}}